000
CXUS52 KFFC 301110
CF6ATL
PRELIMINARY LOCAL CLIMATOLOGICAL DATA (WS FORM: F-6)

                                          STATION:   ATLANTA
                                          MONTH:     OCTOBER
                                          YEAR:      2014
                                          LATITUDE:   33 39 N
                                          LONGITUDE:  84 26 W

  TEMPERATURE IN F:       :PCPN:    SNOW:  WIND      :SUNSHINE: SKY     :PK WND
================================================================================
1   2   3   4   5  6A  6B    7    8   9   10  11  12  13   14  15   16   17  18
                                     12Z  AVG MX 2MIN
DY MAX MIN AVG DEP HDD CDD  WTR  SNW DPTH SPD SPD DIR MIN PSBL S-S WX    SPD DR
================================================================================

 1  86  64  75   7   0  10 0.00  0.0    0  2.7 10 150   M    M   5        13 180
 2  85  63  74   6   0   9 0.00  0.0    0  5.5 13 200   M    M   4 1      20 160
 3  78  65  72   5   0   7 0.77  0.0    0  8.2 23 290   M    M   9 13     29 280
 4  65  49  57 -10   8   0 0.00  0.0    0 13.0 24 330   M    M   4        37 310
 5  71  45  58  -9   7   0 0.00  0.0    0  5.2 14 290   M    M   2        17 260
 6  78  51  65  -1   0   0 0.00  0.0    0  8.6 20 220   M    M   6        26 220
 7  82  58  70   4   0   5 0.00  0.0    0  6.3 16 210   M    M   5        22 240
 8  86  66  76  10   0  11 0.00  0.0    0  6.1 15 360   M    M   5        18 360
 9  86  69  78  13   0  13    T  0.0    0  3.0 12 330   M    M   7 138    13 340
10  86  66  76  11   0  11 0.00  0.0    0  7.0 18 220   M    M   6 1      24 190
11  86  70  78  13   0  13 0.02  0.0    0  6.0 15 330   M    M   7 3      20 220
12  85  65  75  11   0  10 0.05  0.0    0  6.8 20  90   M    M   6 1      23  90
13  85  63  74  10   0   9    T  0.0    0  9.9 18 150   M    M   9 1      29 150
14  75  56  66   2   0   1 2.54  0.0    0 10.8 23 210   M    M   9 13     33 180
15  69  54  62  -2   3   0 0.00  0.0    0  6.4 16 230   M    M   6        23 270
16  70  54  62  -1   3   0 0.00  0.0    0  7.9 17 300   M    M   5        22 300
17  80  50  65   2   0   0 0.00  0.0    0  5.0 15 260   M    M   2        21 270
18  76  55  66   3   0   1 0.00  0.0    0 10.4 24 350   M    M   3        31 350
19  73  47  60  -2   5   0 0.00  0.0    0  3.7 14 330   M    M   5        17 330
20  73  50  62   0   3   0 0.00  0.0    0  3.4 10 320   M    M   3        15 240
21  77  52  65   3   0   0 0.00  0.0    0  8.1 20 320   M    M   1        25 300
22  70  47  59  -3   6   0 0.00  0.0    0  7.9 16 320   M    M   0        21 350
23  72  43  58  -3   7   0 0.00  0.0    0  6.2 13 320   M    M   3        17 350
24  74  50  62   1   3   0 0.00  0.0    0  5.0 10 320   M    M   5        15 360
25  77  47  62   1   3   0 0.00  0.0    0  7.6 13 300   M    M   0        20 320
26  84  57  71  11   0   6 0.00  0.0    0  6.6 13 320   M    M   0 1      21 330
27  84  59  72  12   0   7 0.00  0.0    0  4.4  8 160   M    M   1 18     12 220
28  77  59  68   8   0   3 0.00  0.0    0  3.9 13 270   M    M   5 18     17 310
29  73  50  62   2   3   0 0.15  0.0    0  7.0 20 330   M    M   6 1      23 320
================================================================================
SM 2263 1624        51 116  3.53     0.0 192.6          M      129
================================================================================
AV 78.0 56.0                               6.6 FASTST   M    M   4    MAX(MPH)
                                 MISC ---->  # 24 330               # 37  310
================================================================================
NOTES:
# LAST OF SEVERAL OCCURRENCES

COLUMN 17 PEAK WIND IN M.P.H.

PRELIMINARY LOCAL CLIMATOLOGICAL DATA (WS FORM: F-6) , PAGE 2

                                          STATION:  ATLANTA
                                          MONTH:    OCTOBER
                                          YEAR:     2014
                                          LATITUDE:   33 39 N
                                          LONGITUDE:  84 26 W

[TEMPERATURE DATA]      [PRECIPITATION DATA]       SYMBOLS USED IN COLUMN 16

AVERAGE MONTHLY: 67.0   TOTAL FOR MONTH:   3.53    1 = FOG OR MIST
DPTR FM NORMAL:   3.4   DPTR FM NORMAL:    0.31    2 = FOG REDUCING VISIBILITY
HIGHEST:    86 ON 11,10 GRTST 24HR  2.54 ON 14-14      TO 1/4 MILE OR LESS
LOWEST:     43 ON 23                               3 = THUNDER
                        SNOW, ICE PELLETS, HAIL    4 = ICE PELLETS
                        TOTAL MONTH:   0.0 INCH    5 = HAIL
                        GRTST 24HR     0.0         6 = FREEZING RAIN OR DRIZZLE
                        GRTST DEPTH:   0           7 = DUSTSTORM OR SANDSTORM:
                                                       VSBY 1/2 MILE OR LESS
                                                   8 = SMOKE OR HAZE
[NO. OF DAYS WITH]      [WEATHER - DAYS WITH]      9 = BLOWING SNOW
                                                   X = TORNADO
MAX 32 OR BELOW:   0    0.01 INCH OR MORE:   5
MAX 90 OR ABOVE:   0    0.10 INCH OR MORE:   3
MIN 32 OR BELOW:   0    0.50 INCH OR MORE:   2
MIN  0 OR BELOW:   0    1.00 INCH OR MORE:   1

[HDD (BASE 65) ]
TOTAL THIS MO.    51    CLEAR  (SCALE 0-3)   9
DPTR FM NORMAL   -52    PTCLDY (SCALE 4-7)  17
TOTAL FM JUL 1    51    CLOUDY (SCALE 8-10)  3
DPTR FM NORMAL   -63

[CDD (BASE 65) ]
TOTAL THIS MO.   116
DPTR FM NORMAL    51    [PRESSURE DATA]
TOTAL FM JAN 1  1985    HIGHEST SLP M ON M
DPTR FM NORMAL   115    LOWEST  SLP 29.73 ON 14

[REMARKS]
