000
CXUS55 KABR 211400
CF6ATY
PRELIMINARY LOCAL CLIMATOLOGICAL DATA (WS FORM: F-6)

                                          STATION:   WATERTOWN SD
                                          MONTH:     FEBRUARY
                                          YEAR:      2018
                                          LATITUDE:   44 55 N
                                          LONGITUDE:  97  9 W

  TEMPERATURE IN F:       :PCPN:    SNOW:  WIND      :SUNSHINE: SKY     :PK WND
================================================================================
1   2   3   4   5  6A  6B    7    8   9   10  11  12  13   14  15   16   17  18
                                     12Z  AVG MX 2MIN
DY MAX MIN AVG DEP HDD CDD  WTR  SNW DPTH SPD SPD DIR MIN PSBL S-S WX    SPD DR
================================================================================

 1   7  -4   2 -12  63   0    T    T    0 11.8 26 340   M    M   1 18     33 340
 2  21  -7   7  -7  58   0 0.00  0.0    0  7.6 17 160   M    M   5        21 170
 3  20  -4   8  -6  57   0 0.06  0.8    0 13.5 28 350   M    M  10 168    33 350
 4   3 -10  -3 -17  68   0 0.00  0.0    1 13.3 25 350   M    M   2 18     31 350
 5  11  -9   1 -13  64   0    T    T    1 10.4 25 340   M    M   2 8      30 350
 6   9 -15  -3 -18  68   0    T    T    1  8.4 18 210   M    M   5 1      23 210
 7  13  -9   2 -13  63   0    T  0.2    1  8.1 23 320   M    M   4 1      28 330
 8  14  -5   5 -10  60   0 0.04  1.5    1  6.9 18  30   M    M   8 12     22  30
 9   5 -13  -4 -20  69   0 0.00  0.0    3  9.2 21  40   M    M   4 18     25  20
10   4 -18  -7 -23  72   0 0.00  0.0    3  7.8 17 250   M    M   0        22 260
11  15  -9   3 -13  62   0 0.00  0.0    3  8.8 17 340   M    M   1        20 230
12  11 -12   0 -16  65   0 0.00  0.0    3  6.5 17 150   M    M   6        24 150
13  25   9  17   0  48   0 0.00  0.0    3 15.4 26 210   M    M   3        30 210
14  40  12  26   9  39   0 0.00  0.0    2 10.0 15 210   M    M   1 1      18 220
15  35   2  19   2  46   0 0.01  0.2    1 16.2 29 340   M    M   7 1      36 340
16  24  -3  11  -7  54   0 0.00  0.0    1 12.7 24 200   M    M   0        29 200
17  33  14  24   6  41   0 0.00  0.0    1  8.7 22 280   M    M   4        32 290
18  41  11  26   8  39   0    T    T    1 15.8 29  10   M    M   6 1      37  10
19  11   4   8 -11  57   0 0.07  0.8    1 21.3 31  10   M    M  10 18     40 360
20  10  -3   4 -15  61   0    M    M    3 14.3 24 310   M    M   6 18     28 310
================================================================================
SM  352  -69      1154   0  0.18     3.5 226.7          M       85
================================================================================
AV 17.6 -3.4                              11.3 FASTST   M    M   4    MAX(MPH)
                                 MISC ---->  # 31  10               # 40  360
================================================================================
NOTES:
# LAST OF SEVERAL OCCURRENCES

COLUMN 17 PEAK WIND IN M.P.H.

PRELIMINARY LOCAL CLIMATOLOGICAL DATA (WS FORM: F-6) , PAGE 2

                                          STATION:  WATERTOWN SD
                                          MONTH:    FEBRUARY
                                          YEAR:     2018
                                          LATITUDE:   44 55 N
                                          LONGITUDE:  97  9 W

[TEMPERATURE DATA]      [PRECIPITATION DATA]       SYMBOLS USED IN COLUMN 16

AVERAGE MONTHLY:  7.1   TOTAL FOR MONTH:   0.18    1 = FOG OR MIST
DPTR FM NORMAL:  -9.0   DPTR FM NORMAL:   -0.18    2 = FOG REDUCING VISIBILITY
HIGHEST:    41 ON 18    GRTST 24HR  0.07 ON 19-19      TO 1/4 MILE OR LESS
LOWEST:    -18 ON 10                               3 = THUNDER
                        SNOW, ICE PELLETS, HAIL    4 = ICE PELLETS
                        TOTAL MONTH:   3.5 INCHES  5 = HAIL
                        GRTST 24HR   1.5 ON  8- 8  6 = FREEZING RAIN OR DRIZZLE
                        GRTST DEPTH:   3 ON 20,13  7 = DUSTSTORM OR SANDSTORM:
                                                       VSBY 1/2 MILE OR LESS
                                                   8 = SMOKE OR HAZE
[NO. OF DAYS WITH]      [WEATHER - DAYS WITH]      9 = BLOWING SNOW
                                                   X = TORNADO
MAX 32 OR BELOW:  16    0.01 INCH OR MORE:   4
MAX 90 OR ABOVE:   0    0.10 INCH OR MORE:   0
MIN 32 OR BELOW:  20    0.50 INCH OR MORE:   0
MIN  0 OR BELOW:  14    1.00 INCH OR MORE:   0

[HDD (BASE 65) ]
TOTAL THIS MO.  1154    CLEAR  (SCALE 0-3)   8
DPTR FM NORMAL   177    PTCLDY (SCALE 4-7)   9
TOTAL FM JUL 1  5952    CLOUDY (SCALE 8-10)  3
DPTR FM NORMAL  -107

[CDD (BASE 65) ]
TOTAL THIS MO.     0
DPTR FM NORMAL     0    [PRESSURE DATA]
TOTAL FM JAN 1     0    HIGHEST SLP M ON M
DPTR FM NORMAL     0    LOWEST  SLP 29.56 ON 18

[REMARKS]
