000
CXUS53 KGID 280730
CF6AUH
PRELIMINARY LOCAL CLIMATOLOGICAL DATA (WS FORM: F-6)

                                          STATION:   AURORA
                                          MONTH:     JULY
                                          YEAR:      2016
                                          LATITUDE:   40 54 N
                                          LONGITUDE:  97 59 W

  TEMPERATURE IN F:       :PCPN:    SNOW:  WIND      :SUNSHINE: SKY     :PK WND
================================================================================
1   2   3   4   5  6A  6B    7    8   9   10  11  12  13   14  15   16   17  18
                                     12Z  AVG MX 2MIN
DY MAX MIN AVG DEP HDD CDD  WTR  SNW DPTH SPD SPD DIR MIN PSBL S-S WX    SPD DR
================================================================================

 1  76  56  66  -9   0   1    T    M    M  6.6  9 100   M    M   3         M  M
 2  66  61  64 -11   1   0 0.61    M    M 11.2 17 100   M    M  10 13     25 100
 3  67  59  63 -12   2   0 0.03    M    M  6.9 13 100   M    M  10 1      17 100
 4  78  62  70  -5   0   5 0.00    M    M  5.1 10 210   M    M   7 1       M  M
 5  94  65  80   5   0  15 0.75    M    M  6.8 16 310   M    M   2 123    39 310
 6  90  66  78   3   0  13 0.14    M    M  7.6 35 330   M    M   0 3      47 330
 7  87  65  76   1   0  11 0.51    M    M  9.3 21  30   M    M   2 3      25  30
 8  82  61  72  -4   0   7 0.00    M    M  4.0  9 110   M    M   1 1       M  M
 9  89  66  78   2   0  13 0.00    M    M  8.6 13 160   M    M   2        20 170
10  92  73  83   7   0  18 0.00    M    M 14.6 21 160   M    M   0        29 150
11  93  70  82   6   0  17 0.00    M    M 13.3 21 170   M    M   2        27 170
12  85  59  72  -4   0   7 0.00    M    M  5.9 16 340   M    M   0        21 340
13  87  65  76   0   0  11    T    M    M  5.4 10  20   M    M   2 1       M  M
14  85  60  73  -3   0   8 0.02    M    M  3.3 12  10   M    M   1         M  M
15  71  59  65 -11   0   0 0.71    M    M  7.0 17 200   M    M   4 3      17 190
16  86  58  72  -4   0   7 0.00    M    M  8.1 17 170   M    M   5 1      27 170
17  87  67  77   1   0  12 0.00    M    M  4.9 14 190   M    M   1        20 180
18  86  71  79   3   0  14 0.00    M    M  9.6 15 140   M    M   4 1      20 140
19  93  71  82   6   0  17    T    M    M  9.6 14 170   M    M   1        22 310
20  95  71  83   7   0  18 0.00    M    M 11.9 18 160   M    M   0        22 160
21  98  76  87  11   0  22 0.00    M    M 10.1 16 180   M    M   0        22 180
22  94  71  83   8   0  18 0.00    M    M  4.7 12 170   M    M   0 38      M  M
23  96  72  84   9   0  19    T    M    M  5.5 14 230   M    M   0        17 230
24  85  67  76   1   0  11 0.00    M    M  6.0 16  30   M    M   1        21  30
25  85  63  74  -1   0   9 0.00    M    M  5.3 10 160   M    M   0         M  M
26  87  58  73  -2   0   8 0.00    M    M  5.3 12 160   M    M   0         M  M
27  85  66  76   1   0  11 0.01    M    M  6.9 23 290   M    M   1        35 290
================================================================================
SM 2319 1758         3 292  2.78    M    203.5          M       59
================================================================================
AV 85.9 65.1                               7.5 FASTST   M    M   2    MAX(MPH)
                                 MISC ---->  # 35 330                 47    M
================================================================================
NOTES:
# LAST OF SEVERAL OCCURRENCES

COLUMN 17 PEAK WIND IN M.P.H.

PRELIMINARY LOCAL CLIMATOLOGICAL DATA (WS FORM: F-6) , PAGE 2

                                          STATION:  AURORA
                                          MONTH:    JULY
                                          YEAR:     2016
                                          LATITUDE:   40 54 N
                                          LONGITUDE:  97 59 W

[TEMPERATURE DATA]      [PRECIPITATION DATA]       SYMBOLS USED IN COLUMN 16

AVERAGE MONTHLY: 75.5   TOTAL FOR MONTH:   2.78    1 = FOG OR MIST
DPTR FM NORMAL:  -0.0   DPTR FM NORMAL:   -0.32    2 = FOG REDUCING VISIBILITY
HIGHEST:    98 ON 21    GRTST 24HR  0.75 ON  5- 5      TO 1/4 MILE OR LESS
LOWEST:     56 ON  1                               3 = THUNDER
                        SNOW, ICE PELLETS, HAIL    4 = ICE PELLETS
                        TOTAL MONTH:    M          5 = HAIL
                        GRTST 24HR    M  ON   M    6 = FREEZING RAIN OR DRIZZLE
                        GRTST DEPTH:  M  ON   M    7 = DUSTSTORM OR SANDSTORM:
                                                       VSBY 1/2 MILE OR LESS
                                                   8 = SMOKE OR HAZE
[NO. OF DAYS WITH]      [WEATHER - DAYS WITH]      9 = BLOWING SNOW
                                                   X = TORNADO
MAX 32 OR BELOW:   0    0.01 INCH OR MORE:   8
MAX 90 OR ABOVE:   9    0.10 INCH OR MORE:   5
MIN 32 OR BELOW:   0    0.50 INCH OR MORE:   4
MIN  0 OR BELOW:   0    1.00 INCH OR MORE:   0

[HDD (BASE 65) ]
TOTAL THIS MO.     3    CLEAR  (SCALE 0-3)  21
DPTR FM NORMAL     3    PTCLDY (SCALE 4-7)   4
TOTAL FM JUL 1     3    CLOUDY (SCALE 8-10)  2
DPTR FM NORMAL     3

[CDD (BASE 65) ]
TOTAL THIS MO.   292
DPTR FM NORMAL     7    [PRESSURE DATA]
TOTAL FM JAN 1   661    HIGHEST SLP M ON M
DPTR FM NORMAL   101    LOWEST  SLP M ON M

[REMARKS]
