000
CXUS51 KBGM 170800
CF6AVP
PRELIMINARY LOCAL CLIMATOLOGICAL DATA (WS FORM: F-6)

                                          STATION:   AVOCA PA
                                          MONTH:     AUGUST
                                          YEAR:      2017
                                          LATITUDE:   41 19 N
                                          LONGITUDE:  75 44 W

  TEMPERATURE IN F:       :PCPN:    SNOW:  WIND      :SUNSHINE: SKY     :PK WND
================================================================================
1   2   3   4   5  6A  6B    7    8   9   10  11  12  13   14  15   16   17  18
                                     12Z  AVG MX 2MIN
DY MAX MIN AVG DEP HDD CDD  WTR  SNW DPTH SPD SPD DIR MIN PSBL S-S WX    SPD DR
================================================================================

 1  87  62  75   4   0  10 0.00  0.0    M  3.9 13 290   M    M   0        15 290
 2  87  64  76   5   0  11    M  0.0    M  4.3 21  30   M    M   1 3      27  20
 3  87  62  75   4   0  10 0.00  0.0    M  4.1 13 250   M    M   1        20 150
 4  87  67  77   6   0  12    M  0.0    M  4.3 20 260   M    M   2 138    30 200
 5  75  58  67  -4   0   2    M  0.0    M  7.8 21 250   M    M   7 1      30 240
 6  75  54  65  -6   0   0 0.00  0.0    M  5.1 13 260   M    M   1        17 250
 7  66  60  63  -8   2   0    M  0.0    M  3.0  8  20   M    M   9 1      11 190
 8  79  59  69  -2   0   4 0.00  0.0    M  7.4 17 290   M    M   5 1      20 290
 9  82  54  68  -3   0   3 0.00  0.0    M  4.2 10 250   M    M   0        13 240
10  82  57  70   0   0   5 0.00  0.0    M  5.2 12 260   M    M   M        16 210
11  78  64  71   1   0   6 0.86  0.0    M  4.4 13 190   M    M   9 1      21 210
12  82  66  74   4   0   9 0.01  0.0    M  4.5 13 200   M    M   5 1      18 190
13  81  62  72   2   0   7 0.00  0.0    M  4.7 13 340   M    M   M 1      16 330
14  77  59  68  -2   0   3 0.00  0.0    M  2.7  9 200   M    M   2        12 150
15  79  66  73   3   0   8 0.13  0.0    M  3.8 16  20   M    M   6 1      22  20
16  82  63  73   3   0   8 0.00  0.0    M  4.6 13 340   M    M   5 128    16 320
================================================================================
SM 1286  977         2  98  1.00     0.0  74.0          M       53
================================================================================
AV 80.4 61.1                               4.6 FASTST   M    M   4    MAX(MPH)
                                 MISC ---->  # 21  30               # 30  200
================================================================================
NOTES:
# LAST OF SEVERAL OCCURRENCES

COLUMN 17 PEAK WIND IN M.P.H.

PRELIMINARY LOCAL CLIMATOLOGICAL DATA (WS FORM: F-6) , PAGE 2

                                          STATION:  AVOCA PA
                                          MONTH:    AUGUST
                                          YEAR:     2017
                                          LATITUDE:   41 19 N
                                          LONGITUDE:  75 44 W

[TEMPERATURE DATA]      [PRECIPITATION DATA]       SYMBOLS USED IN COLUMN 16

AVERAGE MONTHLY: 70.7   TOTAL FOR MONTH:   1.00    1 = FOG OR MIST
DPTR FM NORMAL:   0.2   DPTR FM NORMAL:   -0.83    2 = FOG REDUCING VISIBILITY
HIGHEST:    87 ON  4, 3 GRTST 24HR  0.86 ON 11-11      TO 1/4 MILE OR LESS
LOWEST:     54 ON  9, 6                            3 = THUNDER
                        SNOW, ICE PELLETS, HAIL    4 = ICE PELLETS
                        TOTAL MONTH:   0.0 INCH    5 = HAIL
                        GRTST 24HR     0.0         6 = FREEZING RAIN OR DRIZZLE
                        GRTST DEPTH:  M  ON   M    7 = DUSTSTORM OR SANDSTORM:
                                                       VSBY 1/2 MILE OR LESS
                                                   8 = SMOKE OR HAZE
[NO. OF DAYS WITH]      [WEATHER - DAYS WITH]      9 = BLOWING SNOW
                                                   X = TORNADO
MAX 32 OR BELOW:   0    0.01 INCH OR MORE:   3
MAX 90 OR ABOVE:   0    0.10 INCH OR MORE:   2
MIN 32 OR BELOW:   0    0.50 INCH OR MORE:   1
MIN  0 OR BELOW:   0    1.00 INCH OR MORE:   0

[HDD (BASE 65) ]
TOTAL THIS MO.     2    CLEAR  (SCALE 0-3)   7
DPTR FM NORMAL     2    PTCLDY (SCALE 4-7)   5
TOTAL FM JUL 1     2    CLOUDY (SCALE 8-10)  2
DPTR FM NORMAL    -6

[CDD (BASE 65) ]
TOTAL THIS MO.    98
DPTR FM NORMAL     3    [PRESSURE DATA]
TOTAL FM JAN 1   577    HIGHEST SLP M ON M
DPTR FM NORMAL   122    LOWEST  SLP 29.82 ON  5

[REMARKS]
