000
CXUS54 KEWX 300910
CF6BAZ
PRELIMINARY LOCAL CLIMATOLOGICAL DATA (WS FORM: F-6)

                                          STATION:   NEW BRAUNFELS
                                          MONTH:     MARCH
                                          YEAR:      2015
                                          LATITUDE:   29 43 N
                                          LONGITUDE:  98  3 W

  TEMPERATURE IN F:       :PCPN:    SNOW:  WIND      :SUNSHINE: SKY     :PK WND
================================================================================
1   2   3   4   5  6A  6B    7    8   9   10  11  12  13   14  15   16   17  18
                                     12Z  AVG MX 2MIN
DY MAX MIN AVG DEP HDD CDD  WTR  SNW DPTH SPD SPD DIR MIN PSBL S-S WX    SPD DR
================================================================================

 1  45  38  42 -16  23   0 0.26    M    M 12.3 20  30   M    M  10 18     23  30
 2  48  40  44 -14  21   0    T    M    M 10.5 18  20   M    M  10 1      23  10
 3  60  43  52  -6  13   0    T    M    0  3.7 10 210   M    M  10 12     12 210
 4  72  38  55  -4  10   0 0.03    M    0 10.5 35  20   M    M  10 123    43  10
 5  50  32  41 -18  24   0 0.09    M    0 18.6 32  10   M    M   2 13     44 360
 6  56  28  42 -17  23   0 0.00  0.0    0  5.5 14  80   M    M   1        17  80
 7  62  43  53  -6  12   0    T    M    0  4.1 16 140   M    M   9        18 140
 8  57  49  53  -7  12   0 0.68    M    0  5.1 15 140   M    M   9 1      17 140
 9  60  51  56  -4   9   0 1.02    M    0  8.0 13  10   M    M  10 1      15  30
10  67  52  60   0   5   0 0.00    M    0  7.7 14  20   M    M   8 8      18  10
11  60  55  58  -2   7   0 0.00    M    0 11.3 20  20   M    M   9        24  20
12  77  50  64   3   1   0 0.00  0.0    0  8.2 16 350   M    M   4        25  20
13  78  48  63   2   2   0 0.00  0.0    0  5.5 16 340   M    M   1 1      19 350
14  79  52  66   5   0   1 0.00  0.0    0  9.3 24 360   M    M   2        27 360
15  75  49  62   1   3   0 0.00  0.0    0  6.5 17  60   M    M   1        22  10
16  73  52  63   1   2   0 0.01  0.0    0  4.0 12 150   M    M   8 128    14 140
17  77  62  70   8   0   5 0.01  0.0    0  5.3 17 200   M    M   9 12     22 190
18  76  60  68   6   0   3 0.24  0.0    0  7.1 21 170   M    M   8 1      26 180
19  80  63  72  10   0   7 0.00  0.0    0  7.7 14 190   M    M   7 12     17 220
20  73  60  67   4   0   2 0.64    M    0  7.8 22 360   M    M  10 18     28 360
21  64  57  61  -2   4   0 0.60  0.0    0  9.4 21  50   M    M  10 1      26  50
22  78  56  67   4   0   2 0.00  0.0    0  3.2 12 320   M    M   6 1      14 340
23  81  52  67   3   0   2 0.00  0.0    0  5.1 13 120   M    M   0 1      15 140
24  82  55  69   5   0   4 0.00  0.0    0  9.3 17 180   M    M   2 12     23 190
25  84  62  73   9   0   8 0.00  0.0    0 12.1 20 170   M    M   5        31 190
26  72  51  62  -2   3   0 0.01    M    0 16.6 32 360   M    M   3 1      39 350
27  82  40  61  -4   4   0 0.00  0.0    0  7.3 18 220   M    M   0        23 220
28  84  47  66   1   0   1 0.00  0.0    0 10.2 23 220   M    M   0        29 210
29  85  50  68   3   0   3 0.00    M    0 12.3 24 190   M    M   1 1      32 200
================================================================================
SM 2037 1435       178  38  3.59     0.0 244.2          M      165
================================================================================
AV 70.2 49.5                               8.4 FASTST   M    M   6    MAX(MPH)
                                 MISC ---->  # 35  20               # 44  360
================================================================================
NOTES:
# LAST OF SEVERAL OCCURRENCES

COLUMN 17 PEAK WIND IN M.P.H.

PRELIMINARY LOCAL CLIMATOLOGICAL DATA (WS FORM: F-6) , PAGE 2

                                          STATION:  NEW BRAUNFELS
                                          MONTH:    MARCH
                                          YEAR:     2015
                                          LATITUDE:   29 43 N
                                          LONGITUDE:  98  3 W

[TEMPERATURE DATA]      [PRECIPITATION DATA]       SYMBOLS USED IN COLUMN 16

AVERAGE MONTHLY: 59.9   TOTAL FOR MONTH:   3.59    1 = FOG OR MIST
DPTR FM NORMAL:  -1.6   DPTR FM NORMAL:    1.06    2 = FOG REDUCING VISIBILITY
HIGHEST:    85 ON 29    GRTST 24HR  1.02 ON  9- 9      TO 1/4 MILE OR LESS
LOWEST:     28 ON  6                               3 = THUNDER
                        SNOW, ICE PELLETS, HAIL    4 = ICE PELLETS
                        TOTAL MONTH:   0.0 INCH    5 = HAIL
                        GRTST 24HR     0.0         6 = FREEZING RAIN OR DRIZZLE
                        GRTST DEPTH:   0           7 = DUSTSTORM OR SANDSTORM:
                                                       VSBY 1/2 MILE OR LESS
                                                   8 = SMOKE OR HAZE
[NO. OF DAYS WITH]      [WEATHER - DAYS WITH]      9 = BLOWING SNOW
                                                   X = TORNADO
MAX 32 OR BELOW:   0    0.01 INCH OR MORE:  11
MAX 90 OR ABOVE:   0    0.10 INCH OR MORE:   6
MIN 32 OR BELOW:   2    0.50 INCH OR MORE:   4
MIN  0 OR BELOW:   0    1.00 INCH OR MORE:   1

[HDD (BASE 65) ]
TOTAL THIS MO.   178    CLEAR  (SCALE 0-3)  11
DPTR FM NORMAL    22    PTCLDY (SCALE 4-7)   5
TOTAL FM JUL 1  1582    CLOUDY (SCALE 8-10) 13
DPTR FM NORMAL    71

[CDD (BASE 65) ]
TOTAL THIS MO.    38
DPTR FM NORMAL   -12    [PRESSURE DATA]
TOTAL FM JAN 1    46    HIGHEST SLP M ON M
DPTR FM NORMAL   -29    LOWEST  SLP 29.74 ON  4

[REMARKS]
