000
CXUS55 KLBF 241200
CF6BBW
PRELIMINARY LOCAL CLIMATOLOGICAL DATA (WS FORM: F-6)

                                          STATION:   BROKEN BOW
                                          MONTH:     FEBRUARY
                                          YEAR:      2018
                                          LATITUDE:   41 26 N
                                          LONGITUDE:  99 39 W

  TEMPERATURE IN F:       :PCPN:    SNOW:  WIND      :SUNSHINE: SKY     :PK WND
================================================================================
1   2   3   4   5  6A  6B    7    8   9   10  11  12  13   14  15   16   17  18
                                     12Z  AVG MX 2MIN
DY MAX MIN AVG DEP HDD CDD  WTR  SNW DPTH SPD SPD DIR MIN PSBL S-S WX    SPD DR
================================================================================

 1  32  10  21  -5  44   0 0.00    M    M 10.2 23  10   M    M   7        43  60
 2  39  19  29   3  36   0 0.00    M    M  8.3 18 210   M    M   6        22 210
 3  52  15  34   8  31   0    T    M    M 11.9 29 340   M    M   4        35 350
 4  15   1   8 -18  57   0 0.02    M    M 14.4 30 360   M    M   5        36 360
 5  24   6  15 -11  50   0 0.04    M    M 14.7 32 360   M    M   5 1      38  10
 6  20   5  13 -13  52   0    T    M    M  7.9 18 170   M    M   7        21 180
 7  31   8  20  -6  45   0 0.00    M    M 11.0 28 340   M    M   7        35 340
 8  30  17  24  -2  41   0 0.00    M    M  7.4 15  30   M    M   5 1      21  40
 9  21   4  13 -13  52   0 0.04    M    M 14.6 22 360   M    M  10 18     31  10
10  10 -11   0 -27  65   0    T    M    M  5.5 18 350   M    M   4        24 350
11  28  -1  14 -13  51   0 0.00    M    M  5.6 17 300   M    M   0        21 300
12  15   7  11 -16  54   0 0.00    M    M 11.6 22 110   M    M   2        27 130
13  35  10  23  -4  42   0 0.00    M    M  7.5 16 230   M    M   0        20 160
14  49  26  38  11  27   0 0.00    M    M  6.4 14 230   M    M   0        17 230
15  41  17  29   1  36   0    T    M    M 13.4 35 360   M    M   5 6      41 360
16  32   9  21  -7  44   0    T    M    M 12.7 23 340   M    M   0        28 340
17  44  24  34   6  31   0 0.00    M    M 10.8 22 300   M    M   1        26 310
18  54  21  38  10  27   0 0.00    M    M 18.4 33 360   M    M   2        40  10
19  21  10  16 -13  49   0 0.01    M    M 20.2 38 360   M    M  10 16     47 350
20  13  -5   4 -25  61   0 0.04    M    M 12.1 24 330   M    M   3 1      32 320
21  25  -6  10 -19  55   0    T    M    M  6.7 17 310   M    M   3        21 310
22  24  11  18 -12  47   0 0.17    M    M  6.1 15 130   M    M   9 1      18 130
23  25   2  14 -16  51   0 0.00    M    M  5.5 16 340   M    M   4 18     18 330
================================================================================
SM  680  199      1048   0  0.32    M    242.9          M       99
================================================================================
AV 29.6  8.7                              10.6 FASTST   M    M   4    MAX(MPH)
                                 MISC ---->  # 38 360               # 47  350
================================================================================
NOTES:
# LAST OF SEVERAL OCCURRENCES

COLUMN 17 PEAK WIND IN M.P.H.

PRELIMINARY LOCAL CLIMATOLOGICAL DATA (WS FORM: F-6) , PAGE 2

                                          STATION:  BROKEN BOW
                                          MONTH:    FEBRUARY
                                          YEAR:     2018
                                          LATITUDE:   41 26 N
                                          LONGITUDE:  99 39 W

[TEMPERATURE DATA]      [PRECIPITATION DATA]       SYMBOLS USED IN COLUMN 16

AVERAGE MONTHLY: 19.1   TOTAL FOR MONTH:   0.32    1 = FOG OR MIST
DPTR FM NORMAL:  -8.2   DPTR FM NORMAL:   -0.15    2 = FOG REDUCING VISIBILITY
HIGHEST:    54 ON 18    GRTST 24HR  0.17 ON 22-22      TO 1/4 MILE OR LESS
LOWEST:    -11 ON 10                               3 = THUNDER
                        SNOW, ICE PELLETS, HAIL    4 = ICE PELLETS
                        TOTAL MONTH:    M          5 = HAIL
                        GRTST 24HR    M  ON   M    6 = FREEZING RAIN OR DRIZZLE
                        GRTST DEPTH:  M  ON   M    7 = DUSTSTORM OR SANDSTORM:
                                                       VSBY 1/2 MILE OR LESS
                                                   8 = SMOKE OR HAZE
[NO. OF DAYS WITH]      [WEATHER - DAYS WITH]      9 = BLOWING SNOW
                                                   X = TORNADO
MAX 32 OR BELOW:  16    0.01 INCH OR MORE:   6
MAX 90 OR ABOVE:   0    0.10 INCH OR MORE:   1
MIN 32 OR BELOW:  23    0.50 INCH OR MORE:   0
MIN  0 OR BELOW:   4    1.00 INCH OR MORE:   0

[HDD (BASE 65) ]
TOTAL THIS MO.  1048    CLEAR  (SCALE 0-3)   8
DPTR FM NORMAL   181    PTCLDY (SCALE 4-7)  12
TOTAL FM JUL 1  4792    CLOUDY (SCALE 8-10)  3
DPTR FM NORMAL   -53

[CDD (BASE 65) ]
TOTAL THIS MO.     0
DPTR FM NORMAL     0    [PRESSURE DATA]
TOTAL FM JAN 1     0    HIGHEST SLP M ON M
DPTR FM NORMAL     0    LOWEST  SLP 29.45 ON 18

[REMARKS]
