000
CXUS55 KLBF 010945
CF6BBW
PRELIMINARY LOCAL CLIMATOLOGICAL DATA (WS FORM: F-6)

                                          STATION:   BROKEN BOW NE
                                          MONTH:     AUGUST
                                          YEAR:      2015
                                          LATITUDE:   41 26 N
                                          LONGITUDE:  99 39 W

  TEMPERATURE IN F:       :PCPN:    SNOW:  WIND      :SUNSHINE: SKY     :PK WND
================================================================================
1   2   3   4   5  6A  6B    7    8   9   10  11  12  13   14  15   16   17  18
                                     12Z  AVG MX 2MIN
DY MAX MIN AVG DEP HDD CDD  WTR  SNW DPTH SPD SPD DIR MIN PSBL S-S WX    SPD DR
================================================================================

 1  86  64  75   1   0  10 0.00    M    M  9.0 23  10   M    M   1        33  10
 2  98  58  78   4   0  13    T    M    M  4.0 21 170   M    M   0 38     26 170
 3  88  61  75   1   0  10 0.00    M    M  8.1 13 100   M    M   1        25 130
 4  88  61  75   1   0  10    T    M    M  9.1 21 140   M    M   7 13     28 100
 5  88  64  76   2   0  11 0.00    M    M  6.4 15 150   M    M   4 12     23 140
 6  83  66  75   2   0  10 0.73    M    M  9.4 26 150   M    M   3 123    37 180
 7  92  59  76   3   0  11 0.44    M    M  5.6 18 180   M    M   1 13     26 180
 8  83  65  74   1   0   9 0.27    M    M  4.6 21 130   M    M   5 1      26 130
 9  88  66  77   4   0  12 0.00    M    M  4.1 12 150   M    M   3 128    15 160
10  84  61  73   0   0   8 0.01    M    M  6.5 16  20   M    M   2 3      21  10
11  84  57  71  -2   0   6 0.00    M    M  4.6 14 200   M    M   0 1      21 180
12  86  60  73   0   0   8 0.00    M    M  8.1 20 200   M    M   0        30 200
13  89  63  76   4   0  11    T    M    M  8.0 28 180   M    M   1 13     36 190
14  91  62  77   5   0  12 0.00    M    M  5.0 14 160   M    M   1 1      21 180
15  92  68  80   8   0  15 0.00    M    M 12.5 25 180   M    M   0        35 170
16  83  65  74   2   0   9    T    M    M  7.9 14  10   M    M   4 13     25 200
17  67  59  63  -9   2   0 0.03    M    M  7.9 15  10   M    M  10 1      20 360
18  69  53  61 -11   4   0 0.15    M    M 10.7 24 340   M    M   9 13     45 340
19  77  50  64  -8   1   0 0.00    M    M  9.0 21 280   M    M   3        27 340
20  87  45  66  -5   0   1 0.00    M    M  7.0 23 170   M    M   1        34 180
21  87  56  72   1   0   7 0.00    M    M 11.3 25 190   M    M   1        38 190
22  82  56  69  -2   0   4    T    M    M 11.7 23 340   M    M   5 38     34 350
23  76  47  62  -9   3   0 0.00    M    M  7.9 20 340   M    M   0        30 320
24  84  43  64  -6   1   0 0.00    M    M  3.2 12 240   M    M   0        13 230
25  88  50  69  -1   0   4 0.00    M    M  4.2 12 160   M    M   0        16 150
26  92  53  73   3   0   8 0.00    M    M  8.2 21 160   M    M   0 1      27 150
27  85  67  76   6   0  11 2.09    M    M  7.8 18 310   M    M   3 1238   29 180
28  80  59  70   1   0   5 0.00    M    M  8.0 17 320   M    M   6 1      24 320
29  87  55  71   2   0   6 0.00    M    M  2.4  9 180   M    M   0 1      12 190
30  89  55  72   3   0   7 0.00    M    M  9.2 18 170   M    M   0 1      27 170
31  91  59  75   7   0  10 0.00    M    M  6.4 17 200   M    M   0 1      26 200
================================================================================
SM 2644 1807        11 228  3.72    M    227.8          M       71
================================================================================
AV 85.3 58.3                               7.3 FASTST   M    M   2    MAX(MPH)
                                 MISC ---->  # 28 180               # 45  340
================================================================================
NOTES:
# LAST OF SEVERAL OCCURRENCES

COLUMN 17 PEAK WIND IN M.P.H.

PRELIMINARY LOCAL CLIMATOLOGICAL DATA (WS FORM: F-6) , PAGE 2

                                          STATION:  BROKEN BOW NE
                                          MONTH:    AUGUST
                                          YEAR:     2015
                                          LATITUDE:   41 26 N
                                          LONGITUDE:  99 39 W

[TEMPERATURE DATA]      [PRECIPITATION DATA]       SYMBOLS USED IN COLUMN 16

AVERAGE MONTHLY: 71.8   TOTAL FOR MONTH:   3.72    1 = FOG OR MIST
DPTR FM NORMAL:  -0.0   DPTR FM NORMAL:    1.49    2 = FOG REDUCING VISIBILITY
HIGHEST:    98 ON  2    GRTST 24HR  2.09 ON 27-27      TO 1/4 MILE OR LESS
LOWEST:     43 ON 24                               3 = THUNDER
                        SNOW, ICE PELLETS, HAIL    4 = ICE PELLETS
                        TOTAL MONTH:    M          5 = HAIL
                        GRTST 24HR    M  ON   M    6 = FREEZING RAIN OR DRIZZLE
                        GRTST DEPTH:  M  ON   M    7 = DUSTSTORM OR SANDSTORM:
                                                       VSBY 1/2 MILE OR LESS
                                                   8 = SMOKE OR HAZE
[NO. OF DAYS WITH]      [WEATHER - DAYS WITH]      9 = BLOWING SNOW
                                                   X = TORNADO
MAX 32 OR BELOW:   0    0.01 INCH OR MORE:   7
MAX 90 OR ABOVE:   6    0.10 INCH OR MORE:   5
MIN 32 OR BELOW:   0    0.50 INCH OR MORE:   2
MIN  0 OR BELOW:   0    1.00 INCH OR MORE:   1

[HDD (BASE 65) ]
TOTAL THIS MO.    11    CLEAR  (SCALE 0-3)  23
DPTR FM NORMAL    -2    PTCLDY (SCALE 4-7)   6
TOTAL FM JUL 1    17    CLOUDY (SCALE 8-10)  2
DPTR FM NORMAL    -1

[CDD (BASE 65) ]
TOTAL THIS MO.   228
DPTR FM NORMAL     6    [PRESSURE DATA]
TOTAL FM JAN 1   740    HIGHEST SLP 30.24 ON 23
DPTR FM NORMAL    44    LOWEST  SLP 29.63 ON 22

[REMARKS]
#FINAL-08-15#
