000
CXUS55 KLBF 301200
CF6BBW
PRELIMINARY LOCAL CLIMATOLOGICAL DATA (WS FORM: F-6)

                                          STATION:   BROKEN BOW NE
                                          MONTH:     AUGUST
                                          YEAR:      2014
                                          LATITUDE:   41 26 N
                                          LONGITUDE:  99 39 W

  TEMPERATURE IN F:       :PCPN:    SNOW:  WIND      :SUNSHINE: SKY     :PK WND
================================================================================
1   2   3   4   5  6A  6B    7    8   9   10  11  12  13   14  15   16   17  18
                                     12Z  AVG MX 2MIN
DY MAX MIN AVG DEP HDD CDD  WTR  SNW DPTH SPD SPD DIR MIN PSBL S-S WX    SPD DR
================================================================================

 1  88  54  71  -3   0   6 0.00    M    M  4.3 13 120   M    M   0 18     30  90
 2  93  59  76   2   0  11 0.23    M    M  7.1 31 310   M    M   2 138    40 300
 3  90  59  75   1   0  10 0.00    M    M  7.2 13  10   M    M   0        17  10
 4  91  63  77   3   0  12 0.00    M    M  9.2 18 110   M    M   3 128    29 100
 5  86  68  77   3   0  12    T    M    M 11.6 24 140   M    M   4 18     43 120
 6  86  67  77   4   0  12 0.00    M    M  8.0 16  40   M    M   5 1      19  40
 7  86  67  77   4   0  12 0.00    M    M  5.0 14 100   M    M   5 18     17 100
 8  86  62  74   1   0   9 0.59    M    M  8.5 30 350   M    M   6 13     40 360
 9  84  62  73   0   0   8 0.14    M    M  9.7 21 100   M    M   5 13     27 100
10  84  60  72  -1   0   7    T    M    M  7.3 18  50   M    M   2 13     25  40
11  79  54  67  -6   0   2 0.00    M    M  7.0 17 350   M    M   1 1      22  10
12  84  49  67  -6   0   2 0.00    M    M  2.8  9 120   M    M   0        20 110
13  85  56  71  -1   0   6 0.00    M    M  8.7 18 150   M    M   0 1      26 130
14  87  61  74   2   0   9 0.00    M    M 11.3 22 150   M    M   0        26 150
15  85  64  75   3   0  10 0.00    M    M  5.5 13 200   M    M   3 1      19 200
16  92  63  78   6   0  13 0.00    M    M  7.0 17 360   M    M   0 1      23 350
17  90  58  74   2   0   9 0.35    M    M  7.4 37  20   M    M   0 13     55  20
18  90  55  73   1   0   8 0.00    M    M  3.6 12 120   M    M   0 1      15 100
19  88  58  73   1   0   8 0.00    M    M  6.7 17 140   M    M   0 1      25 120
20  93  67  80   9   0  15 0.05    M    M  8.2 24 220   M    M   1 3      31 210
21  90  63  77   6   0  12 0.01    M    M  5.7 26 210   M    M   0 3      37 210
22  88  65  77   6   0  12 0.20    M    M  8.4 22 130   M    M   3 13     28 130
23  87  65  76   5   0  11 0.09    M    M  8.0 21 170   M    M   7 13     27 170
24  85  57  71   1   0   6    T    M    M  6.1 14 350   M    M   1 3      18 330
25  80  56  68  -2   0   3 0.05    M    M  8.0 20  10   M    M   1 1      25  10
26  79  59  69  -1   0   4 0.00    M    M  7.2 18 240   M    M   2 13     23 130
27  77  69  73   3   0   8 0.22    M    M  8.0 17 140   M    M   9 13     24 120
28  84  63  74   5   0   9 0.54    M    M  5.1 18  10   M    M   5 13     24 350
29  84  58  71   2   0   6 0.24    M    M  6.4 32 330   M    M   2 13     42 330
================================================================================
SM 2501 1761         0 252  2.71    M    209.0          M       67
================================================================================
AV 86.2 60.7                               7.2 FASTST   M    M   2    MAX(MPH)
                                 MISC ---->  # 37  20               # 55   20
================================================================================
NOTES:
# LAST OF SEVERAL OCCURRENCES

COLUMN 17 PEAK WIND IN M.P.H.

PRELIMINARY LOCAL CLIMATOLOGICAL DATA (WS FORM: F-6) , PAGE 2

                                          STATION:  BROKEN BOW NE
                                          MONTH:    AUGUST
                                          YEAR:     2014
                                          LATITUDE:   41 26 N
                                          LONGITUDE:  99 39 W

[TEMPERATURE DATA]      [PRECIPITATION DATA]       SYMBOLS USED IN COLUMN 16

AVERAGE MONTHLY: 73.5   TOTAL FOR MONTH:   2.71    1 = FOG OR MIST
DPTR FM NORMAL:   1.5   DPTR FM NORMAL:    0.63    2 = FOG REDUCING VISIBILITY
HIGHEST:    93 ON 20, 2 GRTST 24HR  0.76 ON 27-28      TO 1/4 MILE OR LESS
LOWEST:     49 ON 12                               3 = THUNDER
                        SNOW, ICE PELLETS, HAIL    4 = ICE PELLETS
                        TOTAL MONTH:    M          5 = HAIL
                        GRTST 24HR    M  ON   M    6 = FREEZING RAIN OR DRIZZLE
                        GRTST DEPTH:  M  ON   M    7 = DUSTSTORM OR SANDSTORM:
                                                       VSBY 1/2 MILE OR LESS
                                                   8 = SMOKE OR HAZE
[NO. OF DAYS WITH]      [WEATHER - DAYS WITH]      9 = BLOWING SNOW
                                                   X = TORNADO
MAX 32 OR BELOW:   0    0.01 INCH OR MORE:  12
MAX 90 OR ABOVE:   8    0.10 INCH OR MORE:   8
MIN 32 OR BELOW:   0    0.50 INCH OR MORE:   2
MIN  0 OR BELOW:   0    1.00 INCH OR MORE:   0

[HDD (BASE 65) ]
TOTAL THIS MO.     0    CLEAR  (SCALE 0-3)  21
DPTR FM NORMAL    -6    PTCLDY (SCALE 4-7)   7
TOTAL FM JUL 1    15    CLOUDY (SCALE 8-10)  1
DPTR FM NORMAL     4

[CDD (BASE 65) ]
TOTAL THIS MO.   252
DPTR FM NORMAL    39    [PRESSURE DATA]
TOTAL FM JAN 1   716    HIGHEST SLP M ON M
DPTR FM NORMAL    29    LOWEST  SLP 29.63 ON 20

[REMARKS]
