000
CXUS55 KLBF 201200
CF6BBW
PRELIMINARY LOCAL CLIMATOLOGICAL DATA (WS FORM: F-6)

                                          STATION:   BROKEN BOW
                                          MONTH:     JANUARY
                                          YEAR:      2017
                                          LATITUDE:   41 26 N
                                          LONGITUDE:  99 39 W

  TEMPERATURE IN F:       :PCPN:    SNOW:  WIND      :SUNSHINE: SKY     :PK WND
================================================================================
1   2   3   4   5  6A  6B    7    8   9   10  11  12  13   14  15   16   17  18
                                     12Z  AVG MX 2MIN
DY MAX MIN AVG DEP HDD CDD  WTR  SNW DPTH SPD SPD DIR MIN PSBL S-S WX    SPD DR
================================================================================

 1  37  15  26   1  39   0    T    M    M  7.3 20 130   M    M   6        24 130
 2  33  13  23  -2  42   0    T    M    M 14.1 32 350   M    M   9 16     39 350
 3  18   5  12 -13  53   0 0.00    M    M 16.9 31 340   M    M   3        39 340
 4  13  -4   5 -20  60   0 0.05    M    M  7.0 18 350   M    M  10 18     21 350
 5   9 -12  -1 -26  66   0 0.00    M    M 11.4 25 330   M    M   3        31 320
 6  18 -14   2 -23  63   0 0.00    M    M  3.9 14 320   M    M   0        16 320
 7  20  -1  10 -16  55   0 0.00    M    M  6.2 14 160   M    M   0        16 160
 8  32   7  20  -6  45   0 0.00    M    M 10.9 22 210   M    M   2        35 200
 9  36  17  27   1  38   0    T    M    M  9.1 21 200   M    M   4        27 200
10  38   9  24  -2  41   0    T    M    M 11.5 35  10   M    M   4        41 350
11  38   8  23  -3  42   0 0.15    M    M 14.5 35  10   M    M   5 18     41 350
12  21  -9   6 -20  59   0    T    M    M  4.6 13 360   M    M   4        14 360
13  21   4  13 -13  52   0 0.00    M    M  5.4 14 170   M    M   4 1      20 180
14  35   3  19  -7  46   0 0.00    M    M  1.2  7 360   M    M   1 18     11 250
15  33  16  25  -1  40   0 0.04    M    M  2.5 10 190   M    M  10 16     11 190
16  35  26  31   5  34   0 0.09    M    M 13.5 25 360   M    M   9 16     30 350
17  43  21  32   6  33   0 0.00    M    M  6.3 20 330   M    M   0        24 340
18  48  20  34   8  31   0 0.00    M    M  6.4 18 190   M    M   0        27 200
19  42  33  38  12  27   0 0.00    M    M  8.3 16 190   M    M   9 12     25 190
================================================================================
SM  570  157       866   0  0.33    M    161.0          M       83
================================================================================
AV 30.0  8.3                               8.5 FASTST   M    M   4    MAX(MPH)
                                 MISC ---->  # 35  10               # 41  350
================================================================================
NOTES:
# LAST OF SEVERAL OCCURRENCES

COLUMN 17 PEAK WIND IN M.P.H.

PRELIMINARY LOCAL CLIMATOLOGICAL DATA (WS FORM: F-6) , PAGE 2

                                          STATION:  BROKEN BOW
                                          MONTH:    JANUARY
                                          YEAR:     2017
                                          LATITUDE:   41 26 N
                                          LONGITUDE:  99 39 W

[TEMPERATURE DATA]      [PRECIPITATION DATA]       SYMBOLS USED IN COLUMN 16

AVERAGE MONTHLY: 19.1   TOTAL FOR MONTH:   0.33    1 = FOG OR MIST
DPTR FM NORMAL:  -6.6   DPTR FM NORMAL:    0.14    2 = FOG REDUCING VISIBILITY
HIGHEST:    48 ON 18    GRTST 24HR  0.15 ON 11-11      TO 1/4 MILE OR LESS
LOWEST:    -14 ON  6                               3 = THUNDER
                        SNOW, ICE PELLETS, HAIL    4 = ICE PELLETS
                        TOTAL MONTH:    M          5 = HAIL
                        GRTST 24HR    M  ON   M    6 = FREEZING RAIN OR DRIZZLE
                        GRTST DEPTH:  M  ON   M    7 = DUSTSTORM OR SANDSTORM:
                                                       VSBY 1/2 MILE OR LESS
                                                   8 = SMOKE OR HAZE
[NO. OF DAYS WITH]      [WEATHER - DAYS WITH]      9 = BLOWING SNOW
                                                   X = TORNADO
MAX 32 OR BELOW:   8    0.01 INCH OR MORE:   4
MAX 90 OR ABOVE:   0    0.10 INCH OR MORE:   1
MIN 32 OR BELOW:  18    0.50 INCH OR MORE:   0
MIN  0 OR BELOW:   5    1.00 INCH OR MORE:   0

[HDD (BASE 65) ]
TOTAL THIS MO.   866    CLEAR  (SCALE 0-3)   7
DPTR FM NORMAL   118    PTCLDY (SCALE 4-7)   7
TOTAL FM JUL 1  3187    CLOUDY (SCALE 8-10)  5
DPTR FM NORMAL  -316

[CDD (BASE 65) ]
TOTAL THIS MO.     0
DPTR FM NORMAL     0    [PRESSURE DATA]
TOTAL FM JAN 1     0    HIGHEST SLP M ON M
DPTR FM NORMAL     0    LOWEST  SLP 29.41 ON 10

[REMARKS]
