000
CXUS51 KBOX 271200
CF6BDL
PRELIMINARY LOCAL CLIMATOLOGICAL DATA (WS FORM: F-6)

                                          STATION:   HARTFORD CT
                                          MONTH:     SEPTEMBER
                                          YEAR:      2016
                                          LATITUDE:   41 55 N
                                          LONGITUDE:  72 41 W

  TEMPERATURE IN F:       :PCPN:    SNOW:  WIND      :SUNSHINE: SKY     :PK WND
================================================================================
1   2   3   4   5  6A  6B    7    8   9   10  11  12  13   14  15   16   17  18
                                     12Z  AVG MX 2MIN
DY MAX MIN AVG DEP HDD CDD  WTR  SNW DPTH SPD SPD DIR MIN PSBL S-S WX    SPD DR
================================================================================

 1  80  63  72   3   0   7 0.35  0.0    0  3.0 14  80   M    M   8 13     15  90
 2  81  57  69   0   0   4 0.00  0.0    0  6.5 18  30   M    M   4        22  20
 3  76  56  66  -2   0   1 0.00  0.0    0  5.3 12  50   M    M   6        14  50
 4  80  53  67  -1   0   2 0.00  0.0    0  8.1 17  40   M    M   1        25  10
 5  81  53  67  -1   0   2 0.00  0.0    0 13.7 28  30   M    M   7        34  20
 6  75  65  70   3   0   5    T  0.0    0 13.9 23  20   M    M   9 18     32  20
 7  83  69  76   9   0  11 0.02  0.0    0  9.2 16  20   M    M   8 1      21  40
 8  88  68  78  11   0  13 0.15  0.0    0  6.0 13 170   M    M   8 1      17 180
 9  92  72  82  16   0  17    T  0.0    0  6.2 16 250   M    M   7 1      20 250
10  90  69  80  14   0  15    T  0.0    0  7.1 17 160   M    M   8        23 130
11  81  58  70   4   0   5 0.46  0.0    0 11.1 31 310   M    M   6 13     40 300
12  79  49  64  -1   1   0 0.00  0.0    0  3.2 13 230   M    M   1        17 230
13  83  51  67   2   0   2 0.00  0.0    0  6.9 16 240   M    M   1        20 180
14  90  58  74   9   0   9    T  0.0    0  9.3 22 350   M    M   3 3      27 360
15  73  51  62  -2   3   0 0.00  0.0    0  4.9 15 360   M    M   1        18 360
16  76  48  62  -2   3   0 0.00  0.0    0  4.8 15 180   M    M   3        20 160
17  78  47  63   0   2   0 0.00  0.0    0  8.1 20 190   M    M   6        25 200
18  80  66  73  10   0   8 0.08  0.0    0  7.6 15 200   M    M   8 1      19 200
19  76  66  71   8   0   6 0.26  0.0    0  4.4 15 160   M    M   9 1      18 160
20  81  63  72  10   0   7    T  0.0    0  2.8  8 160   M    M   9 12     11 150
21  82  58  70   8   0   5 0.00  0.0    0  3.3 12  20   M    M   7        14  40
22  85  52  69   8   0   4 0.00  0.0    0  4.5 12 170   M    M   2        14 260
23  82  53  68   7   0   3 0.41  0.0    0  5.6 23  10   M    M   6 1      28  10
24  69  47  58  -3   7   0 0.01    M    0  6.5 22  50   M    M   5        25  30
25  68  41  55  -5  10   0 0.00  0.0    0  6.2 18 310   M    M   1        27 340
26  70  37  54  -6  11   0 0.00  0.0    0  6.6 17 210   M    M   5 1      22 200
================================================================================
SM 2079 1470        37 126  1.74     0.0 174.8          M      139
================================================================================
AV 80.0 56.5                               6.7 FASTST   M    M   5    MAX(MPH)
                                 MISC ---->  # 31 310               # 40  300
================================================================================
NOTES:
# LAST OF SEVERAL OCCURRENCES

COLUMN 17 PEAK WIND IN M.P.H.

PRELIMINARY LOCAL CLIMATOLOGICAL DATA (WS FORM: F-6) , PAGE 2

                                          STATION:  HARTFORD CT
                                          MONTH:    SEPTEMBER
                                          YEAR:     2016
                                          LATITUDE:   41 55 N
                                          LONGITUDE:  72 41 W

[TEMPERATURE DATA]      [PRECIPITATION DATA]       SYMBOLS USED IN COLUMN 16

AVERAGE MONTHLY: 68.2   TOTAL FOR MONTH:   1.74    1 = FOG OR MIST
DPTR FM NORMAL:   3.7   DPTR FM NORMAL:   -1.53    2 = FOG REDUCING VISIBILITY
HIGHEST:    92 ON  9    GRTST 24HR  0.46 ON 11-11      TO 1/4 MILE OR LESS
LOWEST:     37 ON 26                               3 = THUNDER
                        SNOW, ICE PELLETS, HAIL    4 = ICE PELLETS
                        TOTAL MONTH:   0.0 INCH    5 = HAIL
                        GRTST 24HR     0.0         6 = FREEZING RAIN OR DRIZZLE
                        GRTST DEPTH:   0           7 = DUSTSTORM OR SANDSTORM:
                                                       VSBY 1/2 MILE OR LESS
                                                   8 = SMOKE OR HAZE
[NO. OF DAYS WITH]      [WEATHER - DAYS WITH]      9 = BLOWING SNOW
                                                   X = TORNADO
MAX 32 OR BELOW:   0    0.01 INCH OR MORE:   8
MAX 90 OR ABOVE:   3    0.10 INCH OR MORE:   5
MIN 32 OR BELOW:   0    0.50 INCH OR MORE:   0
MIN  0 OR BELOW:   0    1.00 INCH OR MORE:   0

[HDD (BASE 65) ]
TOTAL THIS MO.    37    CLEAR  (SCALE 0-3)   7
DPTR FM NORMAL   -43    PTCLDY (SCALE 4-7)  15
TOTAL FM JUL 1    37    CLOUDY (SCALE 8-10)  4
DPTR FM NORMAL   -55

[CDD (BASE 65) ]
TOTAL THIS MO.   126
DPTR FM NORMAL    54    [PRESSURE DATA]
TOTAL FM JAN 1  1056    HIGHEST SLP M ON M
DPTR FM NORMAL   309    LOWEST  SLP 29.77 ON  9

[REMARKS]
