000
CXUS53 KIWX 010800
CF6BEH
PRELIMINARY LOCAL CLIMATOLOGICAL DATA (WS FORM: F-6)

                                          STATION:   BENTON HARBOR
                                          MONTH:     JULY
                                          YEAR:      2015
                                          LATITUDE:   42  7 N
                                          LONGITUDE:  86 26 W

  TEMPERATURE IN F:       :PCPN:    SNOW:  WIND      :SUNSHINE: SKY     :PK WND
================================================================================
1   2   3   4   5  6A  6B    7    8   9   10  11  12  13   14  15   16   17  18
                                     12Z  AVG MX 2MIN
DY MAX MIN AVG DEP HDD CDD  WTR  SNW DPTH SPD SPD DIR MIN PSBL S-S WX    SPD DR
================================================================================

 1  62  54  58 -14   7   0 0.00  0.0    0  4.4 13 300   M    M   7        19 300
 2  76  49  63  -9   2   0 0.00  0.0    0  5.1 15  90   M    M   1 1      21 100
 3  73  52  63  -9   2   0 0.00  0.0    0  3.5 12 340   M    M   1 1      16 340
 4  77  49  63 -10   2   0 0.00  0.0    0  1.9 10 260   M    M   0 18     12 270
 5  81  53  67  -6   0   2 0.00  0.0    0  2.9 10 270   M    M   0 18     14 280
 6  86  61  74   1   0   9 0.00  0.0    0  8.8 16 180   M    M   1 18     21 200
 7  78  54  66  -7   0   1 0.57  0.0    0  7.5 17 270   M    M   4 13     28 330
 8  67  52  60 -13   5   0    T  0.0    0  5.9 12  80   M    M   2        16  80
 9  68  51  60 -13   5   0 0.16  0.0    0  4.2 12 300   M    M   7 18     16 320
10  75  50  63 -10   2   0 0.00  0.0    0  1.8  8 300   M    M   0 18     12 290
11  78  51  65  -8   0   0    T  0.0    0  3.6  9 180   M    M   2 18     13 180
12  81  65  73   0   0   8 0.02  0.0    0  3.1  9 300   M    M   7 18     13 320
13  84  65  75   2   0  10 1.06  0.0    0  9.4 28 260   M    M   4 13     36 260
14  74  61  68  -5   0   3    T  0.0    0  7.9 16 270   M    M   5 1      27 340
15  74  57  66  -7   0   1 0.00  0.0    0  5.0 12  10   M    M   1        21  20
16  72  57  65  -8   0   0 0.63  0.0    0  6.8 18 120   M    M   3 1      23 130
17  89  65  77   4   0  12 0.32  0.0    0  8.7 22 200   M    M   4 138    35 170
18  88  68  78   5   0  13 0.65  0.0    0  8.0 31 280   M    M   1 13     43 280
19  77  62  70  -3   0   5 0.00  0.0    0  5.5 13 260   M    M   2        16 240
20  83  57  70  -3   0   5 0.00  0.0    0  4.6 15 230   M    M   1        19 220
21  74  56  65  -8   0   0    T  0.0    0  3.8 12 290   M    M   2        16 320
22  79  55  67  -6   0   2 0.00  0.0    0  2.2 10 290   M    M   1 1      14 290
23  81  56  69  -4   0   4 0.00  0.0    0  2.9  9 280   M    M   0        18 280
24  84  56  70  -2   0   5 0.00  0.0    0  4.5 15 270   M    M   0        19 340
25  83  64  74   2   0   9 0.00  0.0    0  5.8 17 230   M    M   2 1      22 230
26  85  60  73   1   0   8 0.00  0.0    0  1.9  7  90   M    M   1 1       9 100
27  89  63  76   4   0  11 0.00  0.0    0  4.0 13 110   M    M   0 1      18 120
28  90  61  76   4   0  11 0.00  0.0    0  4.8 13 120   M    M   1 1      16 180
29  83  72  78   6   0  13 0.00  0.0    0  9.0 16 280   M    M   2        21 270
30  84  67  76   4   0  11 0.00  0.0    0 10.7 17 270   M    M   0        22 270
31  84  61  73   1   0   8 0.00  0.0    0  9.4 22 260   M    M   1        27 260
================================================================================
SM 2459 1804        25 151  3.41     0.0 167.6          M       63
================================================================================
AV 79.3 58.2                               5.4 FASTST   M    M   2    MAX(MPH)
                                 MISC ---->  # 31 280               # 43  280
================================================================================
NOTES:
# LAST OF SEVERAL OCCURRENCES

COLUMN 17 PEAK WIND IN M.P.H.

PRELIMINARY LOCAL CLIMATOLOGICAL DATA (WS FORM: F-6) , PAGE 2

                                          STATION:  BENTON HARBOR
                                          MONTH:    JULY
                                          YEAR:     2015
                                          LATITUDE:   42  7 N
                                          LONGITUDE:  86 26 W

[TEMPERATURE DATA]      [PRECIPITATION DATA]       SYMBOLS USED IN COLUMN 16

AVERAGE MONTHLY: 68.8   TOTAL FOR MONTH:   3.41    1 = FOG OR MIST
DPTR FM NORMAL:  -3.9   DPTR FM NORMAL:    0.03    2 = FOG REDUCING VISIBILITY
HIGHEST:    90 ON 28    GRTST 24HR  1.06 ON 13-13      TO 1/4 MILE OR LESS
LOWEST:     49 ON  4, 2                            3 = THUNDER
                        SNOW, ICE PELLETS, HAIL    4 = ICE PELLETS
                        TOTAL MONTH:   0.0 INCH    5 = HAIL
                        GRTST 24HR     0.0         6 = FREEZING RAIN OR DRIZZLE
                        GRTST DEPTH:   0           7 = DUSTSTORM OR SANDSTORM:
                                                       VSBY 1/2 MILE OR LESS
                                                   8 = SMOKE OR HAZE
[NO. OF DAYS WITH]      [WEATHER - DAYS WITH]      9 = BLOWING SNOW
                                                   X = TORNADO
MAX 32 OR BELOW:   0    0.01 INCH OR MORE:   7
MAX 90 OR ABOVE:   1    0.10 INCH OR MORE:   6
MIN 32 OR BELOW:   0    0.50 INCH OR MORE:   4
MIN  0 OR BELOW:   0    1.00 INCH OR MORE:   1

[HDD (BASE 65) ]
TOTAL THIS MO.    25    CLEAR  (SCALE 0-3)  23
DPTR FM NORMAL    13    PTCLDY (SCALE 4-7)   8
TOTAL FM JUL 1    25    CLOUDY (SCALE 8-10)  0
DPTR FM NORMAL    13

[CDD (BASE 65) ]
TOTAL THIS MO.   151
DPTR FM NORMAL   -98    [PRESSURE DATA]
TOTAL FM JAN 1   268    HIGHEST SLP 30.18 ON 11
DPTR FM NORMAL  -200    LOWEST  SLP 29.49 ON 13

[REMARKS]
#FINAL-07-15#
