000
CXUS54 KAMA 241015
CF6BGD
PRELIMINARY LOCAL CLIMATOLOGICAL DATA (WS FORM: F-6)

                                          STATION:   BORGER
                                          MONTH:     MARCH
                                          YEAR:      2017
                                          LATITUDE:   35 42 N
                                          LONGITUDE: 101 24 W

  TEMPERATURE IN F:       :PCPN:    SNOW:  WIND      :SUNSHINE: SKY     :PK WND
================================================================================
1   2   3   4   5  6A  6B    7    8   9   10  11  12  13   14  15   16   17  18
                                     12Z  AVG MX 2MIN
DY MAX MIN AVG DEP HDD CDD  WTR  SNW DPTH SPD SPD DIR MIN PSBL S-S WX    SPD DR
================================================================================

 1  56  27  42  -3  23   0 0.00  0.0    0  7.4 17  20   M    M   0        24 360
 2  60  30  45   0  20   0 0.00  0.0    0  4.7 14 340   M    M   0        20 340
 3  66  29  48   2  17   0 0.00  0.0    0 13.0 26 200   M    M   0        36 200
 4  74  42  58  12   7   0 0.00  0.0    0 15.8 30 180   M    M   0        42 180
 5  82  47  65  19   0   0 0.00  0.0    0 15.2 28 230   M    M   0        37 230
 6  79  45  62  16   3   0 0.00  0.0    0 20.7 45 250   M    M   0        55 250
 7  63  29  46  -1  19   0 0.00  0.0    0  8.9 21 180   M    M   0        32 180
 8  78  43  61  14   4   0 0.00  0.0    0  8.4 22 190   M    M   0 8      32 190
 9  84  46  65  18   0   0 0.00  0.0    0  6.1 14 240   M    M   0        18 240
10  58  36  47  -1  18   0 0.00  0.0    0 11.0 23  40   M    M   5        33  40
11  44  33  39  -9  26   0 0.00  0.0    0  8.1 21  30   M    M   7 18     25  30
12  69  24  47  -1  18   0 0.00  0.0    0 11.0 26 200   M    M   1        34 200
13  58  39  49   0  16   0 0.00  0.0    0  7.1 17 140   M    M   2        23 140
14  75  36  56   7   9   0 0.00  0.0    0  9.6 18 120   M    M   0        23 170
15  73  31  52   3  13   0 0.00  0.0    0 10.3 17 170   M    M   0        25 180
16  90  52  71  21   0   6 0.00  0.0    0  9.2 22 260   M    M   0        30 280
17  79  48  64  14   1   0 0.00  0.0    0 11.9 24  40   M    M   0        31  40
18  83  47  65  15   0   0 0.00  0.0    0  7.4 21 180   M    M   3        30 180
19  94  59  77  26   0  12 0.00  0.0    0 12.4 25 250   M    M   0        32 240
20  91  58  75  24   0  10 0.00  0.0    0  8.8 18  80   M    M   0        25  80
21  74  49  62  11   3   0 0.00  0.0    0 11.0 21  40   M    M   0        26  40
22  72  43  58   6   7   0 0.00  0.0    0  8.5 17 170   M    M   3        23 140
23  84  55  70  18   0   5 0.05  0.0    0 18.3 40 170   M    M   2 3      53 170
================================================================================
SM 1686  948       204  33  0.05     0.0 244.8          M       23
================================================================================
AV 73.3 41.2                              10.6 FASTST   M    M   1    MAX(MPH)
                                 MISC ---->  # 45 250               # 55  250
================================================================================
NOTES:
# LAST OF SEVERAL OCCURRENCES

COLUMN 17 PEAK WIND IN M.P.H.

PRELIMINARY LOCAL CLIMATOLOGICAL DATA (WS FORM: F-6) , PAGE 2

                                          STATION:  BORGER
                                          MONTH:    MARCH
                                          YEAR:     2017
                                          LATITUDE:   35 42 N
                                          LONGITUDE: 101 24 W

[TEMPERATURE DATA]      [PRECIPITATION DATA]       SYMBOLS USED IN COLUMN 16

AVERAGE MONTHLY: 57.3   TOTAL FOR MONTH:   0.05    1 = FOG OR MIST
DPTR FM NORMAL:   8.9   DPTR FM NORMAL:   -0.91    2 = FOG REDUCING VISIBILITY
HIGHEST:    94 ON 19    GRTST 24HR  0.05 ON 23-23      TO 1/4 MILE OR LESS
LOWEST:     24 ON 12                               3 = THUNDER
                        SNOW, ICE PELLETS, HAIL    4 = ICE PELLETS
                        TOTAL MONTH:   0.0 INCH    5 = HAIL
                        GRTST 24HR     0.0         6 = FREEZING RAIN OR DRIZZLE
                        GRTST DEPTH:   0           7 = DUSTSTORM OR SANDSTORM:
                                                       VSBY 1/2 MILE OR LESS
                                                   8 = SMOKE OR HAZE
[NO. OF DAYS WITH]      [WEATHER - DAYS WITH]      9 = BLOWING SNOW
                                                   X = TORNADO
MAX 32 OR BELOW:   0    0.01 INCH OR MORE:   1
MAX 90 OR ABOVE:   3    0.10 INCH OR MORE:   0
MIN 32 OR BELOW:   6    0.50 INCH OR MORE:   0
MIN  0 OR BELOW:   0    1.00 INCH OR MORE:   0

[HDD (BASE 65) ]
TOTAL THIS MO.   204    CLEAR  (SCALE 0-3)  21
DPTR FM NORMAL  -183    PTCLDY (SCALE 4-7)   2
TOTAL FM JUL 1  2539    CLOUDY (SCALE 8-10)  0
DPTR FM NORMAL  -841

[CDD (BASE 65) ]
TOTAL THIS MO.    33
DPTR FM NORMAL    33    [PRESSURE DATA]
TOTAL FM JAN 1    47    HIGHEST SLP M ON M
DPTR FM NORMAL    47    LOWEST  SLP 29.42 ON 23

[REMARKS]
