000
CXUS54 KAMA 261015
CF6BGD
PRELIMINARY LOCAL CLIMATOLOGICAL DATA (WS FORM: F-6)

                                          STATION:   BORGER
                                          MONTH:     NOVEMBER
                                          YEAR:      2014
                                          LATITUDE:   35 42 N
                                          LONGITUDE: 101 24 W

  TEMPERATURE IN F:       :PCPN:    SNOW:  WIND      :SUNSHINE: SKY     :PK WND
================================================================================
1   2   3   4   5  6A  6B    7    8   9   10  11  12  13   14  15   16   17  18
                                     12Z  AVG MX 2MIN
DY MAX MIN AVG DEP HDD CDD  WTR  SNW DPTH SPD SPD DIR MIN PSBL S-S WX    SPD DR
================================================================================

 1  66  39  53  -2  12   0 0.00  0.0    0 16.3 24 190   M    M   0        34 200
 2  75  49  62   8   3   0 0.01  0.0    0 14.5 25 170   M    M   1        33 170
 3  67  49  58   4   7   0    T  0.0    0 12.9 25  50   M    M   7 8      32 220
 4  52  41  47  -6  18   0    T  0.0    0  7.5 21  10   M    M   2        25  10
 5  70  38  54   1  11   0 0.00  0.0    0  5.6 14 330   M    M   0        18 350
 6  69  38  54   1  11   0 0.00  0.0    0  8.2 18 190   M    M   0        25 190
 7  81  48  65  13   0   0 0.00  0.0    0 13.7 25 220   M    M   0        36 240
 8  66  50  58   6   7   0 0.00  0.0    0 10.4 23  20   M    M   1        33  20
 9  77  49  63  12   2   0 0.00  0.0    0  9.0 20 220   M    M   0        29 240
10  85  29  57   6   8   0 0.00  0.0    0 19.3 39  10   M    M   1 8      48  20
11  35  20  28 -23  37   0 0.00  0.0    0 13.7 33 360   M    M   1        40 360
12  22  15  19 -31  46   0    T    T    0 13.1 21  30   M    M   7        26  20
13  27  15  21 -29  44   0    T    T    T  7.5 17  10   M    M   9        20 360
14  43  23  33 -16  32   0 0.00  0.0    0 14.1 21 190   M    M   4        30 150
15  69  27  48  -1  17   0 0.00  0.0    0 15.4 30  30   M    M   0        36  20
16  28  15  22 -26  43   0 0.22  1.9    T 12.0 25  20   M    M   8 18     32  20
17  43  11  27 -21  38   0 0.00  0.0    2  7.8 18 240   M    M   0        23 240
18  53  20  37 -11  28   0 0.00  0.0    T  7.9 18 200   M    M   0        24 200
19  55  29  42  -5  23   0 0.00  0.0    0  7.5 16 250   M    M   0        18 250
20  56  26  41  -6  24   0 0.00  0.0    0  5.0 12  40   M    M   0        16 170
21  62  26  44  -2  21   0 0.00  0.0    0  6.0 18 170   M    M   0 18     24 180
22  73  42  58  12   7   0 0.00  0.0    0 10.8 23 160   M    M   0        34 170
23  56  34  45   0  20   0    T  0.0    0 13.9 36 350   M    M   3        46 350
24  55  31  43  -2  22   0 0.00  0.0    0  6.6 21 350   M    M   3        26 350
25  55  26  41  -3  24   0 0.00  0.0    0  9.9 25 240   M    M   0        33 230
================================================================================
SM 1440  790       505   0  0.23     1.9 268.6          M       47
================================================================================
AV 57.6 31.6                              10.7 FASTST   M    M   2    MAX(MPH)
                                 MISC ---->  # 39  10               # 48   20
================================================================================
NOTES:
# LAST OF SEVERAL OCCURRENCES

COLUMN 17 PEAK WIND IN M.P.H.

PRELIMINARY LOCAL CLIMATOLOGICAL DATA (WS FORM: F-6) , PAGE 2

                                          STATION:  BORGER
                                          MONTH:    NOVEMBER
                                          YEAR:     2014
                                          LATITUDE:   35 42 N
                                          LONGITUDE: 101 24 W

[TEMPERATURE DATA]      [PRECIPITATION DATA]       SYMBOLS USED IN COLUMN 16

AVERAGE MONTHLY: 44.6   TOTAL FOR MONTH:   0.23    1 = FOG OR MIST
DPTR FM NORMAL:  -5.0   DPTR FM NORMAL:   -0.53    2 = FOG REDUCING VISIBILITY
HIGHEST:    85 ON 10    GRTST 24HR  0.22 ON 16-16      TO 1/4 MILE OR LESS
LOWEST:     11 ON 17                               3 = THUNDER
                        SNOW, ICE PELLETS, HAIL    4 = ICE PELLETS
                        TOTAL MONTH:   1.9 INCHES  5 = HAIL
                        GRTST 24HR   1.9 ON   M    6 = FREEZING RAIN OR DRIZZLE
                        GRTST DEPTH:   2 ON 17     7 = DUSTSTORM OR SANDSTORM:
                                                       VSBY 1/2 MILE OR LESS
                                                   8 = SMOKE OR HAZE
[NO. OF DAYS WITH]      [WEATHER - DAYS WITH]      9 = BLOWING SNOW
                                                   X = TORNADO
MAX 32 OR BELOW:   3    0.01 INCH OR MORE:   2
MAX 90 OR ABOVE:   0    0.10 INCH OR MORE:   1
MIN 32 OR BELOW:  14    0.50 INCH OR MORE:   0
MIN  0 OR BELOW:   0    1.00 INCH OR MORE:   0

[HDD (BASE 65) ]
TOTAL THIS MO.   505    CLEAR  (SCALE 0-3)  19
DPTR FM NORMAL   118    PTCLDY (SCALE 4-7)   5
TOTAL FM JUL 1   622    CLOUDY (SCALE 8-10)  1
DPTR FM NORMAL    14

[CDD (BASE 65) ]
TOTAL THIS MO.     0
DPTR FM NORMAL     0    [PRESSURE DATA]
TOTAL FM JAN 1  2052    HIGHEST SLP M ON M
DPTR FM NORMAL   217    LOWEST  SLP 29.33 ON 10

[REMARKS]
