000
CXUS51 KCAR 280600
CF6BGR
PRELIMINARY LOCAL CLIMATOLOGICAL DATA (WS FORM: F-6)

                                          STATION:   BANGOR ME
                                          MONTH:     FEBRUARY
                                          YEAR:      2015
                                          LATITUDE:   44 47 N
                                          LONGITUDE:  68 49 W

  TEMPERATURE IN F:       :PCPN:    SNOW:  WIND      :SUNSHINE: SKY     :PK WND
================================================================================
1   2   3   4   5  6A  6B    7    8   9   10  11  12  13   14  15   16   17  18
                                     12Z  AVG MX 2MIN
DY MAX MIN AVG DEP HDD CDD  WTR  SNW DPTH SPD SPD DIR MIN PSBL S-S WX    SPD DR
================================================================================

 1  16  -4   6 -12  59   0 0.00  0.0   33 11.7 24 320   M    M   1 9      32 300
 2   3 -12  -4 -22  69   0 0.77 12.3   33 12.1 25 350   M    M   9 129    33 350
 3  14 -11   2 -16  63   0 0.05  0.8   45  8.8 24 340   M    M   3 19     32 290
 4  28 -17   6 -12  59   0 0.06  1.6   45  3.9 17 190   M    M   8 18     22 170
 5  28  -2  13  -5  52   0 0.26  4.6   48 12.7 29 320   M    M   8 189    36 320
 6  13 -10   2 -16  63   0 0.00  0.0   51  6.4 17 310   M    M   2        23 330
 7  20  -9   6 -13  59   0    T    T   51  4.6 16 360   M    M   8 1      21 360
 8  12   2   7 -12  58   0 0.08  2.5   50 12.9 20  10   M    M  10 18     25  30
 9   9   6   8 -11  57   0    T  0.1   53 13.0 18  30   M    M  10 8      23  30
10  19   0  10  -9  55   0    T    T   53  7.0 14 350   M    M   7        19  20
11  18   2  10 -10  55   0 0.00  0.0   53 10.3 20  20   M    M   4        25  30
12   9  -2   4 -16  61   0    T    T   45  4.2 12  30   M    M   9 8      15  40
13  10  -6   2 -18  63   0 0.00  0.0   45 12.0 26 310   M    M   2 9      35 320
14  12 -23  -5 -25  70   0 0.03  0.4   43  3.7 13  10   M    M   7 18     17  10
15  13   0   7 -14  58   0 0.13  3.5   44 23.0 37 320   M    M   8 1289   45 340
16  15  -2   7 -14  58   0 0.00  0.0   45 15.9 33 320   M    M   4 89     43 330
17  18 -11   4 -17  61   0 0.00  0.0   44  1.9 10 300   M    M   6        14 280
18  28  -8  10 -12  55   0 0.00  0.0   44  0.7  7 130   M    M   4 1       8 130
19  26  -2  12 -10  53   0 0.22  3.6   44  7.8 23 300   M    M   9 129    35 290
20  15   0   8 -14  57   0 0.01  0.2   48  9.7 23 290   M    M   5 89     35 280
21  29 -14   8 -14  57   0 0.21  3.5   46  7.0 22 210   M    M   6 1      28 190
22  33   5  19  -4  46   0 0.10  2.5   51  3.2  9 310   M    M   8 128    14 290
23  22  -9   7 -16  58   0 0.07  0.9   50 10.7 25 300   M    M   5 18     38 320
24  12 -21  -4 -27  69   0    T    T   50  5.4 15 180   M    M   4 1      20 170
25  30   3  17  -7  48   0 0.21  5.9   51  6.1 17 320   M    M   7 12     20 330
26  16  -4   6 -18  59   0 0.00  0.0   53  8.4 15 320   M    M   7        18 320
27  22 -11   6 -18  59   0 0.00  0.0   51  6.0 17 320   M    M   3        22 310
================================================================================
SM  490 -160      1581   0  2.20    42.4 229.1          M      164
================================================================================
AV 18.1 -5.9                               8.5 FASTST   M    M   6    MAX(MPH)
                                 MISC ---->  # 37 320               # 45  340
================================================================================
NOTES:
# LAST OF SEVERAL OCCURRENCES

COLUMN 17 PEAK WIND IN M.P.H.

PRELIMINARY LOCAL CLIMATOLOGICAL DATA (WS FORM: F-6) , PAGE 2

                                          STATION:  BANGOR ME
                                          MONTH:    FEBRUARY
                                          YEAR:     2015
                                          LATITUDE:   44 47 N
                                          LONGITUDE:  68 49 W

[TEMPERATURE DATA]      [PRECIPITATION DATA]       SYMBOLS USED IN COLUMN 16

AVERAGE MONTHLY:  6.1   TOTAL FOR MONTH:   2.20    1 = FOG OR MIST
DPTR FM NORMAL: -14.5   DPTR FM NORMAL:   -0.22    2 = FOG REDUCING VISIBILITY
HIGHEST:    33 ON 22    GRTST 24HR  0.77 ON  2- 2      TO 1/4 MILE OR LESS
LOWEST:    -23 ON 14                               3 = THUNDER
                        SNOW, ICE PELLETS, HAIL    4 = ICE PELLETS
                        TOTAL MONTH:  42.4 INCHES  5 = HAIL
                        GRTST 24HR  12.3 ON   M    6 = FREEZING RAIN OR DRIZZLE
                        GRTST DEPTH:  53 ON 26,11  7 = DUSTSTORM OR SANDSTORM:
                                                       VSBY 1/2 MILE OR LESS
                                                   8 = SMOKE OR HAZE
[NO. OF DAYS WITH]      [WEATHER - DAYS WITH]      9 = BLOWING SNOW
                                                   X = TORNADO
MAX 32 OR BELOW:  26    0.01 INCH OR MORE:  13
MAX 90 OR ABOVE:   0    0.10 INCH OR MORE:   7
MIN 32 OR BELOW:  27    0.50 INCH OR MORE:   1
MIN  0 OR BELOW:  22    1.00 INCH OR MORE:   0

[HDD (BASE 65) ]
TOTAL THIS MO.  1581    CLEAR  (SCALE 0-3)   5
DPTR FM NORMAL   383    PTCLDY (SCALE 4-7)  15
TOTAL FM JUL 1  5831    CLOUDY (SCALE 8-10)  7
DPTR FM NORMAL   226

[CDD (BASE 65) ]
TOTAL THIS MO.     0
DPTR FM NORMAL     0    [PRESSURE DATA]
TOTAL FM JAN 1     0    HIGHEST SLP M ON M
DPTR FM NORMAL     0    LOWEST  SLP 29.24 ON 20

[REMARKS]
