000
CXUS55 KBYZ 011055
CF6BHK
PRELIMINARY LOCAL CLIMATOLOGICAL DATA (WS FORM: F-6)

                                          STATION:   BAKER MT
                                          MONTH:     FEBRUARY
                                          YEAR:      2015
                                          LATITUDE:   46 20 N
                                          LONGITUDE: 104 15 W

  TEMPERATURE IN F:       :PCPN:    SNOW:  WIND      :SUNSHINE: SKY     :PK WND
================================================================================
1   2   3   4   5  6A  6B    7    8   9   10  11  12  13   14  15   16   17  18
                                     12Z  AVG MX 2MIN
DY MAX MIN AVG DEP HDD CDD  WTR  SNW DPTH SPD SPD DIR MIN PSBL S-S WX    SPD DR
================================================================================

 1  13 -10   2 -17  63   0 0.01    M    M  7.5 14 150   M    M   3 18     17 150
 2  20   6  13  -6  52   0    T    M    M  8.9 21 330   M    M   6 18     24 330
 3  22   6  14  -5  51   0    T    M    M 12.5 24 320   M    M   9 18     28 320
 4  22  -9   7 -12  58   0    T    M    M  9.1 17 240   M    M   0 1      22 240
 5  45   8  27   7  38   0 0.00    M    M  5.0 16 240   M    M   3        20 240
 6  62  26  44  24  21   0 0.00    M    M  5.1 16 230   M    M   0        20 210
 7  60  36  48  28  17   0 0.01    M    M  8.7 28 270   M    M   5        35 270
 8  57  27  42  22  23   0    T    M    M  6.5 23 320   M    M   3        30 300
 9  44  25  35  15  30   0    T    M    M 11.8 23 130   M    M   3        31 150
10  37  18  28   8  37   0    T    M    M 15.9 30 320   M    M   8 18     36 310
11  23  11  17  -4  48   0    T    M    M 10.5 17 330   M    M   8 18     21 130
12  48  12  30   9  35   0    T    M    M 11.7 23 150   M    M   4 1      29 150
13  56  28  42  21  23   0 0.00    M    M  8.5 21 310   M    M   1        27 320
14  31  14  23   2  42   0    T    M    M 19.9 40 140   M    M   8 1      48 150
15  41  25  33  11  32   0 0.00    M    M 12.6 21 290   M    M   9        26 300
16  31   4  18  -4  47   0 0.07    M    M 13.3 29 320   M    M  10 128    36 320
17  14  -7   4 -18  61   0 0.00    M    M 13.0 26 310   M    M   1        33 310
18  22  -5   9 -13  56   0 0.00    M    M  5.7 13 160   M    M   6        16 170
19  48  18  33  10  32   0 0.00    M    M 12.7 28 300   M    M   4        36 310
20  39  23  31   8  34   0 0.01    M    M 12.7 25 310   M    M   6 18     31 310
21  23   0  12 -11  53   0    T    M    M 15.0 24 350   M    M   7 18     30 350
22  14  -9   3 -21  62   0 0.00    M    M  6.7 14 310   M    M   1 1      17 320
23  40   7  24   0  41   0 0.00    M    M 17.9 31 270   M    M   1        37 260
24  51  27  39  15  26   0 0.04    M    M 11.2 22 310   M    M   7        28 320
25  36  -3  17  -8  48   0 0.03    M    M 15.2 29 320   M    M   9 18     36 320
26  13 -10   2 -23  63   0 0.00    M    M  4.6 12 330   M    M   0        13 290
27  25  -7   9 -16  56   0 0.00    M    M  9.7 21 170   M    M   2        25 140
28  20   3  12 -14  53   0    T    M    M 12.8 23 310   M    M   5 8      28 310
================================================================================
SM  957  264      1202   0  0.17    M    304.7          M      129
================================================================================
AV 34.2  9.4                              10.9 FASTST   M    M   5    MAX(MPH)
                                 MISC ---->  # 40 140               # 48  150
================================================================================
NOTES:
# LAST OF SEVERAL OCCURRENCES

COLUMN 17 PEAK WIND IN M.P.H.

PRELIMINARY LOCAL CLIMATOLOGICAL DATA (WS FORM: F-6) , PAGE 2

                                          STATION:  BAKER MT
                                          MONTH:    FEBRUARY
                                          YEAR:     2015
                                          LATITUDE:   46 20 N
                                          LONGITUDE: 104 15 W

[TEMPERATURE DATA]      [PRECIPITATION DATA]       SYMBOLS USED IN COLUMN 16

AVERAGE MONTHLY: 21.8   TOTAL FOR MONTH:   0.17    1 = FOG OR MIST
DPTR FM NORMAL:   0.0   DPTR FM NORMAL:   -0.12    2 = FOG REDUCING VISIBILITY
HIGHEST:    62 ON  6    GRTST 24HR  0.07 ON 16-16      TO 1/4 MILE OR LESS
LOWEST:    -10 ON 26, 1                            3 = THUNDER
                        SNOW, ICE PELLETS, HAIL    4 = ICE PELLETS
                        TOTAL MONTH:    M          5 = HAIL
                        GRTST 24HR    M  ON   M    6 = FREEZING RAIN OR DRIZZLE
                        GRTST DEPTH:  M  ON   M    7 = DUSTSTORM OR SANDSTORM:
                                                       VSBY 1/2 MILE OR LESS
                                                   8 = SMOKE OR HAZE
[NO. OF DAYS WITH]      [WEATHER - DAYS WITH]      9 = BLOWING SNOW
                                                   X = TORNADO
MAX 32 OR BELOW:  14    0.01 INCH OR MORE:   6
MAX 90 OR ABOVE:   0    0.10 INCH OR MORE:   0
MIN 32 OR BELOW:  27    0.50 INCH OR MORE:   0
MIN  0 OR BELOW:   9    1.00 INCH OR MORE:   0

[HDD (BASE 65) ]
TOTAL THIS MO.  1202    CLEAR  (SCALE 0-3)  12
DPTR FM NORMAL    -8    PTCLDY (SCALE 4-7)  10
TOTAL FM JUL 1  5875    CLOUDY (SCALE 8-10)  6
DPTR FM NORMAL  -280

[CDD (BASE 65) ]
TOTAL THIS MO.     0
DPTR FM NORMAL     0    [PRESSURE DATA]
TOTAL FM JAN 1     0    HIGHEST SLP 30.78 ON 22
DPTR FM NORMAL     0    LOWEST  SLP 29.53 ON  6

[REMARKS]
#FINAL-02-15#
