000
CXUS55 KBYZ 201055
CF6BHK
PRELIMINARY LOCAL CLIMATOLOGICAL DATA (WS FORM: F-6)

                                          STATION:   BAKER MT
                                          MONTH:     JULY
                                          YEAR:      2017
                                          LATITUDE:   46 20 N
                                          LONGITUDE: 104 15 W

  TEMPERATURE IN F:       :PCPN:    SNOW:  WIND      :SUNSHINE: SKY     :PK WND
================================================================================
1   2   3   4   5  6A  6B    7    8   9   10  11  12  13   14  15   16   17  18
                                     12Z  AVG MX 2MIN
DY MAX MIN AVG DEP HDD CDD  WTR  SNW DPTH SPD SPD DIR MIN PSBL S-S WX    SPD DR
================================================================================

 1  90  58  74   6   0   9 0.00    M    M 12.7 24 340   M    M   1        32 340
 2  95  55  75   7   0  10 0.54    M    M 15.2 41 160   M    M   1 3      53 170
 3  95  56  76   8   0  11 0.00    M    M 12.3 31 140   M    M   0 3      39 140
 4  98  58  78  10   0  13 0.00    M    M  6.2 16 170   M    M   0        20 310
 5 102  60  81  12   0  16 0.00    M    M  9.7 29 290   M    M   0        37 280
 6  93  59  76   7   0  11 0.00    M    M  8.3 20  60   M    M   0        24  70
 7  97  54  76   7   0  11 0.00    M    M 10.5 23  60   M    M   0        29  60
 8  98  53  76   6   0  11 0.00    M    M  9.0 17 190   M    M   0        22 200
 9  99  71  85  15   0  20 0.00    M    M 14.4 23 230   M    M   0        32 360
10  98  68  83  13   0  18    T    M    M 15.0 37 160   M    M   1 3      49 150
11  90  62  76   6   0  11    T    M    M 13.1 25 310   M    M   0        34 330
12  82  55  69  -2   0   4 0.00    M    M  8.4 20  90   M    M   2        23  80
13  91  56  74   3   0   9 0.00    M    M 16.6 24 130   M    M   0        33 130
14 104  67  86  15   0  21 0.00    M    M 13.6 28 150   M    M   0        34 160
15  94  61  78   7   0  13 0.00    M    M 13.3 22 120   M    M   0        26  90
16 105  69  87  16   0  22    T    M    M 15.5 38 320   M    M   1 3      48 310
17  92  64  78   6   0  13    T    M    M 11.5 25  70   M    M   1        29  70
18  87  60  74   2   0   9 0.01    M    M 10.4 21 110   M    M   2 3      25 150
19  91  62  77   5   0  12    T    M    M 14.1 29  40   M    M   2 3      39  30
================================================================================
SM 1801 1148         0 244  0.55    M    229.8          M       11
================================================================================
AV 94.8 60.4                              12.1 FASTST   M    M   1    MAX(MPH)
                                 MISC ---->  # 41 160               # 53  170
================================================================================
NOTES:
# LAST OF SEVERAL OCCURRENCES

COLUMN 17 PEAK WIND IN M.P.H.

PRELIMINARY LOCAL CLIMATOLOGICAL DATA (WS FORM: F-6) , PAGE 2

                                          STATION:  BAKER MT
                                          MONTH:    JULY
                                          YEAR:     2017
                                          LATITUDE:   46 20 N
                                          LONGITUDE: 104 15 W

[TEMPERATURE DATA]      [PRECIPITATION DATA]       SYMBOLS USED IN COLUMN 16

AVERAGE MONTHLY: 77.6   TOTAL FOR MONTH:   0.55    1 = FOG OR MIST
DPTR FM NORMAL:   7.6   DPTR FM NORMAL:   -0.65    2 = FOG REDUCING VISIBILITY
HIGHEST:   105 ON 16    GRTST 24HR  0.54 ON  2- 2      TO 1/4 MILE OR LESS
LOWEST:     53 ON  8                               3 = THUNDER
                        SNOW, ICE PELLETS, HAIL    4 = ICE PELLETS
                        TOTAL MONTH:    M          5 = HAIL
                        GRTST 24HR    M  ON   M    6 = FREEZING RAIN OR DRIZZLE
                        GRTST DEPTH:  M  ON   M    7 = DUSTSTORM OR SANDSTORM:
                                                       VSBY 1/2 MILE OR LESS
                                                   8 = SMOKE OR HAZE
[NO. OF DAYS WITH]      [WEATHER - DAYS WITH]      9 = BLOWING SNOW
                                                   X = TORNADO
MAX 32 OR BELOW:   0    0.01 INCH OR MORE:   2
MAX 90 OR ABOVE:  17    0.10 INCH OR MORE:   1
MIN 32 OR BELOW:   0    0.50 INCH OR MORE:   1
MIN  0 OR BELOW:   0    1.00 INCH OR MORE:   0

[HDD (BASE 65) ]
TOTAL THIS MO.     0    CLEAR  (SCALE 0-3)  19
DPTR FM NORMAL   -19    PTCLDY (SCALE 4-7)   0
TOTAL FM JUL 1     0    CLOUDY (SCALE 8-10)  0
DPTR FM NORMAL   -19

[CDD (BASE 65) ]
TOTAL THIS MO.   244
DPTR FM NORMAL   135    [PRESSURE DATA]
TOTAL FM JAN 1   313    HIGHEST SLP M ON M
DPTR FM NORMAL   149    LOWEST  SLP 29.70 ON 10

[REMARKS]
