000
CXUS53 KBIS 300744
CF6BIS
PRELIMINARY LOCAL CLIMATOLOGICAL DATA (WS FORM: F-6)

                                          STATION:   BISMARCK ND
                                          MONTH:     SEPTEMBER
                                          YEAR:      2014
                                          LATITUDE:   46 46 N
                                          LONGITUDE: 100 45 W

  TEMPERATURE IN F:       :PCPN:    SNOW:  WIND      :SUNSHINE: SKY     :PK WND
================================================================================
1   2   3   4   5  6A  6B    7    8   9   10  11  12  13   14  15   16   17  18
                                     12Z  AVG MX 2MIN
DY MAX MIN AVG DEP HDD CDD  WTR  SNW DPTH SPD SPD DIR MIN PSBL S-S WX    SPD DR
================================================================================

 1  75  50  63  -2   2   0 0.00  0.0    0  7.9 20 330   M    M   0        24 310
 2  80  48  64   0   1   0 0.00  0.0    0  4.9 17 270   M    M   0        23 270
 3  84  47  66   2   0   1    T  0.0    0 10.1 23  90   M    M   1        29  90
 4  69  52  61  -3   4   0    T  0.0    0 16.3 29 290   M    M   5 3      38 320
 5  76  41  59  -4   6   0 0.00  0.0    0  6.3 16 260   M    M   1        22 290
 6  82  43  63   0   2   0 0.00  0.0    0  6.2 16 250   M    M   1        22 280
 7  87  46  67   5   0   2 0.00  0.0    0  4.9 14 180   M    M   0        19 190
 8  90  48  69   7   0   4 0.00  0.0    0  7.3 23  20   M    M   1 18     30  20
 9  56  45  51 -11  14   0 0.15  0.0    0 14.7 24  90   M    M  10 1      31  90
10  52  40  46 -15  19   0 0.08  0.0    0 13.2 22  30   M    M  10        29  40
11  52  38  45 -16  20   0 0.00  0.0    0  6.8 15 330   M    M   8        18 330
12  58  36  47 -13  18   0 0.00  0.0    0  5.0 13 190   M    M   5        17 210
13  67  38  53  -7  12   0 0.00  0.0    0 11.4 25 330   M    M   1        36 270
14  62  35  49 -10  16   0 0.00  0.0    0  5.8 14 330   M    M   3        17 320
15  69  31  50  -9  15   0 0.00  0.0    0  5.4 16 260   M    M   1 1      20 260
16  77  40  59   1   6   0 0.00  0.0    0  3.4  9 100   M    M   0 18     12 150
17  76  35  56  -2   9   0 0.00  0.0    0  3.8 12  70   M    M   0 1      14  90
18  83  46  65   7   0   0 0.00  0.0    0 10.9 29 160   M    M   0        34 160
19  87  59  73  16   0   8 0.03  0.0    0 11.5 28 280   M    M   2 13     38 280
20  74  50  62   5   3   0 0.00  0.0    0 11.4 31 320   M    M   3        40 330
21  75  44  60   4   5   0 0.00  0.0    0  5.4 12 320   M    M   0        17 330
22  84  42  63   7   2   0 0.00  0.0    0 10.4 26 160   M    M   0        31 160
23  72  54  63   8   2   0 0.00  0.0    0 11.5 24 160   M    M   5        27 160
24  89  58  74  19   0   9 0.00  0.0    0  4.7 10 180   M    M   5 18     13 170
25  93  53  73  19   0   8 0.00  0.0    0  9.0 20 160   M    M   0 1      25 160
26  93  62  78  24   0  13 0.00  0.0    0 13.9 32 160   M    M   0        38 150
27  87  55  71  18   0   6 0.00  0.0    0  9.0 23  30   M    M   0 1      29  40
28  63  49  56   3   9   0 0.00  0.0    0 16.5 25  40   M    M   8        31  50
29  61  45  53   1  12   0    T  0.0    0 11.9 18 110   M    M  10        23  80
================================================================================
SM 2173 1330       177  51  0.26     0.0 259.5          M       80
================================================================================
AV 74.9 45.9                               8.9 FASTST   M    M   3    MAX(MPH)
                                 MISC ---->  # 32 160               # 40  330
================================================================================
NOTES:
# LAST OF SEVERAL OCCURRENCES

COLUMN 17 PEAK WIND IN M.P.H.

PRELIMINARY LOCAL CLIMATOLOGICAL DATA (WS FORM: F-6) , PAGE 2

                                          STATION:  BISMARCK ND
                                          MONTH:    SEPTEMBER
                                          YEAR:     2014
                                          LATITUDE:   46 46 N
                                          LONGITUDE: 100 45 W

[TEMPERATURE DATA]      [PRECIPITATION DATA]       SYMBOLS USED IN COLUMN 16

AVERAGE MONTHLY: 60.4   TOTAL FOR MONTH:   0.26    1 = FOG OR MIST
DPTR FM NORMAL:   1.6   DPTR FM NORMAL:   -1.29    2 = FOG REDUCING VISIBILITY
HIGHEST:    93 ON 26,25 GRTST 24HR  0.17 ON  9-10      TO 1/4 MILE OR LESS
LOWEST:     31 ON 15                               3 = THUNDER
                        SNOW, ICE PELLETS, HAIL    4 = ICE PELLETS
                        TOTAL MONTH:   0.0 INCH    5 = HAIL
                        GRTST 24HR     0.0         6 = FREEZING RAIN OR DRIZZLE
                        GRTST DEPTH:   0           7 = DUSTSTORM OR SANDSTORM:
                                                       VSBY 1/2 MILE OR LESS
                                                   8 = SMOKE OR HAZE
[NO. OF DAYS WITH]      [WEATHER - DAYS WITH]      9 = BLOWING SNOW
                                                   X = TORNADO
MAX 32 OR BELOW:   0    0.01 INCH OR MORE:   3
MAX 90 OR ABOVE:   3    0.10 INCH OR MORE:   1
MIN 32 OR BELOW:   1    0.50 INCH OR MORE:   0
MIN  0 OR BELOW:   0    1.00 INCH OR MORE:   0

[HDD (BASE 65) ]
TOTAL THIS MO.   177    CLEAR  (SCALE 0-3)  20
DPTR FM NORMAL   -40    PTCLDY (SCALE 4-7)   5
TOTAL FM JUL 1   239    CLOUDY (SCALE 8-10)  4
DPTR FM NORMAL   -33

[CDD (BASE 65) ]
TOTAL THIS MO.    51
DPTR FM NORMAL    14    [PRESSURE DATA]
TOTAL FM JAN 1   457    HIGHEST SLP M ON M
DPTR FM NORMAL   -61    LOWEST  SLP 29.52 ON  3

[REMARKS]
