000
CXUS53 KGRR 231017
CF6BIV
PRELIMINARY LOCAL CLIMATOLOGICAL DATA (WS FORM: F-6)

                                          STATION:   HOLLAND
                                          MONTH:     JULY
                                          YEAR:      2017
                                          LATITUDE:   42 49 N
                                          LONGITUDE:  86 10 W

  TEMPERATURE IN F:       :PCPN:    SNOW:  WIND      :SUNSHINE: SKY     :PK WND
================================================================================
1   2   3   4   5  6A  6B    7    8   9   10  11  12  13   14  15   16   17  18
                                     12Z  AVG MX 2MIN
DY MAX MIN AVG DEP HDD CDD  WTR  SNW DPTH SPD SPD DIR MIN PSBL S-S WX    SPD DR
================================================================================

 1  78  65  72   0   0   7 0.00    M    M  7.7 13 270   M    M   3 1      17 270
 2  79  61  70  -2   0   5 0.80    M    M  6.7 18 250   M    M   3 13     22 240
 3  82  62  72   0   0   7 0.00    M    M  4.9 12  80   M    M   2 3      17 110
 4  83  61  72   0   0   7 0.00    M    M  6.3 14 100   M    M   1        17 110
 5  85  60  73   1   0   8 0.00    M    M  4.4 13 160   M    M   0        16 160
 6  85  62  74   2   0   9 0.00    M    M  5.5 15 230   M    M   0        19 250
 7  80  64  72   0   0   7 0.14    M    M  8.5 29 330   M    M   2 13     46 290
 8  73  55  64  -8   1   0 0.00    M    M  6.5 14 310   M    M   1        20 290
 9  81  54  68  -4   0   3 0.00    M    M  9.2 18 220   M    M   2        23 220
10  82  66  74   2   0   9 0.43    M    M  6.4 23 250   M    M   6 13     30 250
11  85  63  74   2   0   9 0.00    M    M  2.7 12 260   M    M   1 128    14 260
12  83  69  76   4   0  11 1.03    M    M  9.9 30 240   M    M   3 13     42 250
13  77  66  72  -1   0   7 0.65    M    M  8.6 29 250   M    M   7 13     41 250
14  73  63  68  -5   0   3 0.00    M    M  6.9 16 320   M    M   6        22 320
15  76  55  66  -7   0   1 0.00    M    M  5.2 16 240   M    M   1 1      19 250
16  80  64  72  -1   0   7 0.00    M    M  7.5 16 200   M    M   3        21 310
17  79  59  69  -4   0   4 0.00    M    M  4.6 13 100   M    M   2        16 110
18  81  56  69  -4   0   4 0.00    M    M  3.1 10 240   M    M   0 1      12 200
19  87  65  76   3   0  11 0.00    M    M  4.4 14 270   M    M   1        18 300
20  81  67  74   1   0   9 0.06    M    M  6.7 26 210   M    M   2 1      34 210
21  86  60  73   0   0   8 0.02    M    M  3.7 10 290   M    M   4 128    15 320
22  79  68  74   1   0   9 0.12  0.0    0  6.6 15 280   M    M   9 12     23 280
================================================================================
SM 1775 1365         1 145  3.25     0.0 136.0          M       59
================================================================================
AV 80.7 62.1                               6.2 FASTST   M    M   3    MAX(MPH)
                                 MISC ---->  # 30 240               # 46  290
================================================================================
NOTES:
# LAST OF SEVERAL OCCURRENCES

COLUMN 17 PEAK WIND IN M.P.H.

PRELIMINARY LOCAL CLIMATOLOGICAL DATA (WS FORM: F-6) , PAGE 2

                                          STATION:  HOLLAND
                                          MONTH:    JULY
                                          YEAR:     2017
                                          LATITUDE:   42 49 N
                                          LONGITUDE:  86 10 W

[TEMPERATURE DATA]      [PRECIPITATION DATA]       SYMBOLS USED IN COLUMN 16

AVERAGE MONTHLY: 71.4   TOTAL FOR MONTH:   3.25    1 = FOG OR MIST
DPTR FM NORMAL:  -1.1   DPTR FM NORMAL:    1.20    2 = FOG REDUCING VISIBILITY
HIGHEST:    87 ON 19    GRTST 24HR  1.03 ON 12-12      TO 1/4 MILE OR LESS
LOWEST:     54 ON  9                               3 = THUNDER
                        SNOW, ICE PELLETS, HAIL    4 = ICE PELLETS
                        TOTAL MONTH:   0.0 INCH    5 = HAIL
                        GRTST 24HR     0.0         6 = FREEZING RAIN OR DRIZZLE
                        GRTST DEPTH:   0           7 = DUSTSTORM OR SANDSTORM:
                                                       VSBY 1/2 MILE OR LESS
                                                   8 = SMOKE OR HAZE
[NO. OF DAYS WITH]      [WEATHER - DAYS WITH]      9 = BLOWING SNOW
                                                   X = TORNADO
MAX 32 OR BELOW:   0    0.01 INCH OR MORE:   8
MAX 90 OR ABOVE:   0    0.10 INCH OR MORE:   6
MIN 32 OR BELOW:   0    0.50 INCH OR MORE:   3
MIN  0 OR BELOW:   0    1.00 INCH OR MORE:   1

[HDD (BASE 65) ]
TOTAL THIS MO.     1    CLEAR  (SCALE 0-3)  16
DPTR FM NORMAL     1    PTCLDY (SCALE 4-7)   5
TOTAL FM JUL 1     1    CLOUDY (SCALE 8-10)  1
DPTR FM NORMAL     1

[CDD (BASE 65) ]
TOTAL THIS MO.   145
DPTR FM NORMAL   -25    [PRESSURE DATA]
TOTAL FM JAN 1   329    HIGHEST SLP M ON M
DPTR FM NORMAL   -29    LOWEST  SLP 29.76 ON M

[REMARKS]
