000
CXUS53 KGRR 231017
CF6BIV
PRELIMINARY LOCAL CLIMATOLOGICAL DATA (WS FORM: F-6)

                                          STATION:   HOLLAND
                                          MONTH:     FEBRUARY
                                          YEAR:      2017
                                          LATITUDE:   42 49 N
                                          LONGITUDE:  86 10 W

  TEMPERATURE IN F:       :PCPN:    SNOW:  WIND      :SUNSHINE: SKY     :PK WND
================================================================================
1   2   3   4   5  6A  6B    7    8   9   10  11  12  13   14  15   16   17  18
                                     12Z  AVG MX 2MIN
DY MAX MIN AVG DEP HDD CDD  WTR  SNW DPTH SPD SPD DIR MIN PSBL S-S WX    SPD DR
================================================================================

 1  37  24  31   5  34   0 0.02    M    M  9.8 21 270   M    M   8 1      27 270
 2  24  18  21  -5  44   0    T    M    M 13.1 20 300   M    M   9        30 290
 3  25  18  22  -4  43   0 0.00    M    M 12.6 21 300   M    M   6        30 290
 4  32  18  25  -1  40   0    T    M    M 11.7 23 210   M    M   3        32 220
 5  36  21  29   3  36   0    T    M    M 10.0 28 240   M    M   8        35 240
 6  47  20  34   7  31   0 0.00    M    M  4.6  9 100   M    M   2 18     12 170
 7  43  34  39  12  26   0 0.32    M    M 11.2 22 280   M    M  10 128    33 270
 8  34  20  27   0  38   0    T    M    M  8.2 18 300   M    M  10        26 290
 9  24  16  20  -7  45   0    T    M    M 12.2 23 300   M    M   8        30 320
10  41  20  31   4  34   0 0.00    M    M 14.6 28 200   M    M   4        37 200
11  45  34  40  13  25   0 0.07    M    M  3.8 16 240   M    M   5 1      21 240
12  43  34  39  11  26   0 0.04    M    M 12.5 29 300   M    M   6 18     44 300
13  41  32  37   9  28   0 0.00    M    M 11.1 20 220   M    M   0        28 220
14  44  34  39  11  26   0    T    M    M 16.1 25 230   M    M   2 1      33 340
15  34  26  30   2  35   0    T    M    M  9.1 20 320   M    M   9        29 300
16  35  20  28   0  37   0 0.00    M    M  4.5 12 130   M    M   5        16 120
17  60  28  44  15  21   0 0.00    M    M  7.7 24 220   M    M   0        29 220
18  54  35  45  16  20   0 0.00    M    M 11.5 26 220   M    M   0        33 230
19  57  33  45  16  20   0 0.00    M    M  3.5 12 250   M    M   0        13 280
20  65  33  49  20  16   0 0.00    M    M  9.4 18 140   M    M   0        25 140
21  58  49  54  24  11   0 0.10    M    M  7.9 18 220   M    M   8 12     25 200
22  65  45  55  25  10   0 0.00  0.0    0 10.8 25 210   M    M   6 128    33 210
================================================================================
SM  944  612       646   0  0.55     0.0 215.9          M      109
================================================================================
AV 42.9 27.8                               9.8 FASTST   M    M   5    MAX(MPH)
                                 MISC ---->  # 29 300               # 44  300
================================================================================
NOTES:
# LAST OF SEVERAL OCCURRENCES

COLUMN 17 PEAK WIND IN M.P.H.

PRELIMINARY LOCAL CLIMATOLOGICAL DATA (WS FORM: F-6) , PAGE 2

                                          STATION:  HOLLAND
                                          MONTH:    FEBRUARY
                                          YEAR:     2017
                                          LATITUDE:   42 49 N
                                          LONGITUDE:  86 10 W

[TEMPERATURE DATA]      [PRECIPITATION DATA]       SYMBOLS USED IN COLUMN 16

AVERAGE MONTHLY: 35.4   TOTAL FOR MONTH:   0.55    1 = FOG OR MIST
DPTR FM NORMAL:   7.7   DPTR FM NORMAL:   -0.79    2 = FOG REDUCING VISIBILITY
HIGHEST:    65 ON 22,20 GRTST 24HR  0.32 ON  7- 7      TO 1/4 MILE OR LESS
LOWEST:     16 ON  9                               3 = THUNDER
                        SNOW, ICE PELLETS, HAIL    4 = ICE PELLETS
                        TOTAL MONTH:   0.0 INCH    5 = HAIL
                        GRTST 24HR     0.0         6 = FREEZING RAIN OR DRIZZLE
                        GRTST DEPTH:   0           7 = DUSTSTORM OR SANDSTORM:
                                                       VSBY 1/2 MILE OR LESS
                                                   8 = SMOKE OR HAZE
[NO. OF DAYS WITH]      [WEATHER - DAYS WITH]      9 = BLOWING SNOW
                                                   X = TORNADO
MAX 32 OR BELOW:   4    0.01 INCH OR MORE:   5
MAX 90 OR ABOVE:   0    0.10 INCH OR MORE:   2
MIN 32 OR BELOW:  13    0.50 INCH OR MORE:   0
MIN  0 OR BELOW:   0    1.00 INCH OR MORE:   0

[HDD (BASE 65) ]
TOTAL THIS MO.   646    CLEAR  (SCALE 0-3)   7
DPTR FM NORMAL  -176    PTCLDY (SCALE 4-7)   8
TOTAL FM JUL 1  3715    CLOUDY (SCALE 8-10)  7
DPTR FM NORMAL  -581

[CDD (BASE 65) ]
TOTAL THIS MO.     0
DPTR FM NORMAL     0    [PRESSURE DATA]
TOTAL FM JAN 1     0    HIGHEST SLP M ON M
DPTR FM NORMAL     0    LOWEST  SLP 29.25 ON  7

[REMARKS]
