000
CXUS51 KRNK 010615
CF6BLF
PRELIMINARY LOCAL CLIMATOLOGICAL DATA (WS FORM: F-6)

                                          STATION:   BLUEFIELD VA
                                          MONTH:     SEPTEMBER
                                          YEAR:      2016
                                          LATITUDE:   37 17 N
                                          LONGITUDE:  81 12 W

  TEMPERATURE IN F:       :PCPN:    SNOW:  WIND      :SUNSHINE: SKY     :PK WND
================================================================================
1   2   3   4   5  6A  6B    7    8   9   10  11  12  13   14  15   16   17  18
                                     12Z  AVG MX 2MIN
DY MAX MIN AVG DEP HDD CDD  WTR  SNW DPTH SPD SPD DIR MIN PSBL S-S WX    SPD DR
================================================================================

 1  77  58  68  -2   0   3 0.02  0.0    0  5.1 15  20   M    M   5 12     19  10
 2  66  56  61  -9   4   0 0.00  0.0    0  4.6 10  90   M    M   5 12     16  90
 3  72  50  61  -9   4   0 0.00  0.0    0  3.9 12  10   M    M   2        16  10
 4  77  56  67  -3   0   2 0.00  0.0    0  2.0  9 140   M    M   1        12 350
 5  80  56  68  -1   0   3 0.00  0.0    0  2.9  9 310   M    M   0        12 300
 6  81  57  69   0   0   4 0.00  0.0    0  6.9 13 300   M    M   2        17 290
 7  82  63  73   4   0   8 0.00  0.0    0  6.8 15 260   M    M   2        22 290
 8  84  64  74   6   0   9 0.00  0.0    0  5.9 14 270   M    M   1 8      18 280
 9  83  66  75   7   0  10 0.00  0.0    0  5.1 15 260   M    M   3        19 250
10  83  66  75   7   0  10 0.00  0.0    0  7.0 15 240   M    M   3        24 250
11  73  56  65  -3   0   0 0.06  0.0    0  4.6 12 320   M    M   4 1      17 300
12  77  53  65  -2   0   0 0.00  0.0    0  6.5 15 140   M    M   2        23 140
13  81  64  73   6   0   8 0.00  0.0    0  3.6 14 280   M    M   2        20 190
14  82  62  72   6   0   7 0.00  0.0    0  5.1 14 300   M    M   1        20 300
15  80  58  69   3   0   4 0.00  0.0    0  3.5 10 140   M    M   1        19 150
16  74  63  69   3   0   4 0.00  0.0    0  7.0 14 160   M    M   7        22 150
17  79  64  72   7   0   7 0.00  0.0    0  7.4 14 170   M    M   2        21 180
18  77  63  70   5   0   5 0.13  0.0    0  3.0 10 150   M    M   7 1      15 170
19  75  62  69   4   0   4 0.48  0.0    0  3.0 12  10   M    M   6 1      16  10
20  79  58  69   5   0   4 0.00  0.0    0  3.6 14  30   M    M   4 12     20  20
21  78  56  67   3   0   2 0.00  0.0    0  3.0 13  10   M    M   0        15  20
22  76  56  66   2   0   1 0.00  0.0    0  3.8 12  80   M    M   2        19  70
23  81  58  70   7   0   5 0.00  0.0    0  3.1 10  30   M    M   1        16  10
24  81  62  72   9   0   7    T  0.0    0  3.8 12 290   M    M   2        16 260
25  82  59  71   8   0   6 0.00  0.0    0  3.3 13 270   M    M   2 1      17 230
26  77  62  70   8   0   5 0.05  0.0    0  5.5 18 260   M    M   6 13     26 290
27  71  53  62   0   3   0 0.01  0.0    0  5.7 14 260   M    M   3 1      18 250
28  75  47  61  -1   4   0 0.00  0.0    0  5.9 20 250   M    M   1        25 230
29  69  50  60  -1   5   0 0.04  0.0    0  6.0 17 130   M    M   8 123    28 130
30  72  53  63   2   2   0 0.09  0.0    0  6.0 15 160   M    M   8 123    23 130
================================================================================
SM 2324 1751        22 118  0.88     0.0 143.6          M       93
================================================================================
AV 77.5 58.4                               4.8 FASTST   M    M   3    MAX(MPH)
                                 MISC ---->  # 20 250               # 28  130
================================================================================
NOTES:
# LAST OF SEVERAL OCCURRENCES

COLUMN 17 PEAK WIND IN M.P.H.

PRELIMINARY LOCAL CLIMATOLOGICAL DATA (WS FORM: F-6) , PAGE 2

                                          STATION:  BLUEFIELD VA
                                          MONTH:    SEPTEMBER
                                          YEAR:     2016
                                          LATITUDE:   37 17 N
                                          LONGITUDE:  81 12 W

[TEMPERATURE DATA]      [PRECIPITATION DATA]       SYMBOLS USED IN COLUMN 16

AVERAGE MONTHLY: 67.9   TOTAL FOR MONTH:   0.88    1 = FOG OR MIST
DPTR FM NORMAL:   2.1   DPTR FM NORMAL:   -2.26    2 = FOG REDUCING VISIBILITY
HIGHEST:    84 ON  8    GRTST 24HR  0.61 ON 18-19      TO 1/4 MILE OR LESS
LOWEST:     47 ON 28                               3 = THUNDER
                        SNOW, ICE PELLETS, HAIL    4 = ICE PELLETS
                        TOTAL MONTH:   0.0 INCH    5 = HAIL
                        GRTST 24HR     0.0         6 = FREEZING RAIN OR DRIZZLE
                        GRTST DEPTH:   0           7 = DUSTSTORM OR SANDSTORM:
                                                       VSBY 1/2 MILE OR LESS
                                                   8 = SMOKE OR HAZE
[NO. OF DAYS WITH]      [WEATHER - DAYS WITH]      9 = BLOWING SNOW
                                                   X = TORNADO
MAX 32 OR BELOW:   0    0.01 INCH OR MORE:   8
MAX 90 OR ABOVE:   0    0.10 INCH OR MORE:   2
MIN 32 OR BELOW:   0    0.50 INCH OR MORE:   0
MIN  0 OR BELOW:   0    1.00 INCH OR MORE:   0

[HDD (BASE 65) ]
TOTAL THIS MO.    22    CLEAR  (SCALE 0-3)  18
DPTR FM NORMAL   -51    PTCLDY (SCALE 4-7)  12
TOTAL FM JUL 1    22    CLOUDY (SCALE 8-10)  0
DPTR FM NORMAL   -57

[CDD (BASE 65) ]
TOTAL THIS MO.   118
DPTR FM NORMAL    20    [PRESSURE DATA]
TOTAL FM JAN 1   726    HIGHEST SLP M ON M
DPTR FM NORMAL  -106    LOWEST  SLP 29.85 ON 27

[REMARKS]
#FINAL-09-16#
