000
CXUS51 KRNK 220732
CF6BLF
PRELIMINARY LOCAL CLIMATOLOGICAL DATA (WS FORM: F-6)

                                          STATION:   BLUEFIELD WV
                                          MONTH:     MAY
                                          YEAR:      2015
                                          LATITUDE:   37 17 N
                                          LONGITUDE:  81 12 W

  TEMPERATURE IN F:       :PCPN:    SNOW:  WIND      :SUNSHINE: SKY     :PK WND
================================================================================
1   2   3   4   5  6A  6B    7    8   9   10  11  12  13   14  15   16   17  18
                                     12Z  AVG MX 2MIN
DY MAX MIN AVG DEP HDD CDD  WTR  SNW DPTH SPD SPD DIR MIN PSBL S-S WX    SPD DR
================================================================================

 1  52  40  46 -13  19   0 0.51  0.0    0  7.9 14 310   M    M   9 1      19 310
 2  68  43  56  -4   9   0 0.00  0.0    0  5.9 14  10   M    M   2        20 310
 3  75  51  63   3   2   0 0.00  0.0    0  3.1 10 180   M    M   0        18 210
 4  78  58  68   8   0   3 0.00  0.0    0  6.5 17 250   M    M   2 8      25 280
 5  80  59  70  10   0   5 0.00  0.0    0  4.9 13 260   M    M   2        17 240
 6  82  60  71  11   0   6 0.02  0.0    0  4.8 15 260   M    M   6        19 260
 7  80  58  69   8   0   4 0.00  0.0    0  2.7 10  90   M    M   2 3      14  90
 8  84  60  72  11   0   7 0.00  0.0    0  3.7 14  20   M    M   2 1      19 140
 9  83  61  72  11   0   7 0.00  0.0    0  5.8 13 130   M    M   1        20 120
10  81  64  73  12   0   8 0.00  0.0    0  5.8 12 150   M    M   4        19 110
11  87  60  74  12   0   9 0.00  0.0    0  6.2 17 240   M    M   2 3      23 210
12  79  59  69   7   0   4 0.02  0.0    0 10.6 24 290   M    M   3 18     37 270
13  69  49  59  -3   6   0 0.00  0.0    0  7.2 15 310   M    M   1        22 250
14  77  43  60  -2   5   0 0.00  0.0    0  5.5 13 150   M    M   0        18 160
15  77  57  67   5   0   2 0.01  0.0    0  5.5 14 260   M    M   3 3      21 210
16  83  61  72   9   0   7 0.71  0.0    0  4.4 14 230   M    M   6 13     20 220
17  79  63  71   8   0   6    T  0.0    0  3.9 16 290   M    M   5 1      26 280
18  81  66  74  11   0   9 0.12  0.0    0  5.9 23 250   M    M   6 12     27 250
19  78  61  70   7   0   5 0.00  0.0    0  6.4 17 290   M    M   6 1      22 300
20  74  51  63  -1   2   0 0.00  0.0    0  6.4 14 250   M    M   2 18     19 330
21  64  47  56  -8   9   0 0.31  0.0    0  6.9 16 300   M    M  10 1      23 300
================================================================================
SM 1611 1171        52  82  1.70     0.0 120.0          M       74
================================================================================
AV 76.7 55.8                               5.7 FASTST   M    M   4    MAX(MPH)
                                 MISC ---->  # 24 290               # 37  270
================================================================================
NOTES:
# LAST OF SEVERAL OCCURRENCES

COLUMN 17 PEAK WIND IN M.P.H.

PRELIMINARY LOCAL CLIMATOLOGICAL DATA (WS FORM: F-6) , PAGE 2

                                          STATION:  BLUEFIELD WV
                                          MONTH:    MAY
                                          YEAR:     2015
                                          LATITUDE:   37 17 N
                                          LONGITUDE:  81 12 W

[TEMPERATURE DATA]      [PRECIPITATION DATA]       SYMBOLS USED IN COLUMN 16

AVERAGE MONTHLY: 66.2   TOTAL FOR MONTH:   1.70    1 = FOG OR MIST
DPTR FM NORMAL:   4.7   DPTR FM NORMAL:   -1.12    2 = FOG REDUCING VISIBILITY
HIGHEST:    87 ON 11    GRTST 24HR  0.71 ON 16-16      TO 1/4 MILE OR LESS
LOWEST:     40 ON  1                               3 = THUNDER
                        SNOW, ICE PELLETS, HAIL    4 = ICE PELLETS
                        TOTAL MONTH:   0.0 INCH    5 = HAIL
                        GRTST 24HR     0.0         6 = FREEZING RAIN OR DRIZZLE
                        GRTST DEPTH:   0           7 = DUSTSTORM OR SANDSTORM:
                                                       VSBY 1/2 MILE OR LESS
                                                   8 = SMOKE OR HAZE
[NO. OF DAYS WITH]      [WEATHER - DAYS WITH]      9 = BLOWING SNOW
                                                   X = TORNADO
MAX 32 OR BELOW:   0    0.01 INCH OR MORE:   7
MAX 90 OR ABOVE:   0    0.10 INCH OR MORE:   4
MIN 32 OR BELOW:   0    0.50 INCH OR MORE:   2
MIN  0 OR BELOW:   0    1.00 INCH OR MORE:   0

[HDD (BASE 65) ]
TOTAL THIS MO.    52    CLEAR  (SCALE 0-3)  12
DPTR FM NORMAL   -56    PTCLDY (SCALE 4-7)   7
TOTAL FM JUL 1  4824    CLOUDY (SCALE 8-10)  2
DPTR FM NORMAL   286

[CDD (BASE 65) ]
TOTAL THIS MO.    82
DPTR FM NORMAL    49    [PRESSURE DATA]
TOTAL FM JAN 1    93    HIGHEST SLP M ON M
DPTR FM NORMAL    32    LOWEST  SLP 29.75 ON  1

[REMARKS]
