000
CXUS55 KSEW 250930
CF6BLI
PRELIMINARY LOCAL CLIMATOLOGICAL DATA (WS FORM: F-6)

                                          STATION:   BELLINGHAM WA AIRPORT
                                          MONTH:     OCTOBER
                                          YEAR:      2014
                                          LATITUDE:   48 47 N
                                          LONGITUDE: 122 32 W

  TEMPERATURE IN F:       :PCPN:    SNOW:  WIND      :SUNSHINE: SKY     :PK WND
================================================================================
1   2   3   4   5  6A  6B    7    8   9   10  11  12  13   14  15   16   17  18
                                     12Z  AVG MX 2MIN
DY MAX MIN AVG DEP HDD CDD  WTR  SNW DPTH SPD SPD DIR MIN PSBL S-S WX    SPD DR
================================================================================

 1  62  50  56   3   9   0 0.00  0.0    0  4.8 13 170   M    M   7        24 180
 2  65  44  55   2  10   0 0.00  0.0    0  1.5  7 280   M    M   3 1      10 320
 3  70  44  57   4   8   0 0.02  0.0    0  0.7  M   M   M    M   0 1       M  M
 4  68  56  62   9   3   0    T  0.0    0  1.5  8  40   M    M  10 1      12  50
 5  71  55  63  11   2   0 0.00  0.0    0  1.1  8 270   M    M   6 1      12 290
 6  67  53  60   8   5   0 0.00  0.0    0  1.5 10 170   M    M   3 1      21 150
 7  66  52  59   7   6   0 0.00  0.0    0  1.7  9 160   M    M   6 12     12 140
 8  64  51  58   6   7   0 0.00  0.0    0  0.8  7 170   M    M   7 12      9 170
 9  68  50  59   8   6   0 0.00  0.0    0  0.8  8 280   M    M   5 12     10 280
10  62  48  55   4  10   0 0.02  0.0    0  6.0 16 160   M    M   9 12     22 160
11  62  52  57   6   8   0 0.17  0.0    0  8.1 14 170   M    M   5 1      21 140
12  59  51  55   4  10   0 0.04  0.0    0  4.8 13 170   M    M   7 1      17 160
13  69  51  60  10   5   0 0.95  0.0    0  6.4 26 150   M    M   6 1      40 150
14  61  51  56   6   9   0 0.07  0.0    0  4.2 12 110   M    M   8        15 130
15  57  52  55   5  10   0 0.20  0.0    0  7.6 18 160   M    M   9 1      25 170
16  67  51  59   9   6   0 0.00  0.0    0  7.6 18 130   M    M   6        23 130
17  63  51  57   8   8   0 0.16  0.0    0  8.1 25 150   M    M   9        37 150
18  65  56  61  12   4   0 0.00  0.0    0  6.2 14 160   M    M   9        20 160
19  75  53  64  15   1   0 0.46  0.0    0 10.4 31 140   M    M   6 1      44 140
20  63  56  60  11   5   0 0.65  0.0    0  8.4 21 150   M    M  10 1      29 150
21  63  55  59  10   6   0 0.04  0.0    0 16.5 36 140   M    M   7        49 140
22  62  54  58  10   7   0 0.37  0.0    0 13.1 32 150   M    M  10 1      45 150
23  56  49  53   5  12   0 0.04  0.0    0  9.0 22 150   M    M   8        32 150
24  56  44  50   2  15   0 0.10  0.0    0  5.5 13  10   M    M   6 1      17  20
================================================================================
SM 1541 1229       172   0  3.29     0.0 136.3          M      162
================================================================================
AV 64.2 51.2                               5.7 FASTST   M    M   7    MAX(MPH)
                                 MISC ---->  # 36 140               # 49  140
================================================================================
NOTES:
# LAST OF SEVERAL OCCURRENCES

COLUMN 17 PEAK WIND IN M.P.H.

PRELIMINARY LOCAL CLIMATOLOGICAL DATA (WS FORM: F-6) , PAGE 2

                                          STATION:  BELLINGHAM WA AIRPORT
                                          MONTH:    OCTOBER
                                          YEAR:     2014
                                          LATITUDE:   48 47 N
                                          LONGITUDE: 122 32 W

[TEMPERATURE DATA]      [PRECIPITATION DATA]       SYMBOLS USED IN COLUMN 16

AVERAGE MONTHLY: 57.7   TOTAL FOR MONTH:   3.29    1 = FOG OR MIST
DPTR FM NORMAL:   7.2   DPTR FM NORMAL:    0.71    2 = FOG REDUCING VISIBILITY
HIGHEST:    75 ON 19    GRTST 24HR  1.08 ON 19-20      TO 1/4 MILE OR LESS
LOWEST:     44 ON 24, 3                            3 = THUNDER
                        SNOW, ICE PELLETS, HAIL    4 = ICE PELLETS
                        TOTAL MONTH:   0.0 INCH    5 = HAIL
                        GRTST 24HR     0.0         6 = FREEZING RAIN OR DRIZZLE
                        GRTST DEPTH:   0           7 = DUSTSTORM OR SANDSTORM:
                                                       VSBY 1/2 MILE OR LESS
                                                   8 = SMOKE OR HAZE
[NO. OF DAYS WITH]      [WEATHER - DAYS WITH]      9 = BLOWING SNOW
                                                   X = TORNADO
MAX 32 OR BELOW:   0    0.01 INCH OR MORE:  14
MAX 90 OR ABOVE:   0    0.10 INCH OR MORE:   8
MIN 32 OR BELOW:   0    0.50 INCH OR MORE:   2
MIN  0 OR BELOW:   0    1.00 INCH OR MORE:   0

[HDD (BASE 65) ]
TOTAL THIS MO.   172    CLEAR  (SCALE 0-3)   3
DPTR FM NORMAL  -175    PTCLDY (SCALE 4-7)  13
TOTAL FM JUL 1   331    CLOUDY (SCALE 8-10)  8
DPTR FM NORMAL  -447

[CDD (BASE 65) ]
TOTAL THIS MO.     0
DPTR FM NORMAL     0    [PRESSURE DATA]
TOTAL FM JAN 1   117    HIGHEST SLP M ON M
DPTR FM NORMAL    75    LOWEST  SLP 29.46 ON 15

[REMARKS]
