000
CXUS53 KIND 220730
CF6BMG
PRELIMINARY LOCAL CLIMATOLOGICAL DATA (WS FORM: F-6)

                                          STATION:   BLOOMINGTON IN
                                          MONTH:     OCTOBER
                                          YEAR:      2017
                                          LATITUDE:   39  7 N
                                          LONGITUDE:  86 37 W

  TEMPERATURE IN F:       :PCPN:    SNOW:  WIND      :SUNSHINE: SKY     :PK WND
================================================================================
1   2   3   4   5  6A  6B    7    8   9   10  11  12  13   14  15   16   17  18
                                     12Z  AVG MX 2MIN
DY MAX MIN AVG DEP HDD CDD  WTR  SNW DPTH SPD SPD DIR MIN PSBL S-S WX    SPD DR
================================================================================

 1  75  43  59   0   6   0 0.00    M    M  5.3 16 130   M    M   0        24 120
 2  80  54  67   8   0   2 0.00    M    M  7.1 16 130   M    M   0        20 160
 3  84  61  73  14   0   8 0.00    M    M  7.3 20 220   M    M   4        24 230
 4  78  67  73  15   0   8 0.01    M    M  4.1 15 290   M    M   9        19 300
 5  74  64  69  11   0   4 0.68    M    M  3.9 13 190   M    M   9 1      15 180
 6  82  64  73  15   0   8    T    M    M  6.7 14 160   M    M   3        20 190
 7  85  63  74  17   0   9 0.70    M    M 12.0 25 190   M    M   5 1      34 190
 8  66  54  60   3   5   0 0.17    M    M  4.6 13 110   M    M   8 12     16 110
 9  73  60  67  10   0   2 0.01    M    M  2.4  9 210   M    M   8 12     11 210
10  71  61  66  10   0   1 0.64    M    M  7.7 20 140   M    M   9 123    29 140
11  71  54  63   7   2   0 0.01    M    M  7.3 16 260   M    M  10 1      23 260
12  65  53  59   3   6   0 0.02    M    M  1.7  7 200   M    M  10 12      8 200
13  74  55  65  10   0   0 0.00    M    M  3.5 13 200   M    M   5        17 140
14  84  55  70  15   0   5 0.00    M    M  7.2 17 200   M    M   2        23 210
15  74  51  63   8   2   0 0.17    M    M 11.2 26 220   M    M   9 1      39 240
16  63  40  52  -3  13   0 0.00    M    M  2.6 10 350   M    M   1        14  10
17  67  37  52  -2  13   0 0.00    M    M  3.5 14 200   M    M   0        18 230
18  71  39  55   1  10   0 0.00    M    M  5.4 15 180   M    M   0 1      20 240
19  75  43  59   5   6   0 0.00    M    M  3.9 13 200   M    M   0        17 210
20  77  45  61   7   4   0 0.00    M    M  3.1 13 220   M    M   0 1      18 200
21  76  50  63  10   2   0 0.00    M    M  7.9 17 150   M    M   0        22 160
================================================================================
SM 1565 1113        69  47  2.41    M    118.4          M       92
================================================================================
AV 74.5 53.0                               5.6 FASTST   M    M   4    MAX(MPH)
                                 MISC ---->  # 26 220               # 39  240
================================================================================
NOTES:
# LAST OF SEVERAL OCCURRENCES

COLUMN 17 PEAK WIND IN M.P.H.

PRELIMINARY LOCAL CLIMATOLOGICAL DATA (WS FORM: F-6) , PAGE 2

                                          STATION:  BLOOMINGTON IN
                                          MONTH:    OCTOBER
                                          YEAR:     2017
                                          LATITUDE:   39  7 N
                                          LONGITUDE:  86 37 W

[TEMPERATURE DATA]      [PRECIPITATION DATA]       SYMBOLS USED IN COLUMN 16

AVERAGE MONTHLY: 63.8   TOTAL FOR MONTH:   2.41    1 = FOG OR MIST
DPTR FM NORMAL:   7.6   DPTR FM NORMAL:   -0.03    2 = FOG REDUCING VISIBILITY
HIGHEST:    85 ON  7    GRTST 24HR  0.70 ON  7- 7      TO 1/4 MILE OR LESS
LOWEST:     37 ON 17                               3 = THUNDER
                        SNOW, ICE PELLETS, HAIL    4 = ICE PELLETS
                        TOTAL MONTH:    M          5 = HAIL
                        GRTST 24HR    M  ON   M    6 = FREEZING RAIN OR DRIZZLE
                        GRTST DEPTH:  M  ON   M    7 = DUSTSTORM OR SANDSTORM:
                                                       VSBY 1/2 MILE OR LESS
                                                   8 = SMOKE OR HAZE
[NO. OF DAYS WITH]      [WEATHER - DAYS WITH]      9 = BLOWING SNOW
                                                   X = TORNADO
MAX 32 OR BELOW:   0    0.01 INCH OR MORE:   9
MAX 90 OR ABOVE:   0    0.10 INCH OR MORE:   5
MIN 32 OR BELOW:   0    0.50 INCH OR MORE:   3
MIN  0 OR BELOW:   0    1.00 INCH OR MORE:   0

[HDD (BASE 65) ]
TOTAL THIS MO.    69    CLEAR  (SCALE 0-3)  10
DPTR FM NORMAL  -129    PTCLDY (SCALE 4-7)   5
TOTAL FM JUL 1   121    CLOUDY (SCALE 8-10)  6
DPTR FM NORMAL  -162

[CDD (BASE 65) ]
TOTAL THIS MO.    47
DPTR FM NORMAL    36    [PRESSURE DATA]
TOTAL FM JAN 1  1085    HIGHEST SLP M ON M
DPTR FM NORMAL   161    LOWEST  SLP 29.64 ON  7

[REMARKS]
