000
CXUS53 KILX 012300
CF6BMI
PRELIMINARY LOCAL CLIMATOLOGICAL DATA (WS FORM: F-6)

                                          STATION:   BLOOMINGTON IL AIRPORT
                                          MONTH:     JUNE
                                          YEAR:      2015
                                          LATITUDE:   40 28 N
                                          LONGITUDE:  88 56 W

  TEMPERATURE IN F:       :PCPN:    SNOW:  WIND      :SUNSHINE: SKY     :PK WND
================================================================================
1   2   3   4   5  6A  6B    7    8   9   10  11  12  13   14  15   16   17  18
                                     12Z  AVG MX 2MIN
DY MAX MIN AVG DEP HDD CDD  WTR  SNW DPTH SPD SPD DIR MIN PSBL S-S WX    SPD DR
================================================================================

 1  64  50  57   M   8   0 0.00    M    M  9.4 13  60   M    M   8         M  M
 2  74  50  62   M   3   0 0.00    M    M  7.1 13 120   M    M   2         M  M
 3  77  56  67   M   0   2 0.00    M    M  9.4 14 130   M    M   1 18      M  M
 4  83  59  71   M   0   6 0.00    M    M  8.6 14 190   M    M   4 18      M  M
 5  85  57  71   M   0   6 0.00    M    M 10.3 22  60   M    M   2 12     29  60
 6  81  54  68   M   0   3 0.00    M    M  8.5 13  80   M    M   0         M  M
 7  90  65  78   M   0  13 3.08    M    M 14.8 24 250   M    M   3 13     35 240
 8  83  67  75   M   0  10 0.21    M    M 12.2 20 260   M    M   4 135    24 260
 9  88  62  75   M   0  10 0.00    M    M  7.3 14 240   M    M   0         M  M
10  92  70  81   M   0  16 0.25  0.0    0 14.2 21 210   M    M   0 3      28 220
11  89  68  79   M   0  14 0.02    M    M 11.5 17 320   M    M   1 3      21 220
12  85  68  77   M   0  12 0.67    M    M 11.8 29 240   M    M   5 13     35 240
13  88  68  78   M   0  13 0.03    M    M  8.6 15 190   M    M   2 13      M  M
14  85  71  78   M   0  13 0.17    M    M 11.1 17 220   M    M   6 13     23 210
15  86  71  79   M   0  14 0.60    M    M 11.7 20 230   M    M   5 1      30 240
16  82  65  74   M   0   9 0.01    M    M 11.1 17  40   M    M   6 1       M  M
17  77  58  68   M   0   3 0.73    M    M  7.8 16 240   M    M   7 1      20 240
18  82  70  76   M   0  11    T    M    M  9.4 16 240   M    M   7 12     25 220
19  73  61  67   M   0   2    T    M    M 14.2 20  70   M    M   8 1       M  M
20  83  64  74   M   0   9 0.86  0.0    0 10.1 21 220   M    M   6 13     28 220
21  85  67  76   M   0  11 0.01    M    M  9.9 18 290   M    M   4         M  M
22  87  71  79   M   0  14 0.00    M    M 15.8 32 250   M    M   3        39 250
23  81  69  75   M   0  10 0.00    M    M 10.0 21 270   M    M   1        28 270
24  78  65  72   M   0   7 0.16    M    M  6.6 20 160   M    M   3 3      25 160
25  81  68  75   M   0  10 0.93    M    M  8.0 36 170   M    M   6 13     40 170
26  72  63  68   M   0   3 0.63    M    M 10.5 21  20   M    M   9 123    31  40
27  78  60  69   M   0   4 0.00    M    M 10.8 20 350   M    M   2 1      23  10
28  78  60  69   M   0   4 0.38    M    M  9.6 14 200   M    M   3 13      M  M
29  80  65  73   M   0   8 0.03    M    M  9.4 16 300   M    M   6 13     21 290
30  82  66  74   M   0   9 0.01    M    M  7.5 14 340   M    M   1 13      M  M
================================================================================
SM 2449 1908        11 246  8.78     0.0 307.2          M      115
================================================================================
AV 81.6 63.6                              10.2 FASTST   M    M   4    MAX(MPH)
                                 MISC ---->    36   M                 40    M
================================================================================
NOTES:
# LAST OF SEVERAL OCCURRENCES

COLUMN 17 PEAK WIND IN M.P.H.

PRELIMINARY LOCAL CLIMATOLOGICAL DATA (WS FORM: F-6) , PAGE 2

                                          STATION:  BLOOMINGTON IL AIRPORT
                                          MONTH:    JUNE
                                          YEAR:     2015
                                          LATITUDE:   40 28 N
                                          LONGITUDE:  88 56 W

[TEMPERATURE DATA]      [PRECIPITATION DATA]       SYMBOLS USED IN COLUMN 16

AVERAGE MONTHLY: 72.6   TOTAL FOR MONTH:   8.78    1 = FOG OR MIST
DPTR FM NORMAL:     M   DPTR FM NORMAL:       M    2 = FOG REDUCING VISIBILITY
HIGHEST:    92 ON 10    GRTST 24HR  3.08 ON  7- 7      TO 1/4 MILE OR LESS
LOWEST:     50 ON  2, 1                            3 = THUNDER
                        SNOW, ICE PELLETS, HAIL    4 = ICE PELLETS
                        TOTAL MONTH:   0.0 INCH    5 = HAIL
                        GRTST 24HR     0.0         6 = FREEZING RAIN OR DRIZZLE
                        GRTST DEPTH:   0           7 = DUSTSTORM OR SANDSTORM:
                                                       VSBY 1/2 MILE OR LESS
                                                   8 = SMOKE OR HAZE
[NO. OF DAYS WITH]      [WEATHER - DAYS WITH]      9 = BLOWING SNOW
                                                   X = TORNADO
MAX 32 OR BELOW:   0    0.01 INCH OR MORE:  18
MAX 90 OR ABOVE:   2    0.10 INCH OR MORE:  12
MIN 32 OR BELOW:   0    0.50 INCH OR MORE:   7
MIN  0 OR BELOW:   0    1.00 INCH OR MORE:   1

[HDD (BASE 65) ]
TOTAL THIS MO.    11    CLEAR  (SCALE 0-3)  15
DPTR FM NORMAL     M    PTCLDY (SCALE 4-7)  13
TOTAL FM JUL 1  6221    CLOUDY (SCALE 8-10)  2
DPTR FM NORMAL     M

[CDD (BASE 65) ]
TOTAL THIS MO.   246
DPTR FM NORMAL     M    [PRESSURE DATA]
TOTAL FM JAN 1   359    HIGHEST SLP M ON M
DPTR FM NORMAL     M    LOWEST  SLP M ON M

[REMARKS]
#FINAL-06-15#
