000
CXUS55 KOHX 241010
CF6BNA
PRELIMINARY LOCAL CLIMATOLOGICAL DATA (WS FORM: F-6)

                                          STATION:   NASHVILLE
                                          MONTH:     JANUARY
                                          YEAR:      2017
                                          LATITUDE:   36  7 N
                                          LONGITUDE:  86 41 W

  TEMPERATURE IN F:       :PCPN:    SNOW:  WIND      :SUNSHINE: SKY     :PK WND
================================================================================
1   2   3   4   5  6A  6B    7    8   9   10  11  12  13   14  15   16   17  18
                                     12Z  AVG MX 2MIN
DY MAX MIN AVG DEP HDD CDD  WTR  SNW DPTH SPD SPD DIR MIN PSBL S-S WX    SPD DR
================================================================================

 1  55  46  51  13  14   0    T  0.0    0  4.9  9 130   M    M  10 12     14 130
 2  65  54  60  22   5   0 0.66  0.0    0  5.8 20 190   M    M  10 1      26 190
 3  66  43  55  17  10   0 0.22  0.0    0  7.9 20 310   M    M  10 1      26 310
 4  43  26  35  -3  30   0 0.00  0.0    0  9.8 20 330   M    M   6        25 330
 5  33  24  29  -9  36   0 0.01    T    0  8.1 15  10   M    M  10        22 340
 6  25  16  21 -17  44   0 0.05  0.4    T 11.7 18  10   M    M  10 12     26 340
 7  23  11  17 -20  48   0 0.00  0.0    T  9.4 17 360   M    M   3        22 360
 8  31   8  20 -17  45   0 0.00  0.0    0  3.8  9 150   M    M   5        12 160
 9  45  22  34  -3  31   0 0.00  0.0    0 11.2 28 180   M    M   7        33 180
10  58  45  52  15  13   0    T    M    0 21.0 32 180   M    M  10        41 200
11  69  55  62  25   3   0 0.29  0.0    0 13.5 26 200   0    0   9 1      39 200
12  71  50  61  24   4   0    T  0.0    0 14.1 23 190   M    M  10        31 210
13  49  44  47  10  18   0 0.02    M    0  5.8 13  20   M    M  10 12     16  20
14  70  46  58  21   7   0    T    M    0  4.1 17 320   M    M  10 12     21 310
15  58  45  52  15  13   0 0.03    M    0  4.2 10 360   M    M   9 1      12 360
16  72  48  60  23   5   0 0.06    M    0  7.5 22 190   M    M  10 12     29 200
17  66  51  59  22   6   0 0.63  0.0    0  9.6 22 210   M    M   8 1      32 200
18  51  45  48  11  17   0 0.00  0.0    0  4.4 14 290   M    M  10        21 320
19  60  47  54  16  11   0 1.26    M    0  4.6 13 130   M    M  10 1      16 140
20  69  54  62  24   3   0 0.00  0.0    0  8.3 21 200   M    M   8        27 200
21  70  53  62  24   3   0 0.00  0.0    0  6.8 20 180   M    M   8        24 170
22  67  53  60  22   5   0 0.06  0.0    0  8.6 21  10   0    0   9 1      27 340
23  56  42  49  11  16   0    T  0.0    0 15.0 26 320   M    M  10 18     36 320
================================================================================
SM 1272  928       387   0  3.29     0.4 200.1            0    202
================================================================================
AV 55.3 40.4                               8.7 FASTST    0   0   9    MAX(MPH)
                                 MISC ---->  # 32 180               # 41  200
================================================================================
NOTES:
# LAST OF SEVERAL OCCURRENCES

COLUMN 17 PEAK WIND IN M.P.H.

PRELIMINARY LOCAL CLIMATOLOGICAL DATA (WS FORM: F-6) , PAGE 2

                                          STATION:  NASHVILLE
                                          MONTH:    JANUARY
                                          YEAR:     2017
                                          LATITUDE:   36  7 N
                                          LONGITUDE:  86 41 W

[TEMPERATURE DATA]      [PRECIPITATION DATA]       SYMBOLS USED IN COLUMN 16

AVERAGE MONTHLY: 47.8   TOTAL FOR MONTH:   3.29    1 = FOG OR MIST
DPTR FM NORMAL:  10.3   DPTR FM NORMAL:    0.54    2 = FOG REDUCING VISIBILITY
HIGHEST:    72 ON 16    GRTST 24HR  1.26 ON 19-19      TO 1/4 MILE OR LESS
LOWEST:      8 ON  8                               3 = THUNDER
                        SNOW, ICE PELLETS, HAIL    4 = ICE PELLETS
                        TOTAL MONTH:   0.4 INCH    5 = HAIL
                        GRTST 24HR   0.4 ON   M    6 = FREEZING RAIN OR DRIZZLE
                        GRTST DEPTH:   0           7 = DUSTSTORM OR SANDSTORM:
                                                       VSBY 1/2 MILE OR LESS
                                                   8 = SMOKE OR HAZE
[NO. OF DAYS WITH]      [WEATHER - DAYS WITH]      9 = BLOWING SNOW
                                                   X = TORNADO
MAX 32 OR BELOW:   3    0.01 INCH OR MORE:  11
MAX 90 OR ABOVE:   0    0.10 INCH OR MORE:   5
MIN 32 OR BELOW:   6    0.50 INCH OR MORE:   3
MIN  0 OR BELOW:   0    1.00 INCH OR MORE:   1

[HDD (BASE 65) ]
TOTAL THIS MO.   387    CLEAR  (SCALE 0-3)   0
DPTR FM NORMAL  -248    PTCLDY (SCALE 4-7)   6
TOTAL FM JUL 1  1424    CLOUDY (SCALE 8-10) 17
DPTR FM NORMAL  -648

[CDD (BASE 65) ]
TOTAL THIS MO.     0
DPTR FM NORMAL     0    [PRESSURE DATA]
TOTAL FM JAN 1     0    HIGHEST SLP  0.00 ON M
DPTR FM NORMAL     0    LOWEST  SLP 29.17 ON 22

[REMARKS]
