000
CXUS55 KBOI 281002
CF6BOI
PRELIMINARY LOCAL CLIMATOLOGICAL DATA (WS FORM: F-6)

                                          STATION:   BOISE ID
                                          MONTH:     NOVEMBER
                                          YEAR:      2014
                                          LATITUDE:   43 34 N
                                          LONGITUDE: 116 13 W

  TEMPERATURE IN F:       :PCPN:    SNOW:  WIND      :SUNSHINE: SKY     :PK WND
================================================================================
1   2   3   4   5  6A  6B    7    8   9   10  11  12  13   14  15   16   17  18
                                     12Z  AVG MX 2MIN
DY MAX MIN AVG DEP HDD CDD  WTR  SNW DPTH SPD SPD DIR MIN PSBL S-S WX    SPD DR
================================================================================

 1  50  39  45  -1  20   0 1.15  0.0    0  7.6 22 310   M    M   6 1      28 300
 2  49  36  43  -3  22   0 0.06  0.0    0  8.4 21 330   M    M   5        25 320
 3  54  33  44  -1  21   0 0.00  0.0    0  4.4  9 130   M    M   6        12 120
 4  53  42  48   3  17   0    T  0.0    0  8.4 17 150   M    M   8        22 140
 5  63  47  55  10  10   0 0.00  0.0    0  3.5 14 130   M    M   5        17 130
 6  69  46  58  14   7   0 0.00  0.0    0 12.0 23 140   M    M   0        30 140
 7  58  41  50   6  15   0 0.00  0.0    0  5.6 13 290   M    M   0        17 320
 8  57  38  48   5  17   0 0.00  0.0    0  3.6 15 140   M    M   0        18 140
 9  53  37  45   2  20   0 0.01  0.0    0  4.1 21 320   M    M   3        28 310
10  48  28  38  -4  27   0 0.00  0.0    0 10.4 24 310   M    M   2        30 310
11  40  22  31 -11  34   0 0.00  0.0    0  6.0 20 150   M    M   2        28 160
12  30  17  24 -18  41   0 0.00  0.0    0  7.5 21 150   M    M   2        25 140
13  27  21  24 -17  41   0 0.26  3.3    0  9.2 16 170   M    M   8 1      21 170
14  28  15  22 -19  43   0 0.38  4.3    4  5.4 15 300   M    M   9 1      18 290
15  22   1  12 -28  53   0 0.00  0.0    7  2.7 10 130   M    M   0        12 120
16  22   4  13 -27  52   0 0.00  0.0    6  3.9 10 130   M    M   0        13 140
17  20   6  13 -26  52   0 0.00  0.0    5  2.1  9 130   M    M   0 128    12 130
18  22   4  13 -26  52   0 0.00  0.0    5  0.8  7 270   M    M   5 128    12 310
19  23   9  16 -22  49   0 0.00  0.0    5  1.7  6 280   M    M   5 128     7 330
20  30  14  22 -16  43   0    T  0.0    4  1.3  7 270   M    M   7 168     9 270
21  41  23  32  -6  33   0 0.08  0.0    5  4.6 18 120   M    M   8 18     23 120
22  48  36  42   5  23   0 0.18  0.0    1  9.9 22 120   M    M   8 1      29 120
23  46  28  37   0  28   0    T  0.0    0  2.4 10 280   M    M   4        13 290
24  47  29  38   2  27   0    T  0.0    0  5.5 14 220   M    M   2        17 210
25  54  39  47  11  18   0 0.03  0.0    0  6.2 13 130   M    M   9        16 120
26  60  37  49  13  16   0 0.00  0.0    0  5.3 15 120   M    M   0        20 120
27  57  42  50  15  15   0 0.02  0.0    0  4.7 17 120   M    M   3        20 140
================================================================================
SM 1171  734       796   0  2.17     7.6 147.2          M      107
================================================================================
AV 43.4 27.2                               5.5 FASTST   M    M   4    MAX(MPH)
                                 MISC ---->  # 24 310               # 30  140
================================================================================
NOTES:
# LAST OF SEVERAL OCCURRENCES

COLUMN 17 PEAK WIND IN M.P.H.

PRELIMINARY LOCAL CLIMATOLOGICAL DATA (WS FORM: F-6) , PAGE 2

                                          STATION:  BOISE ID
                                          MONTH:    NOVEMBER
                                          YEAR:     2014
                                          LATITUDE:   43 34 N
                                          LONGITUDE: 116 13 W

[TEMPERATURE DATA]      [PRECIPITATION DATA]       SYMBOLS USED IN COLUMN 16

AVERAGE MONTHLY: 35.3   TOTAL FOR MONTH:   2.17    1 = FOG OR MIST
DPTR FM NORMAL:  -5.4   DPTR FM NORMAL:    0.97    2 = FOG REDUCING VISIBILITY
HIGHEST:    69 ON  6    GRTST 24HR  1.16 ON  1- 2      TO 1/4 MILE OR LESS
LOWEST:      1 ON 15                               3 = THUNDER
                        SNOW, ICE PELLETS, HAIL    4 = ICE PELLETS
                        TOTAL MONTH:   7.6 INCHES  5 = HAIL
                        GRTST 24HR   4.3 ON   M    6 = FREEZING RAIN OR DRIZZLE
                        GRTST DEPTH:   7 ON 15     7 = DUSTSTORM OR SANDSTORM:
                                                       VSBY 1/2 MILE OR LESS
                                                   8 = SMOKE OR HAZE
[NO. OF DAYS WITH]      [WEATHER - DAYS WITH]      9 = BLOWING SNOW
                                                   X = TORNADO
MAX 32 OR BELOW:   9    0.01 INCH OR MORE:   9
MAX 90 OR ABOVE:   0    0.10 INCH OR MORE:   4
MIN 32 OR BELOW:  14    0.50 INCH OR MORE:   1
MIN  0 OR BELOW:   0    1.00 INCH OR MORE:   1

[HDD (BASE 65) ]
TOTAL THIS MO.   796    CLEAR  (SCALE 0-3)  13
DPTR FM NORMAL   139    PTCLDY (SCALE 4-7)  12
TOTAL FM JUL 1  1065    CLOUDY (SCALE 8-10)  2
DPTR FM NORMAL   -98

[CDD (BASE 65) ]
TOTAL THIS MO.     0
DPTR FM NORMAL     0    [PRESSURE DATA]
TOTAL FM JAN 1  1129    HIGHEST SLP M ON M
DPTR FM NORMAL   187    LOWEST  SLP 29.48 ON  1

[REMARKS]
