000
CXUS54 KMAF 231100
CF6BPG
PRELIMINARY LOCAL CLIMATOLOGICAL DATA (WS FORM: F-6)

                                          STATION:   Big Spring McMahon-Wrinkle Fi
                                          MONTH:     JANUARY
                                          YEAR:      2017
                                          LATITUDE:   32 12 N
                                          LONGITUDE: 101 31 W

  TEMPERATURE IN F:       :PCPN:    SNOW:  WIND      :SUNSHINE: SKY     :PK WND
================================================================================
1   2   3   4   5  6A  6B    7    8   9   10  11  12  13   14  15   16   17  18
                                     12Z  AVG MX 2MIN
DY MAX MIN AVG DEP HDD CDD  WTR  SNW DPTH SPD SPD DIR MIN PSBL S-S WX    SPD DR
================================================================================

 1  73  38  56   M   9   0 0.04    M    0   M   M   M   M    M   4         M  M
 2  64  42  53   M  12   0 0.01    M    0   M   M   M   M    M   0         M  M
 3  58  37  48   M  17   0 0.00  0.0    0   M   M   M   M    M   0         M  M
 4  51  32  42   M  23   0 0.00  0.0    0  9.4 14 160   M    M   1         M  M
 5  44  19  32   M  33   0 0.00  0.0    0 14.7 21  40   M    M   0        25  10
 6  25  14  20   M  45   0 0.00  0.0    0 10.2 17  20   M    M   3        23  20
 7  40  10  25   M  40   0 0.00  0.0    0  4.0 10 110   M    M   0         9 190
 8  56  24  40   M  25   0 0.00  0.0    0 14.2 20 170   M    M   0        25 170
 9  75  36  56   M   9   0 0.00  0.0    0 14.5 21 160   M    M   0        23 190
10  73  43  58   M   7   0 0.00  0.0    0 10.2 22 180   M    M   0        28 180
11  81  46  64   M   1   0 0.00  0.0    0 13.4 24 230   M    M   0        31 210
12  71  44  58   M   7   0 0.00  0.0    0  8.2 20  50   M    M   1        28  50
13  46  33  40   M  25   0 0.00  0.0    0 14.2 20  30   M    M  10        24  50
14  35  32  34   M  31   0 0.22    M    0 10.5 14  30   M    M  10 3      17  30
15  46  33  40   M  25   0 0.97    M    0  9.2 28  60   M    M   9 3      24  50
16  61  35  48   M  17   0 0.00  0.0    0  6.5 17  30   M    M   0        21  30
17  45  37  41   M  24   0 0.35    M    0  8.2 22  30   M    M   6 3      28  30
18  56  42  49   M  16   0 0.01    M    0  4.3 10 160   M    M   6         M  M
19  66  39  53   M  12   0 0.00  0.0    0 15.5 28 240   M    M   0        35 230
20  66  39  53   M  12   0 0.00  0.0    0 13.8 28 240   M    M   0        35 240
21  64  44  54   M  11   0 0.00  0.0    0 15.3 36 240   M    M   5        47 220
22  61  39  50   M  15   0 0.00  0.0    0 17.0 36 270   M    M   0        43 270
================================================================================
SM 1257  758       416   0  1.60     0.0 213.3          M       55
================================================================================
AV 57.1 34.5                              11.2 FASTST   M    M   3    MAX(MPH)
                                 MISC ---->    36   M                 47    M
================================================================================
NOTES:
# LAST OF SEVERAL OCCURRENCES

COLUMN 17 PEAK WIND IN M.P.H.

PRELIMINARY LOCAL CLIMATOLOGICAL DATA (WS FORM: F-6) , PAGE 2

                                          STATION:  Big Spring McMahon-Wrinkle Fi
                                          MONTH:    JANUARY
                                          YEAR:     2017
                                          LATITUDE:   32 12 N
                                          LONGITUDE: 101 31 W

[TEMPERATURE DATA]      [PRECIPITATION DATA]       SYMBOLS USED IN COLUMN 16

AVERAGE MONTHLY: 45.8   TOTAL FOR MONTH:   1.60    1 = FOG OR MIST
DPTR FM NORMAL:     M   DPTR FM NORMAL:       M    2 = FOG REDUCING VISIBILITY
HIGHEST:    81 ON 11    GRTST 24HR  0.97 ON 15-15      TO 1/4 MILE OR LESS
LOWEST:     10 ON  7                               3 = THUNDER
                        SNOW, ICE PELLETS, HAIL    4 = ICE PELLETS
                        TOTAL MONTH:   0.0 INCH    5 = HAIL
                        GRTST 24HR     0.0         6 = FREEZING RAIN OR DRIZZLE
                        GRTST DEPTH:   0           7 = DUSTSTORM OR SANDSTORM:
                                                       VSBY 1/2 MILE OR LESS
                                                   8 = SMOKE OR HAZE
[NO. OF DAYS WITH]      [WEATHER - DAYS WITH]      9 = BLOWING SNOW
                                                   X = TORNADO
MAX 32 OR BELOW:   1    0.01 INCH OR MORE:   6
MAX 90 OR ABOVE:   0    0.10 INCH OR MORE:   3
MIN 32 OR BELOW:   6    0.50 INCH OR MORE:   1
MIN  0 OR BELOW:   0    1.00 INCH OR MORE:   0

[HDD (BASE 65) ]
TOTAL THIS MO.   416    CLEAR  (SCALE 0-3)  15
DPTR FM NORMAL     M    PTCLDY (SCALE 4-7)   4
TOTAL FM JUL 1  1166    CLOUDY (SCALE 8-10)  3
DPTR FM NORMAL     M

[CDD (BASE 65) ]
TOTAL THIS MO.     0
DPTR FM NORMAL     M    [PRESSURE DATA]
TOTAL FM JAN 1     0    HIGHEST SLP M ON M
DPTR FM NORMAL     M    LOWEST  SLP M ON M

[REMARKS]
