000
CXUS55 KRIW 220945
CF6BPI
PRELIMINARY LOCAL CLIMATOLOGICAL DATA (WS FORM: F-6)

                                          STATION:   BIG PINEY  WY
                                          MONTH:     SEPTEMBER
                                          YEAR:      2017
                                          LATITUDE:   42 34 N
                                          LONGITUDE: 110  6 W

  TEMPERATURE IN F:       :PCPN:    SNOW:  WIND      :SUNSHINE: SKY     :PK WND
================================================================================
1   2   3   4   5  6A  6B    7    8   9   10  11  12  13   14  15   16   17  18
                                     12Z  AVG MX 2MIN
DY MAX MIN AVG DEP HDD CDD  WTR  SNW DPTH SPD SPD DIR MIN PSBL S-S WX    SPD DR
================================================================================

 1  83  38  61   6   4   0 0.00  0.0    M  6.7 20 350   M    M   0        27  20
 2  87  40  64   9   1   0 0.00  0.0    M  4.4 14 330   M    M   0        17 160
 3  89  40  65  11   0   0 0.00  0.0    M  5.3 23 340   M    M   0        29 340
 4  88  39  64  10   1   0 0.00  0.0    M  5.7 21 160   M    M   1 8      27 360
 5  73  41  57   3   8   0 0.00  0.0    M  4.8 12 180   M    M   0        17 140
 6  80  33  57   4   8   0 0.00  0.0    M  4.3 14 350   M    M   0 8      15 350
 7  80  37  59   6   6   0 0.00  0.0    M  3.9 13 340   M    M   1 8      14 340
 8  79  39  59   6   6   0    T    M    0  5.5 28 330   M    M   2 38     32 340
 9  81  40  61   9   4   0 0.00  0.0    0  7.0 15 330   M    M   2        23  70
10  77  48  63  11   2   0 0.06  0.0    0  7.2 18 270   M    M   5 1      23 280
11  81  40  61   9   4   0 0.00  0.0    0  3.8 13 340   M    M   0        15 220
12  82  38  60   9   5   0 0.00  0.0    0  6.2 18 340   M    M   1        24 320
13  77  40  59   8   6   0    T  0.0    0  6.1 22 330   M    M   3 3      29 330
14  69  43  56   6   9   0 0.42    M    M  6.2 30 220   M    M   6 13     37 220
15  57  35  46  -4  19   0 0.18    M    M  7.6 25 280   M    M   8 1      31 280
16  53  30  42  -8  23   0 0.00    M    M  7.7 26 270   M    M   4        32 280
17  65  26  46  -3  19   0 0.00    M    M  7.3 26 290   M    M   1        33 280
18  69  26  48  -1  17   0 0.10    M    M 10.3 32 270   M    M   4 1      40 270
19  49  29  39  -9  26   0 0.21    M    M 12.0 32 280   M    M   6 1      41 290
20  58  25  42  -6  23   0    T    M    M  9.7 29 270   M    M   3        36 280
21  65  32  49   1  16   0 0.01    M    M  8.7 29 230   M    M   7 13     37 250
================================================================================
SM 1542  759       207   0  0.98     0.0 140.4          M       54
================================================================================
AV 73.4 36.1                               6.7 FASTST   M    M   3    MAX(MPH)
                                 MISC ---->  # 32 270               # 41  290
================================================================================
NOTES:
# LAST OF SEVERAL OCCURRENCES

COLUMN 17 PEAK WIND IN M.P.H.

PRELIMINARY LOCAL CLIMATOLOGICAL DATA (WS FORM: F-6) , PAGE 2

                                          STATION:  BIG PINEY  WY
                                          MONTH:    SEPTEMBER
                                          YEAR:     2017
                                          LATITUDE:   42 34 N
                                          LONGITUDE: 110  6 W

[TEMPERATURE DATA]      [PRECIPITATION DATA]       SYMBOLS USED IN COLUMN 16

AVERAGE MONTHLY: 54.8   TOTAL FOR MONTH:   0.98    1 = FOG OR MIST
DPTR FM NORMAL:   3.3   DPTR FM NORMAL:    0.44    2 = FOG REDUCING VISIBILITY
HIGHEST:    89 ON  3    GRTST 24HR  0.42 ON 14-14      TO 1/4 MILE OR LESS
LOWEST:     25 ON 20                               3 = THUNDER
                        SNOW, ICE PELLETS, HAIL    4 = ICE PELLETS
                        TOTAL MONTH:   0.0 INCH    5 = HAIL
                        GRTST 24HR     0.0         6 = FREEZING RAIN OR DRIZZLE
                        GRTST DEPTH:   0           7 = DUSTSTORM OR SANDSTORM:
                                                       VSBY 1/2 MILE OR LESS
                                                   8 = SMOKE OR HAZE
[NO. OF DAYS WITH]      [WEATHER - DAYS WITH]      9 = BLOWING SNOW
                                                   X = TORNADO
MAX 32 OR BELOW:   0    0.01 INCH OR MORE:   6
MAX 90 OR ABOVE:   0    0.10 INCH OR MORE:   4
MIN 32 OR BELOW:   6    0.50 INCH OR MORE:   0
MIN  0 OR BELOW:   0    1.00 INCH OR MORE:   0

[HDD (BASE 65) ]
TOTAL THIS MO.   207    CLEAR  (SCALE 0-3)  13
DPTR FM NORMAL   -78    PTCLDY (SCALE 4-7)   8
TOTAL FM JUL 1   394    CLOUDY (SCALE 8-10)  0
DPTR FM NORMAL  -184

[CDD (BASE 65) ]
TOTAL THIS MO.     0
DPTR FM NORMAL     0    [PRESSURE DATA]
TOTAL FM JAN 1    27    HIGHEST SLP M ON M
DPTR FM NORMAL    -8    LOWEST  SLP 29.50 ON 21

[REMARKS]
