000
CXUS54 KLZK 261330
CF6BPK
PRELIMINARY LOCAL CLIMATOLOGICAL DATA (WS FORM: F-6)

                                          STATION:   Mountain Home Airport
                                          MONTH:     MARCH
                                          YEAR:      2015
                                          LATITUDE:   36 22 N
                                          LONGITUDE:  92 28 W

  TEMPERATURE IN F:       :PCPN:    SNOW:  WIND      :SUNSHINE: SKY     :PK WND
================================================================================
1   2   3   4   5  6A  6B    7    8   9   10  11  12  13   14  15   16   17  18
                                     12Z  AVG MX 2MIN
DY MAX MIN AVG DEP HDD CDD  WTR  SNW DPTH SPD SPD DIR MIN PSBL S-S WX    SPD DR
================================================================================

 1  35  27  31 -15  34   0    T  0.0    0  2.6  9  30   M    M  10 168    14  30
 2  37  25  31 -15  34   0 0.00  0.0    0  6.3 13  90   M    M   8 18     17 110
 3  57  31  44  -2  21   0 0.01    M    0  5.8 13 220   M    M  10 1      18 200
 4  44  20  32 -15  33   0 0.62    M    0  5.8 14 360   M    M  10 126    22  10
 5  35  17  26 -21  39   0    M    M    0  4.8 16 340   M    M   2        24 350
 6  50  13  32 -15  33   0 0.00  0.0    3  5.4 10 210   M    M   0        17 210
 7  66  29  48   0  17   0 0.00  0.0    0  4.3  9 200   M    M   0        15 230
 8  56  35  46  -2  19   0 0.00  0.0    0  4.4 15 190   M    M   5        19 210
 9  53  43  48   0  17   0 0.41    M    0  5.5 12 120   M    M  10 1      14 140
10  53  44  49   1  16   0 0.15    M    0  2.3  9  60   M    M   9 18     12  70
11  72  35  54   6  11   0 0.00  0.0    0  3.6 12 100   M    M   4 12     21  20
12  62  43  53   4  12   0 0.17  0.0    0  4.5 13 110   M    M   5 1      18  60
13  58  53  56   7   9   0 0.83  0.0    0  5.9 13  60   M    M  10 12     17  50
14  58  46  52   3  13   0 0.56    M    0  3.7 17  40   M    M   7 18     26  40
15  71  39  55   5  10   0 0.00  0.0    0  2.5 10 140   M    M   0 1      15 140
16  77  46  62  12   3   0 0.00  0.0    0  5.9 15 200   M    M   0        19 200
17  70  49  60  10   5   0 0.00  0.0    0  6.4 16  50   M    M   1 1      23  70
18  51  37  44  -6  21   0 0.41    M    0  7.7 15 100   M    M   9 1      19 110
19  49  37  43  -7  22   0 0.08    M    M  2.1 10  70   M    M  10 1      14  60
20  58  43  51   0  14   0 0.15    M    0  2.5  8 320   M    M   5 1      12 330
21  67  39  53   2  12   0 0.00  0.0    0  2.4  6 160   M    M   0 1       9 230
22  65  46  56   5   9   0 0.02    M    0  2.1  8 160   M    M   4 1      11  90
23  76  40  58   6   7   0 0.00  0.0    0  3.0 13 200   M    M   1 1      17 250
24  76  48  62  10   3   0 0.06  0.0    0  9.2 21 190   M    M   2 38     30 200
25  79  48  64  12   1   0 2.12  0.0    0  6.0 22 340   M    M   3 13     37 340
================================================================================
SM 1475  933       415   0  5.59     0.0 114.7          M      125
================================================================================
AV 59.0 37.3                               4.6 FASTST   M    M   5    MAX(MPH)
                                 MISC ---->  # 22 340               # 37  340
================================================================================
NOTES:
# LAST OF SEVERAL OCCURRENCES

COLUMN 17 PEAK WIND IN M.P.H.

PRELIMINARY LOCAL CLIMATOLOGICAL DATA (WS FORM: F-6) , PAGE 2

                                          STATION:  Mountain Home Airport
                                          MONTH:    MARCH
                                          YEAR:     2015
                                          LATITUDE:   36 22 N
                                          LONGITUDE:  92 28 W

[TEMPERATURE DATA]      [PRECIPITATION DATA]       SYMBOLS USED IN COLUMN 16

AVERAGE MONTHLY: 48.2   TOTAL FOR MONTH:   5.59    1 = FOG OR MIST
DPTR FM NORMAL:  -0.8   DPTR FM NORMAL:    2.79    2 = FOG REDUCING VISIBILITY
HIGHEST:    79 ON 25    GRTST 24HR  2.12 ON 25-25      TO 1/4 MILE OR LESS
LOWEST:     13 ON  6                               3 = THUNDER
                        SNOW, ICE PELLETS, HAIL    4 = ICE PELLETS
                        TOTAL MONTH:   0.0 INCH    5 = HAIL
                        GRTST 24HR     0.0         6 = FREEZING RAIN OR DRIZZLE
                        GRTST DEPTH:   3 ON  6     7 = DUSTSTORM OR SANDSTORM:
                                                       VSBY 1/2 MILE OR LESS
                                                   8 = SMOKE OR HAZE
[NO. OF DAYS WITH]      [WEATHER - DAYS WITH]      9 = BLOWING SNOW
                                                   X = TORNADO
MAX 32 OR BELOW:   0    0.01 INCH OR MORE:  13
MAX 90 OR ABOVE:   0    0.10 INCH OR MORE:   9
MIN 32 OR BELOW:   7    0.50 INCH OR MORE:   4
MIN  0 OR BELOW:   0    1.00 INCH OR MORE:   1

[HDD (BASE 65) ]
TOTAL THIS MO.   415    CLEAR  (SCALE 0-3)   9
DPTR FM NORMAL    12    PTCLDY (SCALE 4-7)   8
TOTAL FM JUL 1  3853    CLOUDY (SCALE 8-10)  8
DPTR FM NORMAL   418

[CDD (BASE 65) ]
TOTAL THIS MO.     0
DPTR FM NORMAL     0    [PRESSURE DATA]
TOTAL FM JAN 1     0    HIGHEST SLP M ON M
DPTR FM NORMAL    -3    LOWEST  SLP 29.72 ON 25

[REMARKS]
