000
CXUS54 KLCH 250855
CF6BPT
PRELIMINARY LOCAL CLIMATOLOGICAL DATA (WS FORM: F-6)

                                          STATION:   BEAUMONT PORT ARTHUR
                                          MONTH:     MARCH
                                          YEAR:      2017
                                          LATITUDE:   29 57 N
                                          LONGITUDE:  94  1 W

  TEMPERATURE IN F:       :PCPN:    SNOW:  WIND      :SUNSHINE: SKY     :PK WND
================================================================================
1   2   3   4   5  6A  6B    7    8   9   10  11  12  13   14  15   16   17  18
                                     12Z  AVG MX 2MIN
DY MAX MIN AVG DEP HDD CDD  WTR  SNW DPTH SPD SPD DIR MIN PSBL S-S WX    SPD DR
================================================================================

 1  85  61  73  14   0   8 0.00  0.0    0 11.9 25 350   M    M   8 18     30 360
 2  71  49  60   1   5   0 0.00  0.0    0 12.7 24  40   M    M   0 8      29  60
 3  72  45  59   0   6   0 0.00  0.0    0  9.5 24  70   M    M   0        28  70
 4  67  49  58  -1   7   0 0.00  0.0    0  8.7 17  90   M    M   7        21  80
 5  71  60  66   6   0   1 0.15  0.0    0 14.3 22 150   M    M   9 1      30 130
 6  76  68  72  12   0   7 0.00  0.0    0 16.8 24 150   M    M  10 18     32 160
 7  82  59  71  11   0   6 0.50  0.0    0 13.0 20  10   M    M  10 138    25  10
 8  72  58  65   5   0   0 0.00  0.0    0 10.6 23  70   M    M   9 18     29  90
 9  80  65  73  13   0   8 0.00  0.0    0  9.4 17 160   M    M   8 1      22 160
10  80  66  73  12   0   8 0.00  0.0    0  5.6 13 180   M    M   M 13     17 180
11  71  63  67   6   0   2 0.46  0.0    0  8.2 22  20   M    M   9 1      26 120
12  67  46  57  -4   8   0 0.24    M    0 12.9 25  30   M    M   8 1      33  30
13  70  47  59  -2   6   0 0.00    M    0  8.9 21 360   M    M   7 1      27 350
14  69  42  56  -6   9   0 0.00  0.0    0  5.8 15  20   M    M   0 1      21 360
15  64  47  56  -6   9   0 0.00  0.0    0  8.9 20  60   M    M   1        23 100
16  72  50  61  -1   4   0 0.00  0.0    0 11.0 21 150   M    M   9        26 160
17  80  63  72  10   0   7 0.00  0.0    0 11.5 21 170   M    M   3        26 170
18  85  58  72  10   0   7 0.00  0.0    0  5.9 16 200   M    M   4 128    19 220
19  84  62  73  10   0   8 0.00  0.0    0  5.2 15 180   M    M   5 128    20 180
20  85  61  73  10   0   8 0.00  0.0    0  8.2 16 200   M    M   2 12     23 190
21  85  61  73  10   0   8 0.00  0.0    0  7.5 16 180   M    M   3 128    22 190
22  85  59  72   9   0   7 0.00  0.0    0  5.1 15 190   M    M   5 12     20 180
23  85  58  72   8   0   7 0.00  0.0    0  9.8 17 140   M    M   3 12     23 150
24  81  69  75  11   0  10 0.01  0.0    0 19.1 29 160   M    M   7 3      39 170
================================================================================
SM 1839 1366        54 102  1.36     0.0 240.5          M      127
================================================================================
AV 76.6 56.9                              10.0 FASTST   M    M   6    MAX(MPH)
                                 MISC ---->  # 29 160               # 39  170
================================================================================
NOTES:
# LAST OF SEVERAL OCCURRENCES

COLUMN 17 PEAK WIND IN M.P.H.

PRELIMINARY LOCAL CLIMATOLOGICAL DATA (WS FORM: F-6) , PAGE 2

                                          STATION:  BEAUMONT PORT ARTHUR
                                          MONTH:    MARCH
                                          YEAR:     2017
                                          LATITUDE:   29 57 N
                                          LONGITUDE:  94  1 W

[TEMPERATURE DATA]      [PRECIPITATION DATA]       SYMBOLS USED IN COLUMN 16

AVERAGE MONTHLY: 66.8   TOTAL FOR MONTH:   1.36    1 = FOG OR MIST
DPTR FM NORMAL:   5.5   DPTR FM NORMAL:   -1.37    2 = FOG REDUCING VISIBILITY
HIGHEST:    85 ON 23,22 GRTST 24HR  0.50 ON  7- 7      TO 1/4 MILE OR LESS
LOWEST:     42 ON 14                               3 = THUNDER
                        SNOW, ICE PELLETS, HAIL    4 = ICE PELLETS
                        TOTAL MONTH:   0.0 INCH    5 = HAIL
                        GRTST 24HR     0.0         6 = FREEZING RAIN OR DRIZZLE
                        GRTST DEPTH:   0           7 = DUSTSTORM OR SANDSTORM:
                                                       VSBY 1/2 MILE OR LESS
                                                   8 = SMOKE OR HAZE
[NO. OF DAYS WITH]      [WEATHER - DAYS WITH]      9 = BLOWING SNOW
                                                   X = TORNADO
MAX 32 OR BELOW:   0    0.01 INCH OR MORE:   5
MAX 90 OR ABOVE:   0    0.10 INCH OR MORE:   4
MIN 32 OR BELOW:   0    0.50 INCH OR MORE:   1
MIN  0 OR BELOW:   0    1.00 INCH OR MORE:   0

[HDD (BASE 65) ]
TOTAL THIS MO.    54    CLEAR  (SCALE 0-3)   7
DPTR FM NORMAL   -73    PTCLDY (SCALE 4-7)   9
TOTAL FM JUL 1   609    CLOUDY (SCALE 8-10)  7
DPTR FM NORMAL  -731

[CDD (BASE 65) ]
TOTAL THIS MO.   102
DPTR FM NORMAL    65    [PRESSURE DATA]
TOTAL FM JAN 1   296    HIGHEST SLP M ON M
DPTR FM NORMAL   233    LOWEST  SLP 29.94 ON  1

[REMARKS]
