000
CXUS55 KDVN 011100
CF6BRL
PRELIMINARY LOCAL CLIMATOLOGICAL DATA (WS FORM: F-6)

                                          STATION:   BURLINGTON IA
                                          MONTH:     FEBRUARY
                                          YEAR:      2015
                                          LATITUDE:   40 46 N
                                          LONGITUDE:  91  7 W

  TEMPERATURE IN F:       :PCPN:    SNOW:  WIND      :SUNSHINE: SKY     :PK WND
================================================================================
1   2   3   4   5  6A  6B    7    8   9   10  11  12  13   14  15   16   17  18
                                     12Z  AVG MX 2MIN
DY MAX MIN AVG DEP HDD CDD  WTR  SNW DPTH SPD SPD DIR MIN PSBL S-S WX    SPD DR
================================================================================

 1  33  12  23  -4  42   0 0.39    M    M 15.1 30  10   M    M  10 1      38  10
 2  16   3  10 -17  55   0 0.00    M    M  7.8 18 350   M    M   3        24 340
 3  34   9  22  -5  43   0 0.00    M    M  7.5 20 180   M    M   5 1      24 180
 4  21   2  12 -15  53   0 0.11    M    M 10.4 18 340   M    M   4 128    25 350
 5  15 -12   2 -26  63   0 0.00    M    M  6.9 14 190   M    M   1 1      17 190
 6  38   6  22  -6  43   0 0.00    M    M  8.3 17 210   M    M   0        23 210
 7  46  28  37   9  28   0 0.00    M    M  8.7 20 200   M    M   0 1      23 210
 8  44  31  38  10  27   0 0.00    M    M  8.4 20  30   M    M   4 18     25  40
 9  31  19  25  -3  40   0 0.00    M    M  9.1 17  20   M    M   8 1      21  20
10  33  18  26  -2  39   0 0.00    M    M  6.4 16 170   M    M   4 1      22 150
11  36  19  28  -1  37   0 0.00    M    M 14.1 26 340   M    M  10        36 330
12  19   6  13 -16  52   0 0.00    M    M 11.0 29 340   M    M   1        39 330
13  34  11  23  -6  42   0 0.00    M    M  9.1 17 200   M    M   5        21 200
14  32   5  19 -11  46   0    T    M    M 16.5 31 360   M    M   4        42 360
15  14   4   9 -21  56   0 0.00    M    M  8.7 14  50   M    M   8        17  50
16  23  13  18 -12  47   0 0.00    M    M  4.9 10 330   M    M   6        13 350
17  24  13  19 -11  46   0    T    M    M  9.9 20 330   M    M   8 18     25 330
18  13   1   7 -24  58   0 0.00    M    M 13.4 25 320   M    M   4 8      34 310
19  14  -3   6 -25  59   0 0.00    M    M  5.3 14 340   M    M   0 8      19 330
20  31  10  21 -11  44   0 0.00    M    M 12.7 23 190   M    M   6        31 190
21  35  23  29  -3  36   0 0.00    M    M  6.7 17 330   M    M  10 18     22 330
22  23   2  13 -19  52   0 0.00    M    M 13.8 23 350   M    M   2        28 350
23  16  -3   7 -26  58   0 0.00    M    M  6.9 17 360   M    M   0 8      23 350
24  38   7  23 -10  42   0 0.00    M    M 12.7 23 260   M    M   4        30 240
25  31  14  23 -10  42   0 0.25    M    M  9.5 23  30   M    M   6 18     30  40
26  16  -3   7 -27  58   0 0.13    M    M 12.3 21  10   M    M   5 18     26  10
27  13 -15  -1 -35  66   0 0.00    M    M  3.4 12 320   M    M   0 1      15 320
28  20  -4   8 -27  57   0    T    M    M  4.9 12 150   M    M   7 18     15 150
================================================================================
SM  743  216      1331   0  0.88    M    264.4          M      125
================================================================================
AV 26.5  7.7                               9.4 FASTST   M    M   4    MAX(MPH)
                                 MISC ---->  # 31 360               # 42  360
================================================================================
NOTES:
# LAST OF SEVERAL OCCURRENCES

COLUMN 17 PEAK WIND IN M.P.H.

PRELIMINARY LOCAL CLIMATOLOGICAL DATA (WS FORM: F-6) , PAGE 2

                                          STATION:  BURLINGTON IA
                                          MONTH:    FEBRUARY
                                          YEAR:     2015
                                          LATITUDE:   40 46 N
                                          LONGITUDE:  91  7 W

[TEMPERATURE DATA]      [PRECIPITATION DATA]       SYMBOLS USED IN COLUMN 16

AVERAGE MONTHLY: 17.1   TOTAL FOR MONTH:   0.88    1 = FOG OR MIST
DPTR FM NORMAL: -13.0   DPTR FM NORMAL:   -0.74    2 = FOG REDUCING VISIBILITY
HIGHEST:    46 ON  7    GRTST 24HR  0.85 ON 31- 1      TO 1/4 MILE OR LESS
LOWEST:    -15 ON 27                               3 = THUNDER
                        SNOW, ICE PELLETS, HAIL    4 = ICE PELLETS
                        TOTAL MONTH:    M          5 = HAIL
                        GRTST 24HR    M  ON   M    6 = FREEZING RAIN OR DRIZZLE
                        GRTST DEPTH:  M  ON   M    7 = DUSTSTORM OR SANDSTORM:
                                                       VSBY 1/2 MILE OR LESS
                                                   8 = SMOKE OR HAZE
[NO. OF DAYS WITH]      [WEATHER - DAYS WITH]      9 = BLOWING SNOW
                                                   X = TORNADO
MAX 32 OR BELOW:  18    0.01 INCH OR MORE:   4
MAX 90 OR ABOVE:   0    0.10 INCH OR MORE:   4
MIN 32 OR BELOW:  28    0.50 INCH OR MORE:   0
MIN  0 OR BELOW:   6    1.00 INCH OR MORE:   0

[HDD (BASE 65) ]
TOTAL THIS MO.  1331    CLEAR  (SCALE 0-3)   9
DPTR FM NORMAL   354    PTCLDY (SCALE 4-7)  15
TOTAL FM JUL 1  4931    CLOUDY (SCALE 8-10)  4
DPTR FM NORMAL   553

[CDD (BASE 65) ]
TOTAL THIS MO.     0
DPTR FM NORMAL     0    [PRESSURE DATA]
TOTAL FM JAN 1     0    HIGHEST SLP 30.83 ON 23
DPTR FM NORMAL     0    LOWEST  SLP 29.60 ON  8

[REMARKS]
#FINAL-02-15#
