000
CXAK56 PABR 220902
CF6BRW

PRELIMINARY LOCAL CLIMATOLOGICAL DATA (WS FORM: F-6)

                                          STATION:   BARROW
                                          MONTH:     10
                                          YEAR:      2014
                                          LATITUDE:   71 17 N
                                          LONGITUDE: 156 46 W

  TEMPERATURE IN F:       :PCPN:    SNOW:  WIND      :SUNSHINE: SKY     :PK WND
================================================================================
1   2   3   4   5  6A  6B    7     8   9   10  11  12  13   14  15   16  17  18
                                      12Z  AVG MX 2MIN
DY MAX MIN AVG DEP HDD CDD  WTR   SNW DPTH SPD SPD DIR MIN PSBL S-S WX   SPD DR
================================================================================

 1  34  31  33   7  32   0  0.08  0.8   T  7.8 21  320   M    M   M 1     26 300
 2  32  29  31   6  34   0  0.03  0.6   1  9.1 22  310   M    M   M 1     26 310
 3  32  27  30   5  35   0  0.20  2.5   2 11.3 24  330   M    M   M 1     30 350
 4  29  25  27   3  38   0  0.01  0.2   3 12.6 20  360   M    M   M 1     24 350
 5  29  21  25   1  40   0  0.08  1.2   3 11.1 21  340   M    M   M 1     23 350
 6  30  25  28   5  37   0  0.03  0.5   3 13.6 24  310   M    M   M 19    30 310
 7  27  17  22  -1  43   0  0.09  1.0   4  7.9 16  180   M    M   M 1     17 180
 8  29  17  23   1  42   0     T    T   4 12.1 21  360   M    M   M       26 360
 9  29  24  27   5  38   0     T    T   3 16.3 23  340   M    M   M       28 360
10  26  21  24   3  41   0  0.05  0.7   3 15.2 24   30   M    M   M 19    30  30
11  22  21  22   2  43   0  0.01  0.3   3 17.8 29   40   M    M   M 9     35  40
12  21  20  21   1  44   0     T    T   3 16.1 22   50   M    M   M 16    27  50
13  24  21  23   4  42   0  0.05  0.7   3 17.3 23   80   M    M   M 169   27  40
14  25  23  24   5  41   0  0.03  0.5   4 19.8 24   70   M    M   M 16    28  70
15  28  23  26   8  39   0     T  0.1   4 19.4 26   70   M    M   M 1     31  70
16  28  25  27  10  38   0     T    T   3 23.8 30   60   M    M   M 19    36  60
17  25  19  22   5  43   0     T    T   3 22.7 30   60   M    M   M 9     35  60
18  20  17  19   3  46   0     T    T   3 19.5 24   60   M    M   M 9     29  50
19  19  17  18   2  47   0  0.03  0.6   3 26.6 33   60   M    M   M 9     40  60
20  19  13  16   1  49   0     T    T   2 33.9 41   60   M    M   M 9     50  60
21  17  13  15   1  50   0     T    T   2 26.9 37   60   M    M   M 9     44  60
================================================================================
SM  545  449       862   0  0.69 9.7    360.8           M        M
================================================================================
AV 26.0 21.4                             17.2 FASTST  PSBL  %   M    MAX(MPH)
                                 MISC ---->     41   60                 50  60
================================================================================
NOTES:
# LAST OF SEVERAL OCCURRENCES

COLUMN 17 PEAK WIND IN M.P.H.

PRELIMINARY LOCAL CLIMATOLOGICAL DATA (WS FORM: F-6) , PAGE 2

                                          STATION:   BARROW
                                          MONTH:     10
                                          YEAR:      2014
                                          LATITUDE:  71 17 N
                                          LONGITUDE: 156 46 W

[TEMPERATURE DATA]      [PRECIPITATION DATA]       SYMBOLS USED IN COLUMN 16

AVERAGE MONTHLY:23.7   TOTAL FOR MONTH: 0.69       1 = FOG
DPTR FM NORMAL:  3.4   DPTR FM NORMAL: 0.39       2 = FOG REDUCING VISIBILITY
HIGHEST:    34 ON  1    GRTST 24HR   0.20 ON  3        TO 1/4 MILE OR LESS
LOWEST:     13 ON 21                               3 = THUNDER
                        SNOW, ICE PELLETS, HAIL    4 = ICE PELLETS
                        TOTAL MONTH: 9.7 INCHES  5 = HAIL
                        GRTST 24HR   2.5 ON  3     6 = GLAZE OR RIME
                        GRTST DEPTH:    4 ON 15    7 = BLOWING DUST OR SAND:
                                                       VSBY 1/2 MILE OR LESS
                                                   8 = SMOKE OR HAZE
[NO. OF DAYS WITH]      [WEATHER - DAYS WITH]      9 = BLOWING SNOW
                                                   X = TORNADO
MAX 32 OR BELOW:  20    0.01 INCH OR MORE:  12
MAX 70 OR ABOVE:   0    0.10 INCH OR MORE:   1
MIN 32 OR BELOW:  21    0.50 INCH OR MORE:   0
MIN  0 OR BELOW:   0    1.00 INCH OR MORE:   0

[HDD (BASE 65) ]
TOTAL THIS MO.   862    CLEAR  (SCALE 0-3)   M
DPTR FM NORMAL   -78    PTCLDY (SCALE 4-7)   M
SEASONAL TOTAL  3468    CLOUDY (SCALE 8-10)  M
DPTR FM NORMAL   -12

[CDD (BASE 65) ]
TOTAL THIS MO.     0
DPTR FM NORMAL     0    [PRESSURE DATA]
SEASONAL TOTAL     0    HIGHEST SLP     M
DPTR FM NORMAL     0    LOWEST  SLP     M

[REMARKS]
