000
CXUS55 KMSO 290800
CF6BTM
PRELIMINARY LOCAL CLIMATOLOGICAL DATA (WS FORM: F-6)

                                          STATION:   BUTTE MT
                                          MONTH:     MARCH
                                          YEAR:      2015
                                          LATITUDE:   45 57 N
                                          LONGITUDE: 112 30 W

  TEMPERATURE IN F:       :PCPN:    SNOW:  WIND      :SUNSHINE: SKY     :PK WND
================================================================================
1   2   3   4   5  6A  6B    7    8   9   10  11  12  13   14  15   16   17  18
                                     12Z  AVG MX 2MIN
DY MAX MIN AVG DEP HDD CDD  WTR  SNW DPTH SPD SPD DIR MIN PSBL S-S WX    SPD DR
================================================================================

 1  32  -2  15 -11  50   0 0.00    M    M  4.6 12 170   M    M   0        16 150
 2  35   7  21  -5  44   0    T    M    M  8.9 26  30   M    M   5 8      35  30
 3  19   2  11 -16  54   0    T    M    M  6.1 22  20   M    M   5 8      26  20
 4  33  -4  15 -12  50   0 0.00    M    M  3.8 12  10   M    M   1        15 300
 5  44  15  30   2  35   0 0.00    M    M  4.9 12 310   M    M   1 8      14 300
 6  52  22  37   9  28   0 0.00    M    M  7.8 23 290   M    M   1        34 280
 7  51  22  37   9  28   0 0.00    M    M  5.1 18 330   M    M   0        23 290
 8  51  17  34   5  31   0 0.00    M    M  4.8 17 300   M    M   0        22 300
 9  56  20  38   9  27   0 0.00    M    M  3.7 15 310   M    M   0        22 310
10  61  20  41  11  24   0 0.00    M    M  3.7 12 220   M    M   0        16 240
11  57  29  43  13  22   0 0.00    M    M  3.9 16 290   M    M   5        21 260
12  53  32  43  13  22   0 0.00    M    M  7.7 24 320   M    M   5        31 310
13  60  20  40   9  25   0 0.00    M    M  2.8 12 200   M    M   0        13 200
14  63  28  46  15  19   0 0.00    M    M  9.0 28 260   M    M   1        40 250
15  58  40  49  18  16   0 0.10    M    M  5.1 23 250   M    M   6 1      32 270
16  55  36  46  14  19   0 0.00    M    M  9.8 23 160   M    M   7        32 140
17  43  33  38   6  27   0 0.22    M    M  5.0 18 270   M    M  10 1      26 290
18  44  30  37   5  28   0 0.01    M    M  9.0 24 310   M    M   8        32 310
19  57  24  41   8  24   0 0.00    M    M  4.0 15 280   M    M   0        21 290
20  62  25  44  11  21   0 0.00    M    M  3.8 16 260   M    M   0        23 280
21  55  30  43  10  22   0 0.03    M    M  6.9 23 290   M    M   3 1      31 280
22  54  23  39   5  26   0 0.00    M    M  4.4 21 210   M    M   3        28 230
23  48  26  37   3  28   0 0.01    M    M  6.9 22 330   M    M   6 18     26 330
24  40  25  33  -1  32   0 0.04    M    M  5.3 24 290   M    M   8 18     33 290
25  46  27  37   3  28   0 0.00    M    M  5.1 18 290   M    M   9        27 280
26  56  35  46  11  19   0 0.00    M    M  8.4 24 320   M    M   7        33 300
27  68  27  48  13  17   0 0.00    M    M  4.9 17 300   M    M   0        26 290
28  58  30  44   9  21   0    T    M    M 12.4 33 310   M    M   5        47 310
================================================================================
SM 1411  639       787   0  0.41    M    167.8          M       96
================================================================================
AV 50.4 22.8                               6.0 FASTST   M    M   3    MAX(MPH)
                                 MISC ---->  # 33 310               # 47  310
================================================================================
NOTES:
# LAST OF SEVERAL OCCURRENCES

COLUMN 17 PEAK WIND IN M.P.H.

PRELIMINARY LOCAL CLIMATOLOGICAL DATA (WS FORM: F-6) , PAGE 2

                                          STATION:  BUTTE MT
                                          MONTH:    MARCH
                                          YEAR:     2015
                                          LATITUDE:   45 57 N
                                          LONGITUDE: 112 30 W

[TEMPERATURE DATA]      [PRECIPITATION DATA]       SYMBOLS USED IN COLUMN 16

AVERAGE MONTHLY: 36.6   TOTAL FOR MONTH:   0.41    1 = FOG OR MIST
DPTR FM NORMAL:   5.6   DPTR FM NORMAL:   -0.26    2 = FOG REDUCING VISIBILITY
HIGHEST:    68 ON 27    GRTST 24HR  0.22 ON 17-17      TO 1/4 MILE OR LESS
LOWEST:     -4 ON  4                               3 = THUNDER
                        SNOW, ICE PELLETS, HAIL    4 = ICE PELLETS
                        TOTAL MONTH:    M          5 = HAIL
                        GRTST 24HR    M  ON   M    6 = FREEZING RAIN OR DRIZZLE
                        GRTST DEPTH:  M  ON   M    7 = DUSTSTORM OR SANDSTORM:
                                                       VSBY 1/2 MILE OR LESS
                                                   8 = SMOKE OR HAZE
[NO. OF DAYS WITH]      [WEATHER - DAYS WITH]      9 = BLOWING SNOW
                                                   X = TORNADO
MAX 32 OR BELOW:   2    0.01 INCH OR MORE:   6
MAX 90 OR ABOVE:   0    0.10 INCH OR MORE:   2
MIN 32 OR BELOW:  24    0.50 INCH OR MORE:   0
MIN  0 OR BELOW:   2    1.00 INCH OR MORE:   0

[HDD (BASE 65) ]
TOTAL THIS MO.   787    CLEAR  (SCALE 0-3)  15
DPTR FM NORMAL  -166    PTCLDY (SCALE 4-7)  10
TOTAL FM JUL 1  6668    CLOUDY (SCALE 8-10)  3
DPTR FM NORMAL  -854

[CDD (BASE 65) ]
TOTAL THIS MO.     0
DPTR FM NORMAL     0    [PRESSURE DATA]
TOTAL FM JAN 1     0    HIGHEST SLP M ON M
DPTR FM NORMAL     0    LOWEST  SLP 29.77 ON M

[REMARKS]
