000
CXUS54 KTSA 251115
CF6BVO
PRELIMINARY LOCAL CLIMATOLOGICAL DATA (WS FORM: F-6)

                                          STATION:   BARTLESVILLE OKLAHOMA
                                          MONTH:     MAY
                                          YEAR:      2017
                                          LATITUDE:   36 45 N
                                          LONGITUDE:  96  0 W

  TEMPERATURE IN F:       :PCPN:    SNOW:  WIND      :SUNSHINE: SKY     :PK WND
================================================================================
1   2   3   4   5  6A  6B    7    8   9   10  11  12  13   14  15   16   17  18
                                     12Z  AVG MX 2MIN
DY MAX MIN AVG DEP HDD CDD  WTR  SNW DPTH SPD SPD DIR MIN PSBL S-S WX    SPD DR
================================================================================

 1  70  43  57  -7   8   0 0.00  0.0    0  7.7 21 290   M    M   4        33 240
 2  76  44  60  -4   5   0 0.33  0.0    0  6.6 17 360   M    M   2 18     23  40
 3  58  47  53 -11  12   0 2.67  0.0    0 13.3 26  10   M    M   9 1      34  20
 4  72  42  57  -8   8   0 0.00  0.0    0  4.7 22  10   M    M   2        32  10
 5  76  47  62  -3   3   0 0.00  0.0    0  2.5 14  20   M    M   0        20  10
 6  86  45  66   1   0   1 0.00  0.0    0  2.7 13 250   M    M   0        22 230
 7  87  49  68   3   0   3 0.00  0.0    0  3.0 12 150   M    M   0 1      17 210
 8  84  51  68   2   0   3 0.00  0.0    0  5.5 16 160   M    M   0 1      24 170
 9  85  54  70   4   0   5 0.00  0.0    0  4.7 15 220   M    M   3 1      19 220
10  81  62  72   6   0   7 0.96  0.0    0  4.5 17 230   M    M   8 138    27 220
11  72  59  66   0   0   1 1.61  0.0    0  3.8 21 260   M    M   8 13     30 270
12  75  54  65  -2   0   0    T  0.0    0  9.3 21  10   M    M   5        29  10
13  79  48  64  -3   1   0 0.00  0.0    0  3.0 13 140   M    M   0 1      17 140
14  84  50  67   0   0   2 0.00  0.0    0  5.4 16 170   M    M   0        24 170
15  88  59  74   6   0   9 0.00  0.0    0  7.5 16 150   M    M   0 1      25 150
16  84  63  74   6   0   9 0.00  0.0    0 10.3 21 170   M    M   4        33 160
17  83  57  70   2   0   5 0.17  0.0    0 13.7 35 210   M    M   1 13     49 180
18  88  57  73   5   0   8 0.14  0.0    0  8.7 28 170   M    M   4 13     43 150
19  75  61  68   0   0   3 0.94  0.0    0  7.2 20 130   M    M   5 13     27 150
20  71  49  60  -9   5   0 0.18  0.0    0  5.5 14 260   M    M   4 13     23 260
21  78  46  62  -7   3   0 0.00  0.0    0  1.8 10  10   M    M   0        15  10
22  79  50  65  -4   0   0    T  0.0    0  3.5 13 210   M    M   3        18 220
23  73  52  63  -7   2   0    T  0.0    0  2.7 16  10   M    M   5        22  20
24  71  45  58 -12   7   0 0.00  0.0    0  3.0  9 290   M    M   3        15 300
================================================================================
SM 1875 1234        54  56  7.00     0.0 140.6          M       70
================================================================================
AV 78.1 51.4                               5.9 FASTST   M    M   3    MAX(MPH)
                                 MISC ---->  # 35 210               # 49  180
================================================================================
NOTES:
# LAST OF SEVERAL OCCURRENCES

COLUMN 17 PEAK WIND IN M.P.H.

PRELIMINARY LOCAL CLIMATOLOGICAL DATA (WS FORM: F-6) , PAGE 2

                                          STATION:  BARTLESVILLE OKLAHOMA
                                          MONTH:    MAY
                                          YEAR:     2017
                                          LATITUDE:   36 45 N
                                          LONGITUDE:  96  0 W

[TEMPERATURE DATA]      [PRECIPITATION DATA]       SYMBOLS USED IN COLUMN 16

AVERAGE MONTHLY: 64.8   TOTAL FOR MONTH:   7.00    1 = FOG OR MIST
DPTR FM NORMAL:  -2.1   DPTR FM NORMAL:    2.90    2 = FOG REDUCING VISIBILITY
HIGHEST:    88 ON 18,15 GRTST 24HR  2.67 ON  3- 3      TO 1/4 MILE OR LESS
LOWEST:     42 ON  4                               3 = THUNDER
                        SNOW, ICE PELLETS, HAIL    4 = ICE PELLETS
                        TOTAL MONTH:   0.0 INCH    5 = HAIL
                        GRTST 24HR     0.0         6 = FREEZING RAIN OR DRIZZLE
                        GRTST DEPTH:   0           7 = DUSTSTORM OR SANDSTORM:
                                                       VSBY 1/2 MILE OR LESS
                                                   8 = SMOKE OR HAZE
[NO. OF DAYS WITH]      [WEATHER - DAYS WITH]      9 = BLOWING SNOW
                                                   X = TORNADO
MAX 32 OR BELOW:   0    0.01 INCH OR MORE:   8
MAX 90 OR ABOVE:   0    0.10 INCH OR MORE:   8
MIN 32 OR BELOW:   0    0.50 INCH OR MORE:   4
MIN  0 OR BELOW:   0    1.00 INCH OR MORE:   2

[HDD (BASE 65) ]
TOTAL THIS MO.    54    CLEAR  (SCALE 0-3)  13
DPTR FM NORMAL     6    PTCLDY (SCALE 4-7)  10
TOTAL FM JUL 1  3305    CLOUDY (SCALE 8-10)  1
DPTR FM NORMAL  -756

[CDD (BASE 65) ]
TOTAL THIS MO.    56
DPTR FM NORMAL   -35    [PRESSURE DATA]
TOTAL FM JAN 1   123    HIGHEST SLP M ON M
DPTR FM NORMAL   -13    LOWEST  SLP 29.47 ON 17

[REMARKS]
