000
CXUS53 KLMK 310800
CF6BWG
PRELIMINARY LOCAL CLIMATOLOGICAL DATA (WS FORM: F-6)

                                          STATION:   BOWLING GREEN KY
                                          MONTH:     JANUARY
                                          YEAR:      2015
                                          LATITUDE:   36 58 N
                                          LONGITUDE:  86 26 W

  TEMPERATURE IN F:       :PCPN:    SNOW:  WIND      :SUNSHINE: SKY     :PK WND
================================================================================
1   2   3   4   5  6A  6B    7    8   9   10  11  12  13   14  15   16   17  18
                                     12Z  AVG MX 2MIN
DY MAX MIN AVG DEP HDD CDD  WTR  SNW DPTH SPD SPD DIR MIN PSBL S-S WX    SPD DR
================================================================================

 1  39  20  30  -6  35   0 0.00  0.0    0  6.7 16 230   M    M   8        21 220
 2  42  38  40   4  25   0 0.02  0.0    0  3.5  8 130   M    M  10 1      12 140
 3  63  41  52  16  13   0 0.35  0.0    0 11.5 24 180   M    M  10 1      34 180
 4  61  25  43   7  22   0 0.22  0.0    0 11.7 25 260   M    M  10 18     36 260
 5  30  19  25 -11  40   0 0.00  0.0    0  3.9 16 290   M    M   1        21 280
 6  38  26  32  -4  33   0 0.00  0.0    0  8.3 14 260   M    M   4        19 300
 7  26   5  16 -19  49   0 0.01  0.1    T  9.5 21 310   M    M   6 8      30 340
 8  29   2  16 -19  49   0 0.00  0.0    0  8.9 20 240   M    M   2        27 220
 9  28  15  22 -13  43   0 0.00  0.0    0  7.6 20 240   M    M   3        29 240
10  32   7  20 -15  45   0 0.00  0.0    0  1.4  8 180   M    M   0        11 210
11  46  21  34  -1  31   0 0.02  0.0    0  3.3 18 200   M    M  10        23 200
12  43  32  38   3  27   0 0.55  0.0    0  4.9 15  10   M    M   9 1      21 360
13  32  28  30  -5  35   0    T    T    0  7.4 16  50   M    M  10 8      20  40
14  36  28  32  -3  33   0 0.00  0.0    0  2.3  8 290   M    M   8 8      10 300
15  34  28  31  -4  34   0 0.03  0.5    0  3.1 12 250   M    M  10 18     14 250
16  49  22  36   1  29   0 0.00  0.0    0  2.0  8 230   M    M   0 18     11 270
17  58  22  40   5  25   0 0.00  0.0    0  9.4 21 190   M    M   0 18     28 210
18  57  31  44   8  21   0 0.05  0.0    0  7.2 23 280   M    M   2        30 250
19  61  26  44   8  21   0 0.00  0.0    0  2.8 14 220   M    M   0        17 230
20  59  28  44   8  21   0 0.02  0.0    0  3.2 12 320   M    M   1        18 310
21  57  30  44   8  21   0 0.00  0.0    0  5.5 18 250   M    M   1 18     23 250
22  43  26  35  -1  30   0 0.00  0.0    0  3.3 10  50   M    M   3 1      10  50
23  37  33  35  -1  30   0 0.33  1.7    0  6.8 12  50   M    M   9 18     15  10
24  47  24  36   0  29   0    T    T    2  5.9 18 220   M    M   2 18     22 220
25  49  34  42   6  23   0 0.17  0.0    0  8.4 18 250   M    M   5 1      24 250
26  41  30  36   0  29   0 0.07  1.1    0  6.8 18 310   M    M  10 1      30 300
27  36  31  34  -2  31   0    T    T    1  3.5  9 330   M    M  10 168    13 330
28  46  24  35  -1  30   0 0.00  0.0    0  5.7 12  50   M    M   2        14 130
29  61  36  49  13  16   0 0.04  0.0    0 14.4 23 230   M    M   7 1      31 230
30  44  25  35  -2  30   0 0.00  0.0    0  5.6 14 340   M    M   4        21 320
================================================================================
SM 1324  757       900   0  1.88     3.4 184.5          M      157
================================================================================
AV 44.1 25.2                               6.2 FASTST   M    M   5    MAX(MPH)
                                 MISC ---->  # 25 260               # 36  260
================================================================================
NOTES:
# LAST OF SEVERAL OCCURRENCES

COLUMN 17 PEAK WIND IN M.P.H.

PRELIMINARY LOCAL CLIMATOLOGICAL DATA (WS FORM: F-6) , PAGE 2

                                          STATION:  BOWLING GREEN KY
                                          MONTH:    JANUARY
                                          YEAR:     2015
                                          LATITUDE:   36 58 N
                                          LONGITUDE:  86 26 W

[TEMPERATURE DATA]      [PRECIPITATION DATA]       SYMBOLS USED IN COLUMN 16

AVERAGE MONTHLY: 34.7   TOTAL FOR MONTH:   1.88    1 = FOG OR MIST
DPTR FM NORMAL:  -1.0   DPTR FM NORMAL:   -1.59    2 = FOG REDUCING VISIBILITY
HIGHEST:    63 ON  3    GRTST 24HR  0.57 ON 11-12      TO 1/4 MILE OR LESS
LOWEST:      2 ON  8                               3 = THUNDER
                        SNOW, ICE PELLETS, HAIL    4 = ICE PELLETS
                        TOTAL MONTH:   3.4 INCHES  5 = HAIL
                        GRTST 24HR   1.7 ON   M    6 = FREEZING RAIN OR DRIZZLE
                        GRTST DEPTH:   2 ON 24     7 = DUSTSTORM OR SANDSTORM:
                                                       VSBY 1/2 MILE OR LESS
                                                   8 = SMOKE OR HAZE
[NO. OF DAYS WITH]      [WEATHER - DAYS WITH]      9 = BLOWING SNOW
                                                   X = TORNADO
MAX 32 OR BELOW:   6    0.01 INCH OR MORE:  13
MAX 90 OR ABOVE:   0    0.10 INCH OR MORE:   5
MIN 32 OR BELOW:  25    0.50 INCH OR MORE:   1
MIN  0 OR BELOW:   0    1.00 INCH OR MORE:   0

[HDD (BASE 65) ]
TOTAL THIS MO.   900    CLEAR  (SCALE 0-3)  12
DPTR FM NORMAL    18    PTCLDY (SCALE 4-7)   7
TOTAL FM JUL 1  2513    CLOUDY (SCALE 8-10) 11
DPTR FM NORMAL    47

[CDD (BASE 65) ]
TOTAL THIS MO.     0
DPTR FM NORMAL     0    [PRESSURE DATA]
TOTAL FM JAN 1     0    HIGHEST SLP M ON M
DPTR FM NORMAL     0    LOWEST  SLP 29.64 ON 25

[REMARKS]
