000
CXUS53 KLMK 011415
CF6BWG
PRELIMINARY LOCAL CLIMATOLOGICAL DATA (WS FORM: F-6)

                                          STATION:   BOWLING GREEN KY
                                          MONTH:     JUNE
                                          YEAR:      2015
                                          LATITUDE:   36 58 N
                                          LONGITUDE:  86 26 W

  TEMPERATURE IN F:       :PCPN:    SNOW:  WIND      :SUNSHINE: SKY     :PK WND
================================================================================
1   2   3   4   5  6A  6B    7    8   9   10  11  12  13   14  15   16   17  18
                                     12Z  AVG MX 2MIN
DY MAX MIN AVG DEP HDD CDD  WTR  SNW DPTH SPD SPD DIR MIN PSBL S-S WX    SPD DR
================================================================================

 1  69  60  65  -6   0   0 0.14  0.0    0  5.5 13  50   M    M  10 18     16  60
 2  66  57  62  -9   3   0 0.00  0.0    0  5.3 12  60   M    M  10 18     13  60
 3  74  57  66  -6   0   1 0.00  0.0    0  4.6 10  50   M    M   6 1      16  70
 4  84  55  70  -2   0   5 0.00  0.0    0  2.5 12 280   M    M   1 1      15 280
 5  86  58  72   0   0   7 0.00  0.0    0  3.2 10 320   M    M   2 1      15 320
 6  89  63  76   3   0  11 0.00  0.0    0  1.8 12  40   M    M   2 128    15  30
 7  91  65  78   5   0  13 0.00  0.0    0  7.1 18 220   M    M   0 1      25 220
 8  82  68  75   2   0  10 0.50  0.0    0  8.0 20 200   M    M   4 138    25 290
 9  89  66  78   4   0  13 0.00  0.0    0  3.0 10 260   M    M   5 12     14 270
10  91  65  78   4   0  13 0.00  0.0    0  1.6 10 150   M    M   3 18     14 210
11  92  67  80   6   0  15 0.00  0.0    0  3.9 15 180   M    M   1 138    19 180
12  90  72  81   7   0  16 0.00  0.0    0 10.0 20 200   M    M   2        23 210
13  88  73  81   6   0  16 0.11  0.0    0  8.0 23 250   M    M   3 3      31 250
14  91  73  82   7   0  17 0.00  0.0    0  7.9 16 220   M    M   2        20 220
15  93  74  84   9   0  19    T  0.0    0  8.3 18 230   M    M   2        28 260
16  93  74  84   9   0  19    T  0.0    0  6.5 22 240   M    M   1 3      25 250
17  93  73  83   7   0  18 0.00  0.0    0  4.2 15 260   M    M   2        18 320
18  90  73  82   6   0  17 0.02  0.0    0  3.4 23 210   M    M   1 3      29 220
19  89  73  81   5   0  16 0.05  0.0    0  9.4 24 170   M    M   3 38     29 150
20  86  69  78   2   0  13 0.18  0.0    0 10.4 21 220   M    M   8 1      29 180
21  93  68  81   5   0  16 0.16  0.0    0  8.1 28 280   M    M   2 3      36 270
22  94  70  82   5   0  17 0.00  0.0    0  7.1 18 230   M    M   2        24 320
23  93  77  85   8   0  20 0.00  0.0    0  7.3 14 270   M    M   4        22 280
24  90  72  81   4   0  16 0.00  0.0    0  3.3 10  20   M    M   1        15  20
25  96  67  82   5   0  17 0.00  0.0    0  6.5 17 220   M    M   1 1      24 180
26  92  70  81   4   0  16 1.65  0.0    0  5.0 29 290   M    M   3 13     42 280
27  79  65  72  -6   0   7    T  0.0    0  6.8 15 290   M    M   7 1      23 320
28  82  57  70  -8   0   5 0.00  0.0    0  3.7 14 270   M    M   1 1      18 260
29  87  70  79   1   0  14 0.30  0.0    0  9.6 29 270   M    M   4 138    36 270
30  86  68  77  -1   0  12 0.00  0.0    0  6.4 17 260   M    M   1        21 280
================================================================================
SM 2618 2019         3 379  3.11     0.0 178.4          M       94
================================================================================
AV 87.3 67.3                               5.9 FASTST   M    M   3    MAX(MPH)
                                 MISC ---->  # 29 290               # 42  280
================================================================================
NOTES:
# LAST OF SEVERAL OCCURRENCES

COLUMN 17 PEAK WIND IN M.P.H.

PRELIMINARY LOCAL CLIMATOLOGICAL DATA (WS FORM: F-6) , PAGE 2

                                          STATION:  BOWLING GREEN KY
                                          MONTH:    JUNE
                                          YEAR:     2015
                                          LATITUDE:   36 58 N
                                          LONGITUDE:  86 26 W

[TEMPERATURE DATA]      [PRECIPITATION DATA]       SYMBOLS USED IN COLUMN 16

AVERAGE MONTHLY: 77.3   TOTAL FOR MONTH:   3.11    1 = FOG OR MIST
DPTR FM NORMAL:   2.3   DPTR FM NORMAL:   -1.09    2 = FOG REDUCING VISIBILITY
HIGHEST:    96 ON 25    GRTST 24HR  1.65 ON 26-26      TO 1/4 MILE OR LESS
LOWEST:     55 ON  4                               3 = THUNDER
                        SNOW, ICE PELLETS, HAIL    4 = ICE PELLETS
                        TOTAL MONTH:   0.0 INCH    5 = HAIL
                        GRTST 24HR     0.0         6 = FREEZING RAIN OR DRIZZLE
                        GRTST DEPTH:   0           7 = DUSTSTORM OR SANDSTORM:
                                                       VSBY 1/2 MILE OR LESS
                                                   8 = SMOKE OR HAZE
[NO. OF DAYS WITH]      [WEATHER - DAYS WITH]      9 = BLOWING SNOW
                                                   X = TORNADO
MAX 32 OR BELOW:   0    0.01 INCH OR MORE:   9
MAX 90 OR ABOVE:  15    0.10 INCH OR MORE:   7
MIN 32 OR BELOW:   0    0.50 INCH OR MORE:   2
MIN  0 OR BELOW:   0    1.00 INCH OR MORE:   1

[HDD (BASE 65) ]
TOTAL THIS MO.     3    CLEAR  (SCALE 0-3)  19
DPTR FM NORMAL    -2    PTCLDY (SCALE 4-7)   9
TOTAL FM JUL 1  4288    CLOUDY (SCALE 8-10)  2
DPTR FM NORMAL   240

[CDD (BASE 65) ]
TOTAL THIS MO.   379
DPTR FM NORMAL    74    [PRESSURE DATA]
TOTAL FM JAN 1   582    HIGHEST SLP 30.14 ON 24
DPTR FM NORMAL   124    LOWEST  SLP 29.73 ON 20

[REMARKS]
#FINAL-06-15#
