000
CXUS55 KGJT 301000
CF6CAG
PRELIMINARY LOCAL CLIMATOLOGICAL DATA (WS FORM: F-6)

                                          STATION:   CRAIG CO
                                          MONTH:     AUGUST
                                          YEAR:      2016
                                          LATITUDE:   40 30 N
                                          LONGITUDE: 107 32 W

  TEMPERATURE IN F:       :PCPN:    SNOW:  WIND      :SUNSHINE: SKY     :PK WND
================================================================================
1   2   3   4   5  6A  6B    7    8   9   10  11  12  13   14  15   16   17  18
                                     12Z  AVG MX 2MIN
DY MAX MIN AVG DEP HDD CDD  WTR  SNW DPTH SPD SPD DIR MIN PSBL S-S WX    SPD DR
================================================================================

 1  92  45  69   1   0   4 0.00    M    M  2.7 10  50   M    M   0        14  80
 2  94  46  70   2   0   5 0.00    M    M  5.8 30 170   M    M   0        39 150
 3  91  47  69   1   0   4    T    M    M  5.3 32 300   M    M   0 3      42 310
 4  81  55  68   1   0   3 0.00    M    M  7.3 24 130   M    M   3        33 120
 5  88  52  70   3   0   5 0.00    M    M  4.0 16 200   M    M   0        20 220
 6  83  50  67   0   0   2    T    M    M  4.3 24 280   M    M   4 3      32 280
 7  90  45  68   1   0   3 0.01    M    M  6.8 30 270   M    M   2 3      36 260
 8  84  55  70   3   0   5 0.20    M    M  7.7 22 130   M    M   3 13     31 120
 9  90  51  71   4   0   6 0.06    M    M 10.3 40 240   M    M   2 3      60 250
10  87  48  68   2   0   3    T    M    M  6.6 24 280   M    M   2 3      31 170
11  85  44  65  -1   0   0    T    M    M  5.8 29 230   M    M   1        37 250
12  83  37  60  -6   5   0 0.00    M    M  3.3 16 270   M    M   0        21 210
13  86  35  61  -5   4   0 0.00    M    M  2.7 17 270   M    M   0        24 260
14  90  35  63  -3   2   0 0.00    M    M  3.7 20 250   M    M   0        24 270
15  91  39  65  -1   0   0 0.00    M    M  4.3 26 300   M    M   0        36 330
16  88  43  66   1   0   1 0.00    M    M  3.3 16 240   M    M   0        21 200
17  88  46  67   2   0   2    T    M    M  5.3 28 170   M    M   1        33 180
18  83  45  64  -1   1   0 0.25    M    M  4.1 29 240   M    M   3 3      38 270
19  84  43  64   0   1   0 0.00    M    M  6.8 24 350   M    M   2        32 360
20  80  39  60  -4   5   0 0.00    M    M  3.5 16 260   M    M   1        21 260
21  88  36  62  -2   3   0 0.00    M    M  3.5 15 260   M    M   0        19 250
22  85  44  65   1   0   0 0.00    M    M  5.3 29 160   M    M   0        34 160
23  82  41  62  -2   3   0 0.03    M    M  7.1 30 180   M    M   2        38 150
24  83  45  64   1   1   0 0.00    M    M  5.9 28 290   M    M   2        34 290
25  75  41  58  -5   7   0    T    M    M  5.0 28 300   M    M   2        39 300
26  78  39  59  -4   6   0 0.08    M    M  6.9 25 280   M    M   2 3      31 290
27  80  40  60  -2   5   0 0.00    M    M  4.6 16 250   M    M   1        22 290
28  84  38  61  -1   4   0 0.00    M    M  4.8 22 120   M    M   0        30 120
29  85  40  63   1   2   0 0.00    M    M  3.9 16 340   M    M   0        22  70
================================================================================
SM 2478 1264        49  43  0.63    M    150.6          M       33
================================================================================
AV 85.4 43.6                               5.2 FASTST   M    M   1    MAX(MPH)
                                 MISC ---->  # 40 240               # 60  250
================================================================================
NOTES:
# LAST OF SEVERAL OCCURRENCES

COLUMN 17 PEAK WIND IN M.P.H.

PRELIMINARY LOCAL CLIMATOLOGICAL DATA (WS FORM: F-6) , PAGE 2

                                          STATION:  CRAIG CO
                                          MONTH:    AUGUST
                                          YEAR:     2016
                                          LATITUDE:   40 30 N
                                          LONGITUDE: 107 32 W

[TEMPERATURE DATA]      [PRECIPITATION DATA]       SYMBOLS USED IN COLUMN 16

AVERAGE MONTHLY: 64.5   TOTAL FOR MONTH:   0.63    1 = FOG OR MIST
DPTR FM NORMAL:  -0.7   DPTR FM NORMAL:   -0.66    2 = FOG REDUCING VISIBILITY
HIGHEST:    94 ON  2    GRTST 24HR  0.25 ON 18-18      TO 1/4 MILE OR LESS
LOWEST:     35 ON 14,13                            3 = THUNDER
                        SNOW, ICE PELLETS, HAIL    4 = ICE PELLETS
                        TOTAL MONTH:    M          5 = HAIL
                        GRTST 24HR    M  ON   M    6 = FREEZING RAIN OR DRIZZLE
                        GRTST DEPTH:  M  ON   M    7 = DUSTSTORM OR SANDSTORM:
                                                       VSBY 1/2 MILE OR LESS
                                                   8 = SMOKE OR HAZE
[NO. OF DAYS WITH]      [WEATHER - DAYS WITH]      9 = BLOWING SNOW
                                                   X = TORNADO
MAX 32 OR BELOW:   0    0.01 INCH OR MORE:   6
MAX 90 OR ABOVE:   7    0.10 INCH OR MORE:   2
MIN 32 OR BELOW:   0    0.50 INCH OR MORE:   0
MIN  0 OR BELOW:   0    1.00 INCH OR MORE:   0

[HDD (BASE 65) ]
TOTAL THIS MO.    49    CLEAR  (SCALE 0-3)  27
DPTR FM NORMAL     4    PTCLDY (SCALE 4-7)   2
TOTAL FM JUL 1    63    CLOUDY (SCALE 8-10)  0
DPTR FM NORMAL    -7

[CDD (BASE 65) ]
TOTAL THIS MO.    43
DPTR FM NORMAL    -8    [PRESSURE DATA]
TOTAL FM JAN 1   190    HIGHEST SLP M ON M
DPTR FM NORMAL    50    LOWEST  SLP 29.75 ON 22

[REMARKS]
