000
CXUS55 KGJT 211000
CF6CAG
PRELIMINARY LOCAL CLIMATOLOGICAL DATA (WS FORM: F-6)

                                          STATION:   CRAIG CO
                                          MONTH:     FEBRUARY
                                          YEAR:      2017
                                          LATITUDE:   40 30 N
                                          LONGITUDE: 107 32 W

  TEMPERATURE IN F:       :PCPN:    SNOW:  WIND      :SUNSHINE: SKY     :PK WND
================================================================================
1   2   3   4   5  6A  6B    7    8   9   10  11  12  13   14  15   16   17  18
                                     12Z  AVG MX 2MIN
DY MAX MIN AVG DEP HDD CDD  WTR  SNW DPTH SPD SPD DIR MIN PSBL S-S WX    SPD DR
================================================================================

 1  43  16  30  12  35   0 0.00    M    M  2.3  9  40   M    M   5        13  30
 2  31  16  24   6  41   0 0.17    M    M  1.3  7  80   M    M   8 12      8 360
 3  43  19  31  13  34   0 0.00    M    M  5.8 21 240   M    M   7        27 240
 4  43  24  34  16  31   0    T    M    M  3.7 16 230   M    M   8        19 230
 5  47  24  36  18  29   0 0.00    M    M  1.4  7  80   M    M   6         9  70
 6  43  24  34  16  31   0 0.00    M    M 10.9 31 230   M    M   5        42 220
 7  43  36  40  22  25   0    T    M    M 19.9 30 240   M    M   6        37 240
 8  46  32  39  20  26   0 0.00    M    M  9.8 24 260   M    M   5        32 260
 9  52  34  43  24  22   0 0.00    M    M  5.1 18 220   M    M   5        23 220
10  55  35  45  26  20   0    T    M    M  9.7 33 230   M    M   4        39 220
11  46  21  34  15  31   0 0.35    M    M  6.2 24 300   M    M   9 1      34 230
12  29  17  23   3  42   0 0.00    M    M  1.4  8 270   M    M   7 12     10 220
13  26  18  22   2  43   0 0.00    M    M  3.9 13 240   M    M   8 12     15 280
14  32  13  23   3  42   0 0.00    M    M  2.5  8 220   M    M   6 1      10 220
15  43   8  26   6  39   0 0.00    M    M  1.3  8 120   M    M   1 128    10 120
16  52  14  33  12  32   0 0.00    M    M  3.2  9  60   M    M   0        12  70
17  51  22  37  16  28   0 0.00    M    M  4.3 15 220   M    M   4        19 220
18  49  26  38  17  27   0    T    M    M  4.6 18 290   M    M   7        22 280
19  45  25  35  13  30   0 0.32    M    M  3.1 18 290   M    M   7 1      23 290
20  49  23  36  14  29   0 0.00    M    M  4.8 18 230   M    M   6 12     24 210
================================================================================
SM  868  447       637   0  0.84    M    105.2          M      114
================================================================================
AV 43.4 22.4                               5.3 FASTST   M    M   6    MAX(MPH)
                                 MISC ---->  # 33 230               # 42  220
================================================================================
NOTES:
# LAST OF SEVERAL OCCURRENCES

COLUMN 17 PEAK WIND IN M.P.H.

PRELIMINARY LOCAL CLIMATOLOGICAL DATA (WS FORM: F-6) , PAGE 2

                                          STATION:  CRAIG CO
                                          MONTH:    FEBRUARY
                                          YEAR:     2017
                                          LATITUDE:   40 30 N
                                          LONGITUDE: 107 32 W

[TEMPERATURE DATA]      [PRECIPITATION DATA]       SYMBOLS USED IN COLUMN 16

AVERAGE MONTHLY: 32.9   TOTAL FOR MONTH:   0.84    1 = FOG OR MIST
DPTR FM NORMAL:  13.4   DPTR FM NORMAL:    0.25    2 = FOG REDUCING VISIBILITY
HIGHEST:    55 ON 10    GRTST 24HR  0.35 ON 11-11      TO 1/4 MILE OR LESS
LOWEST:      8 ON 15                               3 = THUNDER
                        SNOW, ICE PELLETS, HAIL    4 = ICE PELLETS
                        TOTAL MONTH:    M          5 = HAIL
                        GRTST 24HR    M  ON   M    6 = FREEZING RAIN OR DRIZZLE
                        GRTST DEPTH:  M  ON   M    7 = DUSTSTORM OR SANDSTORM:
                                                       VSBY 1/2 MILE OR LESS
                                                   8 = SMOKE OR HAZE
[NO. OF DAYS WITH]      [WEATHER - DAYS WITH]      9 = BLOWING SNOW
                                                   X = TORNADO
MAX 32 OR BELOW:   4    0.01 INCH OR MORE:   3
MAX 90 OR ABOVE:   0    0.10 INCH OR MORE:   3
MIN 32 OR BELOW:  17    0.50 INCH OR MORE:   0
MIN  0 OR BELOW:   0    1.00 INCH OR MORE:   0

[HDD (BASE 65) ]
TOTAL THIS MO.   637    CLEAR  (SCALE 0-3)   2
DPTR FM NORMAL  -273    PTCLDY (SCALE 4-7)  17
TOTAL FM JUL 1  5200    CLOUDY (SCALE 8-10)  1
DPTR FM NORMAL  -794

[CDD (BASE 65) ]
TOTAL THIS MO.     0
DPTR FM NORMAL     0    [PRESSURE DATA]
TOTAL FM JAN 1     0    HIGHEST SLP M ON M
DPTR FM NORMAL     0    LOWEST  SLP 29.49 ON M

[REMARKS]
