000
CXUS51 KCLE 240800
CF6CAK
PRELIMINARY LOCAL CLIMATOLOGICAL DATA (WS FORM: F-6)
STATION: AKRON CANTON OH
MONTH: APRIL
YEAR: 2024
LATITUDE: 40 55 N
LONGITUDE: 81 26 W
TEMPERATURE IN F: :PCPN: SNOW: WIND :SUNSHINE: SKY :PK WND
================================================================================
1 2 3 4 5 6A 6B 7 8 9 10 11 12 13 14 15 16 17 18
12Z AVG MX 2MIN
DY MAX MIN AVG DEP HDD CDD WTR SNW DPTH SPD SPD DIR MIN PSBL S-S WX SPD DR
================================================================================
1 56 42 49 4 16 0 0.86 0.0 0 8.4 17 150 M M 10 13 22 60
2 63 46 55 10 10 0 1.77 0.0 0 10.0 30 170 M M 10 123 40 180
3 60 35 48 2 17 0 0.23 0.0 0 10.0 22 240 M M 9 13 30 230
4 47 34 41 -5 24 0 0.07 T 0 8.1 18 330 M M 9 1 24 340
5 41 33 37 -10 28 0 0.02 T 0 13.2 25 330 M M 10 18 40 340
6 52 36 44 -3 21 0 T T 0 10.7 21 10 M M 7 32 10
7 58 28 43 -4 22 0 0.00 0.0 0 5.8 14 90 M M 3 1 20 80
8 71 47 59 11 6 0 0.02 0.0 0 6.7 16 260 M M 7 24 230
9 73 49 61 13 4 0 0.08 0.0 0 10.0 22 220 M M 7 13 28 190
10 58 52 55 6 10 0 0.18 0.0 0 6.1 12 190 M M 10 1 15 130
11 65 56 61 12 4 0 1.28 0.0 0 10.0 21 180 M M 10 1 27 180
12 58 43 51 1 14 0 0.50 0.0 0 20.0 31 310 M M 10 1 47 330
13 59 41 50 0 15 0 0.00 0.0 0 15.0 25 300 M M 4 38 310
14 77 44 61 11 4 0 0.04 0.0 0 14.2 30 230 M M 5 3 41 220
15 71 51 61 10 4 0 T 0.0 0 8.3 18 20 M M 4 24 30
16 77 44 61 10 4 0 0.00 0.0 0 6.5 14 90 M M 3 17 80
17 75 54 65 13 0 0 0.17 0.0 0 13.5 35 240 M M 9 13 47 250
18 69 51 60 8 5 0 0.00 0.0 0 7.7 18 280 M M 6 27 270
19 61 48 55 3 10 0 T 0.0 0 11.2 24 160 M M 8 33 190
20 50 40 45 -8 20 0 0.00 0.0 0 10.7 28 260 M M 8 36 250
21 47 36 42 -11 23 0 0.00 0.0 0 7.8 16 300 M M 8 21 310
22 59 30 45 -9 20 0 0.00 0.0 0 6.8 16 230 M M 2 20 230
23 63 42 53 -1 12 0 0.10 0.0 0 11.2 28 200 M M 9 1 37 230
================================================================================
SM 1410 982 293 0 5.32 T 231.9 M 168
================================================================================
AV 61.3 42.7 10.1 FASTST M M 7 MAX(MPH)
MISC ----> 35 240 # 47 330
================================================================================
NOTES:
# LAST OF SEVERAL OCCURRENCES
COLUMN 17 PEAK WIND IN M.P.H.
PRELIMINARY LOCAL CLIMATOLOGICAL DATA (WS FORM: F-6) , PAGE 2
STATION: AKRON CANTON OH
MONTH: APRIL
YEAR: 2024
LATITUDE: 40 55 N
LONGITUDE: 81 26 W
[TEMPERATURE DATA] [PRECIPITATION DATA] SYMBOLS USED IN COLUMN 16
AVERAGE MONTHLY: 52.0 TOTAL FOR MONTH: 5.32 1 = FOG OR MIST
DPTR FM NORMAL: 2.5 DPTR FM NORMAL: 2.33 2 = FOG REDUCING VISIBILITY
HIGHEST: 77 ON 16,14 GRTST 24HR 2.03 ON 1- 2 TO 1/4 MILE OR LESS
LOWEST: 28 ON 7 3 = THUNDER
SNOW, ICE PELLETS, HAIL 4 = ICE PELLETS
TOTAL MONTH: T 5 = HAIL
GRTST 24HR T ON 4- 4 6 = FREEZING RAIN OR DRIZZLE
GRTST DEPTH: 0 7 = DUSTSTORM OR SANDSTORM:
VSBY 1/2 MILE OR LESS
8 = SMOKE OR HAZE
[NO. OF DAYS WITH] [WEATHER - DAYS WITH] 9 = BLOWING SNOW
X = TORNADO
MAX 32 OR BELOW: 0 0.01 INCH OR MORE: 13
MAX 90 OR ABOVE: 0 0.10 INCH OR MORE: 8
MIN 32 OR BELOW: 2 0.50 INCH OR MORE: 4
MIN 0 OR BELOW: 0 1.00 INCH OR MORE: 2
[HDD (BASE 65) ]
TOTAL THIS MO. 293 CLEAR (SCALE 0-3) 2
DPTR FM NORMAL -69 PTCLDY (SCALE 4-7) 10
TOTAL FM JUL 1 4857 CLOUDY (SCALE 8-10) 11
DPTR FM NORMAL -564
[CDD (BASE 65) ]
TOTAL THIS MO. 0
DPTR FM NORMAL 0 [PRESSURE DATA]
TOTAL FM JAN 1 0 HIGHEST SLP M ON M
DPTR FM NORMAL -1 LOWEST SLP 29.19 ON 11
[REMARKS]