009
CXUS56 KMTR 301000
CF6CCR
PRELIMINARY LOCAL CLIMATOLOGICAL DATA (WS FORM: F-6)

                                          STATION:   CONCORD AIRPORT
                                          MONTH:     APRIL
                                          YEAR:      2016
                                          LATITUDE:   37 58 N
                                          LONGITUDE: 122  3 W

  TEMPERATURE IN F:       :PCPN:    SNOW:  WIND      :SUNSHINE: SKY     :PK WND
================================================================================
1   2   3   4   5  6A  6B    7    8   9   10  11  12  13   14  15   16   17  18
                                     12Z  AVG MX 2MIN
DY MAX MIN AVG DEP HDD CDD  WTR  SNW DPTH SPD SPD DIR MIN PSBL S-S WX    SPD DR
================================================================================

 1  72  51  62   6   3   0 0.00  0.0    0  9.2 17 200   M    M   0        22 200
 2  76  48  62   6   3   0 0.00  0.0    0  3.8 12 300   M    M   1        15 300
 3  72  48  60   3   5   0 0.00  0.0    0  7.4 17 200   M    M   2        22 200
 4  76  53  65   8   0   0 0.00  0.0    0  7.7 15 330   M    M   0        19 200
 5  84  49  67  10   0   2 0.00  0.0    0  4.7 14 300   M    M   0        17 300
 6  87  54  71  14   0   6 0.00  0.0    0  5.4 15  50   M    M   1        22  50
 7  74  56  65   8   0   0 0.00  0.0    0  8.3 23 250   M    M   4        27 250
 8  72  57  65   8   0   0    T  0.0    0  7.0 20 300   M    M   6 1      22 310
 9  63  58  61   4   4   0 0.24  0.0    0  6.2 13 260   M    M  10 1      16 270
10  60  56  58   0   7   0 0.69  0.0    0  7.1 13 210   M    M  10 1      15 210
11  67  52  60   2   5   0    T  0.0    0  5.7 13 250   M    M   7        17 240
12  67  53  60   2   5   0    T  0.0    0 10.8 20 190   M    M   5        24 190
13  69  52  61   3   4   0 0.00  0.0    0 10.4 18 190   M    M   1        24 260
14  66  48  57  -1   8   0 0.02    M    0 12.1 24 290   M    M   3 1      30 280
15  74  44  59   1   6   0 0.00  0.0    0  5.3 16  10   M    M   0        22 320
16  84  47  66   7   0   1 0.00  0.0    0  4.7 14  50   M    M   0        20  30
17  85  50  68   9   0   3 0.00  0.0    0  3.8 13  30   M    M   0        17  30
18  87  52  70  11   0   5 0.00  0.0    0  5.4 15 260   M    M   0        18 250
19  85  53  69  10   0   4 0.00  0.0    0  4.6 14 230   M    M   0        15 230
20  79  47  63   4   2   0 0.00  0.0    0  6.7 17 260   M    M   1        22 270
21  73  55  64   4   1   0 0.00  0.0    0  8.6 23 260   M    M   5        27 260
22  64  57  61   1   4   0 0.10  0.0    0 13.8 24 230   M    M   8 18     32 240
23   M   M   M   M   M   M 0.00  0.0    0   M   M   M   M    M   0         M  M
24   M   M   M   M   M   M 0.00  0.0    0  9.9 16 220   M    M   2         M  M
25   M   M   M   M   M   M 0.00  0.0    0 10.6 14 230   M    M   0         M  M
26  70  55  63   3   2   0 0.00  0.0    0  8.9 16 270   M    M   1         M  M
27  68  51  60  -1   5   0    T  0.0    0  9.6 23 280   M    M   4        30 290
28  79  49  64   3   1   0 0.00  0.0    0  9.2 17 240   M    M   0        22 250
29  75  53  64   3   1   0 0.00  0.0    0 10.3 18 260   M    M   2        24 250
================================================================================
SM 1928 1348        66  21  1.05     0.0 217.2          M       73
================================================================================
AV 74.2 51.8                               7.8 FASTST   M    M   3    MAX(MPH)
                                 MISC ---->  # 24 290               # 32  240
================================================================================
NOTES:
# LAST OF SEVERAL OCCURRENCES

COLUMN 17 PEAK WIND IN M.P.H.

PRELIMINARY LOCAL CLIMATOLOGICAL DATA (WS FORM: F-6) , PAGE 2

                                          STATION:  CONCORD AIRPORT
                                          MONTH:    APRIL
                                          YEAR:     2016
                                          LATITUDE:   37 58 N
                                          LONGITUDE: 122  3 W

[TEMPERATURE DATA]      [PRECIPITATION DATA]       SYMBOLS USED IN COLUMN 16

AVERAGE MONTHLY: 63.0   TOTAL FOR MONTH:   1.05    1 = FOG OR MIST
DPTR FM NORMAL:   4.5   DPTR FM NORMAL:   -0.05    2 = FOG REDUCING VISIBILITY
HIGHEST:    87 ON 18, 6 GRTST 24HR  0.91 ON  9-10      TO 1/4 MILE OR LESS
LOWEST:     44 ON 15                               3 = THUNDER
                        SNOW, ICE PELLETS, HAIL    4 = ICE PELLETS
                        TOTAL MONTH:   0.0 INCH    5 = HAIL
                        GRTST 24HR     0.0         6 = FREEZING RAIN OR DRIZZLE
                        GRTST DEPTH:   0           7 = DUSTSTORM OR SANDSTORM:
                                                       VSBY 1/2 MILE OR LESS
                                                   8 = SMOKE OR HAZE
[NO. OF DAYS WITH]      [WEATHER - DAYS WITH]      9 = BLOWING SNOW
                                                   X = TORNADO
MAX 32 OR BELOW:   0    0.01 INCH OR MORE:   4
MAX 90 OR ABOVE:   0    0.10 INCH OR MORE:   3
MIN 32 OR BELOW:   0    0.50 INCH OR MORE:   1
MIN  0 OR BELOW:   0    1.00 INCH OR MORE:   0

[HDD (BASE 65) ]
TOTAL THIS MO.    66    CLEAR  (SCALE 0-3)  20
DPTR FM NORMAL  -132    PTCLDY (SCALE 4-7)   7
TOTAL FM JUL 1  1768    CLOUDY (SCALE 8-10)  2
DPTR FM NORMAL  -593

[CDD (BASE 65) ]
TOTAL THIS MO.    21
DPTR FM NORMAL    11    [PRESSURE DATA]
TOTAL FM JAN 1    21    HIGHEST SLP 30.03 ON 19
DPTR FM NORMAL     9    LOWEST  SLP 29.81 ON 22

[REMARKS]
