000
CXUS55 KBOU 221104
CF6CCU
PRELIMINARY LOCAL CLIMATOLOGICAL DATA (WS FORM: F-6)

                                          STATION:   COPPER MTN CO
                                          MONTH:     APRIL
                                          YEAR:      2014
                                          LATITUDE:   39 28 N
                                          LONGITUDE: 106  9 W

  TEMPERATURE IN F:       :PCPN:    SNOW:  WIND      :SUNSHINE: SKY     :PK WND
================================================================================
1   2   3   4   5  6A  6B    7    8   9   10  11  12  13   14  15   16   17  18
                                     12Z  AVG MX 2MIN
DY MAX MIN AVG DEP HDD CDD  WTR  SNW DPTH SPD SPD DIR MIN PSBL S-S WX    SPD DR
================================================================================

 1  28  21  25   M  40   0    M    M    M 18.7 35 170   M    M   9 8      38 160
 2  30  19  25   M  40   0    M    M    M 13.3 24 150   M    M   9 8      38 180
 3  23  14  19   M  46   0    M    M    M 16.5 25 280   M    M   9 8      32 280
 4  30  14  22   M  43   0    M    M    M 12.3 20 260   M    M   4 8      25 260
 5  30  19  25   M  40   0    M    M    M 10.1 16 290   M    M   7 8      30 290
 6  25  19  22   M  43   0    M    M    M 18.2 32 280   M    M  10 38     40 280
 7  25  18  22   M  43   0    M    M    M 21.5 35 290   M    M   8        44 290
 8  37  25  31   M  34   0    M    M    M 19.3 24 280   M    M   4        30 280
 9  45  30  38   M  27   0    M    M    M 24.2 37 250   M    M   3 8      53 250
10  45  32  39   M  26   0    M    M    M 25.2 37 280   M    M   6 8      50 280
11  45  30  38   M  27   0    M    M    M 15.8 29 260   M    M   1 8      43 260
12  41  30  36   M  29   0    M    M    M 13.8 23 250   M    M   4 3      30 240
13  34   9  22   M  43   0    M    M    M 12.8 23 290   M    M  10 38     28 140
14  21   5  13   M  52   0    M    M    M 16.7 25 280   M    M   5 8      33 280
15  34  16  25   M  40   0    M    M    M 21.3 35 250   M    M   4 8      53 250
16  34  19  27   M  38   0    M    M    M 19.1 37 250   M    M   8        55 260
17  39  21  30   M  35   0    M    M    M 11.6 18 280   M    M   2        30 270
18  46  34  40   M  25   0    M    M    M 13.2 20 250   M    M   2        31 250
19  41  34  38   M  27   0    M    M    M  9.1 16 270   M    M   8        23 150
20  45  32  39   M  26   0    M    M    M 13.6 22 280   M    M   8 123    28 280
21  45  34  40   M  25   0    M    M    M 10.4 22 280   M    M   2        30 260
================================================================================
SM  743  475       749   0    M     M    336.7          M      123
================================================================================
AV 35.4 22.6                              16.0 FASTST   M    M   6    MAX(MPH)
                                 MISC ---->    37   M                 55    M
================================================================================
NOTES:
# LAST OF SEVERAL OCCURRENCES

COLUMN 17 PEAK WIND IN M.P.H.

PRELIMINARY LOCAL CLIMATOLOGICAL DATA (WS FORM: F-6) , PAGE 2

                                          STATION:  COPPER MTN CO
                                          MONTH:    APRIL
                                          YEAR:     2014
                                          LATITUDE:   39 28 N
                                          LONGITUDE: 106  9 W

[TEMPERATURE DATA]      [PRECIPITATION DATA]       SYMBOLS USED IN COLUMN 16

AVERAGE MONTHLY: 29.0   TOTAL FOR MONTH:      M    1 = FOG OR MIST
DPTR FM NORMAL:     M   DPTR FM NORMAL:       M    2 = FOG REDUCING VISIBILITY
HIGHEST:    46 ON 18    GRTST 24HR    M  ON   M        TO 1/4 MILE OR LESS
LOWEST:      5 ON 14                               3 = THUNDER
                        SNOW, ICE PELLETS, HAIL    4 = ICE PELLETS
                        TOTAL MONTH:    M          5 = HAIL
                        GRTST 24HR    M  ON   M    6 = FREEZING RAIN OR DRIZZLE
                        GRTST DEPTH:  M  ON   M    7 = DUSTSTORM OR SANDSTORM:
                                                       VSBY 1/2 MILE OR LESS
                                                   8 = SMOKE OR HAZE
[NO. OF DAYS WITH]      [WEATHER - DAYS WITH]      9 = BLOWING SNOW
                                                   X = TORNADO
MAX 32 OR BELOW:   8    0.01 INCH OR MORE:   0
MAX 90 OR ABOVE:   0    0.10 INCH OR MORE:   0
MIN 32 OR BELOW:  18    0.50 INCH OR MORE:   0
MIN  0 OR BELOW:   0    1.00 INCH OR MORE:   0

[HDD (BASE 65) ]
TOTAL THIS MO.   749    CLEAR  (SCALE 0-3)   5
DPTR FM NORMAL     M    PTCLDY (SCALE 4-7)  10
TOTAL FM JUL 1  7529    CLOUDY (SCALE 8-10)  6
DPTR FM NORMAL     M

[CDD (BASE 65) ]
TOTAL THIS MO.     0
DPTR FM NORMAL     M    [PRESSURE DATA]
TOTAL FM JAN 1     0    HIGHEST SLP M ON M
DPTR FM NORMAL     M    LOWEST  SLP M ON M

[REMARKS]
