000
CXAK56 PACD 241205
CF6CDB

PRELIMINARY LOCAL CLIMATOLOGICAL DATA (WS FORM: F-6)

                                          STATION:   COLD BAY
                                          MONTH:     08
                                          YEAR:      2016
                                          LATITUDE:   55 13 N
                                          LONGITUDE: 162 44 W

  TEMPERATURE IN F:       :PCPN:    SNOW:  WIND      :SUNSHINE: SKY     :PK WND
================================================================================
1   2   3   4   5  6A  6B    7     8   9   10  11  12  13   14  15   16  17  18
                                      12Z  AVG MX 2MIN
DY MAX MIN AVG DEP HDD CDD  WTR   SNW DPTH SPD SPD DIR MIN PSBL S-S WX   SPD DR
================================================================================

 1  56  50  53   1  12   0  0.08  0.0   0 18.5 29  250   M    M   M 1     35 250
 2  65  52  59   7   6   0  0.15  0.0   0 10.4 24  160   M    M   M 1     28 160
 3  58  55  57   5   8   0  0.23  0.0   0 22.0 33  150   M    M   M 1     39 150
 4  62  54  58   6   7   0  0.14  0.0   0 18.8 28  150   M    M   M 1     34 160
 5  63  50  57   5   8   0  0.20  0.0   0 20.1 31  150   M    M   M 1     39 150
 6  60  47  54   2  11   0  0.04  0.0   0 13.6 25  140   M    M   M 1     31 140
 7  58  49  54   2  11   0  0.00  0.0   0 14.2 22  250   M    M   M       28 260
 8  61  48  55   3  10   0     T  0.0   0 11.6 22  240   M    M   M 1     26 250
 9  61  47  54   2  11   0  0.00  0.0   0  9.0 18  280   M    M   M       22 290
10  57  51  54   2  11   0  0.21  0.0   0  3.6 13  150   M    M   M 1     15 130
11  66  48  57   5   8   0     T  0.0   0  8.7 20  150   M    M   M 1     24 160
12  56  51  54   2  11   0  0.09  0.0   0 15.0 26  150   M    M   M 1     33 160
13  60  51  56   4   9   0  0.41  0.0   0 15.8 37  290   M    M   M 1     44 290
14  56  53  55   3  10   0  0.27  0.0   0 20.5 28  300   M    M   M 1     35 310
15  60  52  56   4   9   0  0.17  0.0   0 11.3 20  250   M    M   M 1     23 250
16  59  51  55   3  10   0  0.34  0.0   0 11.5 25   30   M    M   M 1     30  40
17  66  54  60   8   5   0  0.01  0.0   0  7.3 21   70   M    M   M       25  90
18  64  54  59   7   6   0     T  0.0   0 10.6 22  150   M    M   M 1     26 160
19  65  53  59   7   6   0  0.00  0.0   0  7.5 17  280   M    M   M       23 280
20  64  51  58   6   7   0  0.26  0.0   0 13.0 32  160   M    M   M       43 160
21  61  52  57   5   8   0  0.26  0.0   0 19.1 30  250   M    M   M 1     40 150
22  57  52  55   3  10   0  0.04  0.0   0 12.0 22  280   M    M   M 1     27 170
23  59  53  56   4   9   0  0.20  0.0   0  6.2 14  160   M    M   M 1     16 160
================================================================================
SM 1394 1178       203   0  3.10 0.0    300.3           M        M
================================================================================
AV 60.6 51.2                             13.1 FASTST  PSBL  %   M    MAX(MPH)
                                 MISC ---->     37  290                 44 290
================================================================================
NOTES:
# LAST OF SEVERAL OCCURRENCES

COLUMN 17 PEAK WIND IN M.P.H.

PRELIMINARY LOCAL CLIMATOLOGICAL DATA (WS FORM: F-6) , PAGE 2

                                          STATION:   COLD BAY
                                          MONTH:     08
                                          YEAR:      2016
                                          LATITUDE:  55 13 N
                                          LONGITUDE: 162 44 W

[TEMPERATURE DATA]      [PRECIPITATION DATA]       SYMBOLS USED IN COLUMN 16

AVERAGE MONTHLY:55.9   TOTAL FOR MONTH: 3.10       1 = FOG
DPTR FM NORMAL:  3.9   DPTR FM NORMAL: 0.49       2 = FOG REDUCING VISIBILITY
HIGHEST:    66 ON 17    GRTST 24HR   0.41 ON 13        TO 1/4 MILE OR LESS
LOWEST:     47 ON  9                               3 = THUNDER
                        SNOW, ICE PELLETS, HAIL    4 = ICE PELLETS
                        TOTAL MONTH: 0.0         5 = HAIL
                        GRTST 24HR   0.0           6 = GLAZE OR RIME
                        GRTST DEPTH:    0          7 = BLOWING DUST OR SAND:
                                                       VSBY 1/2 MILE OR LESS
                                                   8 = SMOKE OR HAZE
[NO. OF DAYS WITH]      [WEATHER - DAYS WITH]      9 = BLOWING SNOW
                                                   X = TORNADO
MAX 32 OR BELOW:   0    0.01 INCH OR MORE:  17
MAX 70 OR ABOVE:   0    0.10 INCH OR MORE:  12
MIN 32 OR BELOW:   0    0.50 INCH OR MORE:   0
MIN  0 OR BELOW:   0    1.00 INCH OR MORE:   0

[HDD (BASE 65) ]
TOTAL THIS MO.   203    CLEAR  (SCALE 0-3)   M
DPTR FM NORMAL   -96    PTCLDY (SCALE 4-7)   M
SEASONAL TOTAL   514    CLOUDY (SCALE 8-10)  M
DPTR FM NORMAL  -223

[CDD (BASE 65) ]
TOTAL THIS MO.     0
DPTR FM NORMAL     0    [PRESSURE DATA]
SEASONAL TOTAL     0    HIGHEST SLP     M
DPTR FM NORMAL     0    LOWEST  SLP     M

[REMARKS]
