220
CXAK56 PAFC 271320
CF6CDB
PRELIMINARY LOCAL CLIMATOLOGICAL DATA (WS FORM: F-6)

                                          STATION:   COLD BAY
                                          MONTH:     MARCH
                                          YEAR:      2017
                                          LATITUDE:   55 13 N
                                          LONGITUDE: 162 44 W

  TEMPERATURE IN F:       :PCPN:    SNOW:  WIND      :SUNSHINE: SKY     :PK WND
================================================================================
1   2   3   4   5  6A  6B    7    8   9   10  11  12  13   14  15   16   17  18
                                     12Z  AVG MX 2MIN
DY MAX MIN AVG DEP HDD CDD  WTR  SNW DPTH SPD SPD DIR MIN PSBL S-S WX    SPD DR
================================================================================

 1  24  20  22  -8  43   0    T    T    0 25.5 35 340   M    M   9        43 340
 2  27  21  24  -6  41   0    T    T    0 20.6 28 340   M    M   8        35 350
 3  32  21  27  -3  38   0 0.00  0.0    0 14.7 24 330   M    M   7        29 330
 4  43  20  32   2  33   0 0.00  0.0    0  6.2 18 140   M    M   6        22 140
 5  41  31  36   6  29   0 0.00  0.0    0 11.7 20 160   M    M   3        24 160
 6  38  19  29  -1  36   0 0.00  0.0    0  5.5 14  30   M    M   2        16  30
 7  34  12  23  -7  42   0 0.00  0.0    0 10.3 24  20   M    M   1        30  20
 8  38  17  28  -2  37   0 0.00  0.0    0  6.3 18  40   M    M   2        23  30
 9  38  18  28  -2  37   0 0.00  0.0    0  5.2 14  20   M    M   1        17 160
10  36  12  24  -6  41   0 0.00  0.0    0 13.9 29  10   M    M   4        35  10
11  34  22  28  -2  37   0 0.00  0.0    0 13.3 25  10   M    M   4        32  10
12  33  18  26  -4  39   0 0.00  0.0    0 14.4 28  10   M    M   6        34  10
13  35  16  26  -4  39   0 0.00  0.0    0 18.0 30 330   M    M   4        35 330
14  33  23  28  -2  37   0 0.00  0.0    0 18.8 26 350   M    M   5        32 350
15  25  18  22  -8  43   0 0.01    M    0 24.2 33 330   M    M   9 1      40 330
16  28  13  21  -9  44   0 0.00  0.0    0 15.8 26 340   M    M   2 8      39 340
17  32  10  21  -9  44   0 0.00  0.0    0 10.4 21 360   M    M   0        24 350
18  33  15  24  -6  41   0 0.00  0.0    0 11.7 23 360   M    M   0 1      26 360
19  33  15  24  -6  41   0 0.00  0.0    0 11.5 24 360   M    M   0 18     27 350
20  32  11  22  -8  43   0 0.00  0.0    0 10.7 24 360   M    M   2        28 350
21  36  15  26  -4  39   0 0.00  0.0    0 11.9 26  20   M    M   2        32  30
22  34  12  23  -7  42   0 0.00  0.0    0 13.1 30 350   M    M   0        36 360
23  36  14  25  -5  40   0 0.00  0.0    0 10.4 20 350   M    M   2        24 340
24  41   9  25  -5  40   0 0.00  0.0    0 12.8 25 150   M    M   0 8      31 160
25  40  23  32   2  33   0 0.00  0.0    0  9.0 20 130   M    M   0        24 130
26  40  24  32   1  33   0 0.00  0.0    0 13.9 24 130   M    M   1        30  90
================================================================================
SM  896  449      1012   0  0.01    T    339.8          M       80
================================================================================
AV 34.5 17.3                              13.1 FASTST   M    M   3    MAX(MPH)
                                 MISC ---->  # 35 340               # 43  340
================================================================================
NOTES:
# LAST OF SEVERAL OCCURRENCES

COLUMN 17 PEAK WIND IN M.P.H.

PRELIMINARY LOCAL CLIMATOLOGICAL DATA (WS FORM: F-6) , PAGE 2

                                          STATION:  COLD BAY
                                          MONTH:    MARCH
                                          YEAR:     2017
                                          LATITUDE:   55 13 N
                                          LONGITUDE: 162 44 W

[TEMPERATURE DATA]      [PRECIPITATION DATA]       SYMBOLS USED IN COLUMN 16

AVERAGE MONTHLY: 25.9   TOTAL FOR MONTH:   0.01    1 = FOG OR MIST
DPTR FM NORMAL:  -4.2   DPTR FM NORMAL:   -2.30    2 = FOG REDUCING VISIBILITY
HIGHEST:    43 ON  4    GRTST 24HR  0.01 ON 15-15      TO 1/4 MILE OR LESS
LOWEST:      9 ON 24                               3 = THUNDER
                        SNOW, ICE PELLETS, HAIL    4 = ICE PELLETS
                        TOTAL MONTH:    T          5 = HAIL
                        GRTST 24HR    T  ON  2- 2  6 = FREEZING RAIN OR DRIZZLE
                        GRTST DEPTH:   0           7 = DUSTSTORM OR SANDSTORM:
                                                       VSBY 1/2 MILE OR LESS
                                                   8 = SMOKE OR HAZE
[NO. OF DAYS WITH]      [WEATHER - DAYS WITH]      9 = BLOWING SNOW
                                                   X = TORNADO
MAX 32 OR BELOW:   7    0.01 INCH OR MORE:   1
MAX 90 OR ABOVE:   0    0.10 INCH OR MORE:   0
MIN 32 OR BELOW:  26    0.50 INCH OR MORE:   0
MIN  0 OR BELOW:   0    1.00 INCH OR MORE:   0

[HDD (BASE 65) ]
TOTAL THIS MO.  1012    CLEAR  (SCALE 0-3)  16
DPTR FM NORMAL   103    PTCLDY (SCALE 4-7)   7
TOTAL FM JUL 1  6572    CLOUDY (SCALE 8-10)  3
DPTR FM NORMAL  -555

[CDD (BASE 65) ]
TOTAL THIS MO.     0
DPTR FM NORMAL     0    [PRESSURE DATA]
TOTAL FM JAN 1     0    HIGHEST SLP M ON M
DPTR FM NORMAL     0    LOWEST  SLP 29.35 ON 26

[REMARKS]
