523
CXUS55 KEAX 230736
CF6CDJ
PRELIMINARY LOCAL CLIMATOLOGICAL DATA (WS FORM: F-6)

                                          STATION:   CHILLICOTHE
                                          MONTH:     NOVEMBER
                                          YEAR:      2017
                                          LATITUDE:   39 49 N
                                          LONGITUDE:  93 35 W

  TEMPERATURE IN F:       :PCPN:    SNOW:  WIND      :SUNSHINE: SKY     :PK WND
================================================================================
1   2   3   4   5  6A  6B    7    8   9   10  11  12  13   14  15   16   17  18
                                     12Z  AVG MX 2MIN
DY MAX MIN AVG DEP HDD CDD  WTR  SNW DPTH SPD SPD DIR MIN PSBL S-S WX    SPD DR
================================================================================

 1  49  33  41  -8  24   0 0.00    M    M  5.4 16 140   M    M   0        22 150
 2  54  41  48   0  17   0 0.03    M    M  5.1 13  10   M    M   0        21  10
 3  55  33  44  -4  21   0 0.00    M    M  6.5 14  50   M    M   0        20  50
 4  54  47  51   4  14   0 0.00    M    M  2.2  9 120   M    M   0        13 110
 5  55  34  45  -2  20   0 0.00    M    M  4.6 14 340   M    M   0        22  10
 6  47  29  38  -8  27   0 0.00    M    M  7.2 13  40   M    M   0        18  30
 7  48  33  41  -5  24   0 0.00    M    M  6.9 14  30   M    M   0        20  40
 8  51  24  38  -7  27   0 0.00    M    M  1.3  7 200   M    M   0         9 210
 9  47  26  37  -8  28   0 0.00    M    M  6.2 15  30   M    M   0        22  20
10  37  21  29 -15  36   0 0.00    M    M  7.9 14 120   M    M   0        21 110
11  52  36  44   0  21   0 0.02    M    M  4.7 13 150   M    M   0        18 140
12  48  30  39  -4  26   0 0.06    M    M  3.2 10 350   M    M   0        15 340
13  48  28  38  -5  27   0 0.00    M    M  2.9 10 160   M    M   0        14 160
14  54  46  50   8  15   0 0.01    M    M  6.9 13 170   M    M   0        17 170
15  60  34  47   5  18   0 0.05    M    M  7.1 17 320   M    M   0        27 300
16  48  24  36  -5  29   0 0.00    M    M  3.7 10 130   M    M   0        16 140
17  59  41  50   9  15   0 0.02    M    M  6.4 15 150   M    M   0        21 140
18  56  34  45   5  20   0 0.21    M    M 11.8 21 320   M    M   0        31 320
19  49  26  38  -2  27   0 0.00    M    M  5.8 12 180   M    M   0        15 180
20  62  38  50  11  15   0 0.00    M    M 12.7 24 210   M    M   0        34 190
21  50  25  38  -1  27   0 0.00    M    M  6.9 18 330   M    M   0        29 330
22  41  16  29  -9  36   0 0.00    M    M  3.7 10 180   M    M   0        13 190
================================================================================
SM 1124  699       514   0  0.40    M    129.1          M        0
================================================================================
AV 51.1 31.8                               5.9 FASTST   M    M   0    MAX(MPH)
                                 MISC ---->  # 24 210               # 34  190
================================================================================
NOTES:
# LAST OF SEVERAL OCCURRENCES

COLUMN 17 PEAK WIND IN M.P.H.

PRELIMINARY LOCAL CLIMATOLOGICAL DATA (WS FORM: F-6) , PAGE 2

                                          STATION:  CHILLICOTHE
                                          MONTH:    NOVEMBER
                                          YEAR:     2017
                                          LATITUDE:   39 49 N
                                          LONGITUDE:  93 35 W

[TEMPERATURE DATA]      [PRECIPITATION DATA]       SYMBOLS USED IN COLUMN 16

AVERAGE MONTHLY: 41.4   TOTAL FOR MONTH:   0.40    1 = FOG OR MIST
DPTR FM NORMAL:  -2.1   DPTR FM NORMAL:   -1.55    2 = FOG REDUCING VISIBILITY
HIGHEST:    62 ON 20    GRTST 24HR  0.21 ON 18-18      TO 1/4 MILE OR LESS
LOWEST:     16 ON 22                               3 = THUNDER
                        SNOW, ICE PELLETS, HAIL    4 = ICE PELLETS
                        TOTAL MONTH:    M          5 = HAIL
                        GRTST 24HR    M  ON   M    6 = FREEZING RAIN OR DRIZZLE
                        GRTST DEPTH:  M  ON   M    7 = DUSTSTORM OR SANDSTORM:
                                                       VSBY 1/2 MILE OR LESS
                                                   8 = SMOKE OR HAZE
[NO. OF DAYS WITH]      [WEATHER - DAYS WITH]      9 = BLOWING SNOW
                                                   X = TORNADO
MAX 32 OR BELOW:   0    0.01 INCH OR MORE:   7
MAX 90 OR ABOVE:   0    0.10 INCH OR MORE:   1
MIN 32 OR BELOW:  10    0.50 INCH OR MORE:   0
MIN  0 OR BELOW:   0    1.00 INCH OR MORE:   0

[HDD (BASE 65) ]
TOTAL THIS MO.   514    CLEAR  (SCALE 0-3)  22
DPTR FM NORMAL    41    PTCLDY (SCALE 4-7)   0
TOTAL FM JUL 1   802    CLOUDY (SCALE 8-10)  0
DPTR FM NORMAL   -88

[CDD (BASE 65) ]
TOTAL THIS MO.     0
DPTR FM NORMAL     0    [PRESSURE DATA]
TOTAL FM JAN 1  1307    HIGHEST SLP  0.00 ON M
DPTR FM NORMAL   184    LOWEST  SLP  0.00 ON M

[REMARKS]
