000
CXUS54 KLUB 280755
CF6CDS
PRELIMINARY LOCAL CLIMATOLOGICAL DATA (WS FORM: F-6)

                                          STATION:   CHILDRESS
                                          MONTH:     APRIL
                                          YEAR:      2016
                                          LATITUDE:   34 25 N
                                          LONGITUDE: 100 17 W

  TEMPERATURE IN F:       :PCPN:    SNOW:  WIND      :SUNSHINE: SKY     :PK WND
================================================================================
1   2   3   4   5  6A  6B    7    8   9   10  11  12  13   14  15   16   17  18
                                     12Z  AVG MX 2MIN
DY MAX MIN AVG DEP HDD CDD  WTR  SNW DPTH SPD SPD DIR MIN PSBL S-S WX    SPD DR
================================================================================

 1  58  43  51  -7  14   0 0.00  0.0    0  9.4 18  20   M    M   4        22  30
 2  74  35  55  -3  10   0 0.00  0.0    0  7.6 17 330   M    M   0        26 340
 3  80  43  62   3   3   0 0.00  0.0    0 13.4 28 210   M    M   0        36 210
 4  86  48  67   8   0   2 0.00  0.0    0  9.1 15 130   M    M   0        21 130
 5  87  47  67   8   0   2 0.00  0.0    0 18.8 35 350   M    M   0 8      44 340
 6  77  46  62   2   3   0 0.00  0.0    0 13.8 36  10   M    M   0 8      42  10
 7  79  46  63   3   2   0 0.00  0.0    0 10.3 26  60   M    M   0        36  50
 8  73  46  60   0   5   0 0.00  0.0    0  7.6 15 140   M    M   1        19 150
 9  74  52  63   3   2   0 0.00  0.0    0 15.5 29 190   M    M   4        36 190
10  87  54  71  10   0   6 0.38  0.0    0 13.9 33 330   M    M   3 13     40 320
11  71  50  61   0   4   0 0.00  0.0    0 10.7 26  20   M    M   5        34  10
12  62  49  56  -5   9   0 0.06  0.0    0  6.0 14  60   M    M   9 1      18  70
13  71  50  61  -1   4   0 0.16  0.0    0  5.5 15 140   M    M   6 1      20 130
14  72  51  62   0   3   0 0.00  0.0    0 12.0 22 150   M    M   4 12     29 150
15  78  51  65   3   0   0 0.00  0.0    0 18.0 30 140   M    M   3 1      37 140
16  70  58  64   2   1   0 0.60  0.0    0 17.2 26 150   M    M  10 13     35 150
17  65  51  58  -5   7   0 0.07  0.0    0 13.7 22 340   M    M   7 13     24 330
18  72  46  59  -4   6   0 0.00  0.0    0 10.4 24 360   M    M   2        28  10
19  64  55  60  -3   5   0 0.47  0.0    0  7.5 20 320   M    M   8 13     23 320
20  73  52  63  -1   2   0 0.20  0.0    0  8.9 23 130   M    M   4 13     29 130
21  78  51  65   1   0   0 0.00  0.0    0  8.9 20 340   M    M   1 1      28 330
22  80  50  65   1   0   0 0.00  0.0    0  6.1 12 130   M    M   0        15 130
23  83  53  68   4   0   3 0.00  0.0    0 14.8 26 170   M    M   0        39 210
24  85  59  72   7   0   7 0.00  0.0    0 16.0 26 180   M    M   0        34 180
25  92  58  75  10   0  10 0.00  0.0    0 10.7 23 210   M    M   0        29 210
26  88  57  73   7   0   8    T  0.0    0  8.2 38 300   M    M   0 38     56 310
27  78  50  64  -2   1   0 0.00  0.0    0  9.3 20 340   M    M   0        26 330
================================================================================
SM 2057 1351        81  38  1.94     0.0 303.3          M       71
================================================================================
AV 76.2 50.0                              11.2 FASTST   M    M   3    MAX(MPH)
                                 MISC ---->  # 38 300               # 56  310
================================================================================
NOTES:
# LAST OF SEVERAL OCCURRENCES

COLUMN 17 PEAK WIND IN M.P.H.

PRELIMINARY LOCAL CLIMATOLOGICAL DATA (WS FORM: F-6) , PAGE 2

                                          STATION:  CHILDRESS
                                          MONTH:    APRIL
                                          YEAR:     2016
                                          LATITUDE:   34 25 N
                                          LONGITUDE: 100 17 W

[TEMPERATURE DATA]      [PRECIPITATION DATA]       SYMBOLS USED IN COLUMN 16

AVERAGE MONTHLY: 63.1   TOTAL FOR MONTH:   1.94    1 = FOG OR MIST
DPTR FM NORMAL:   1.2   DPTR FM NORMAL:    0.08    2 = FOG REDUCING VISIBILITY
HIGHEST:    92 ON 25    GRTST 24HR  0.66 ON 16-17      TO 1/4 MILE OR LESS
LOWEST:     35 ON  2                               3 = THUNDER
                        SNOW, ICE PELLETS, HAIL    4 = ICE PELLETS
                        TOTAL MONTH:   0.0 INCH    5 = HAIL
                        GRTST 24HR     0.0         6 = FREEZING RAIN OR DRIZZLE
                        GRTST DEPTH:   0           7 = DUSTSTORM OR SANDSTORM:
                                                       VSBY 1/2 MILE OR LESS
                                                   8 = SMOKE OR HAZE
[NO. OF DAYS WITH]      [WEATHER - DAYS WITH]      9 = BLOWING SNOW
                                                   X = TORNADO
MAX 32 OR BELOW:   0    0.01 INCH OR MORE:   7
MAX 90 OR ABOVE:   1    0.10 INCH OR MORE:   5
MIN 32 OR BELOW:   0    0.50 INCH OR MORE:   1
MIN  0 OR BELOW:   0    1.00 INCH OR MORE:   0

[HDD (BASE 65) ]
TOTAL THIS MO.    81    CLEAR  (SCALE 0-3)  17
DPTR FM NORMAL   -64    PTCLDY (SCALE 4-7)   7
TOTAL FM JUL 1  2482    CLOUDY (SCALE 8-10)  3
DPTR FM NORMAL  -598

[CDD (BASE 65) ]
TOTAL THIS MO.    38
DPTR FM NORMAL   -22    [PRESSURE DATA]
TOTAL FM JAN 1    62    HIGHEST SLP M ON M
DPTR FM NORMAL   -17    LOWEST  SLP 29.40 ON 26

[REMARKS]
