000
CXUS55 KGJT 011000
CF6CEZ
PRELIMINARY LOCAL CLIMATOLOGICAL DATA (WS FORM: F-6)

                                          STATION:   CORTEZ CO
                                          MONTH:     APRIL
                                          YEAR:      2016
                                          LATITUDE:   37 17 N
                                          LONGITUDE: 108 38 W

  TEMPERATURE IN F:       :PCPN:    SNOW:  WIND      :SUNSHINE: SKY     :PK WND
================================================================================
1   2   3   4   5  6A  6B    7    8   9   10  11  12  13   14  15   16   17  18
                                     12Z  AVG MX 2MIN
DY MAX MIN AVG DEP HDD CDD  WTR  SNW DPTH SPD SPD DIR MIN PSBL S-S WX    SPD DR
================================================================================

 1  57  19  38  -5  27   0 0.00    M    M  6.0 17 360   M    M   0 8      24 340
 2  61  18  40  -3  25   0 0.00    M    M  5.8 16 220   M    M   0        20 230
 3  67  25  46   2  19   0 0.00    M    M  7.6 20 270   M    M   0        26 260
 4  72  28  50   6  15   0 0.00    M    M  6.0 20 190   M    M   0        25 210
 5  71  26  49   5  16   0 0.00    M    M 10.9 36 310   M    M   0        47 310
 6  71  19  45   1  20   0 0.00    M    M  8.4 20 320   M    M   0        32 280
 7  74  25  50   5  15   0 0.00    M    M  5.1 18 210   M    M   0        21 210
 8  65  36  51   6  14   0 0.10    M    M  8.9 30 160   M    M   6 1      38 160
 9  64  38  51   6  14   0 0.01    M    M  5.0 16 220   M    M   6        20 230
10  66  38  52   6  13   0 0.00    M    M  7.4 26 220   M    M   3        34 220
11  64  32  48   2  17   0 0.00    M    M  7.3 18 100   M    M   1 3      22 290
12  60  32  46   0  19   0    T    M    M  3.7 15 330   M    M   2        19 240
13  69  29  49   3  16   0 0.00    M    M  6.0 20 290   M    M   0        27 280
14  73  35  54   8  11   0 0.00    M    M  8.0 25 230   M    M   3 8      35 220
15  61  37  49   2  16   0 0.16    M    M  9.4 31 280   M    M   5 13     43 270
16  41  33  37 -10  28   0 0.39    M    M  3.7 13  50   M    M  10 1      16  60
17  51  31  41  -6  24   0    T    M    M  5.0 16 320   M    M   7        21 330
18  52  28  40  -8  25   0    T    M    M  4.8 22 320   M    M   6        29 310
19  58  24  41  -7  24   0 0.00    M    M  6.1 17 300   M    M   2 8      22 290
20  70  26  48   0  17   0 0.00    M    M  7.0 22 270   M    M   1 18     29 280
21  75  31  53   5  12   0 0.00    M    M  3.8 15 220   M    M   1        20 190
22  79  36  58   9   7   0 0.00    M    M 10.4 28 210   M    M   0        34 220
23  73  36  55   6  10   0    T    M    M 17.3 38 210   M    M   1        47 280
24  66  28  47  -2  18   0 0.00    M    M  7.2 20 260   M    M   0        29 280
25  66  34  50   0  15   0    T    M    M 14.2 41 200   M    M   4        56 190
26  51  25  38 -12  27   0 0.01    M    M  6.4 26 270   M    M   7        33 260
27  62  27  45  -5  20   0 0.00    M    M  6.6 20 160   M    M   5        24 160
28  61  34  48  -2  17   0 0.05    M    M  9.2 26 200   M    M   7 13     40 180
29  57  31  44  -7  21   0 0.04    M    M  7.2 28 280   M    M   4 1      33 290
30  58  28  43  -8  22   0 0.01    M    M  5.3 17 190   M    M   4        22 190
================================================================================
SM 1915  889       544   0  0.77    M    219.7          M       85
================================================================================
AV 63.8 29.6                               7.3 FASTST   M    M   3    MAX(MPH)
                                 MISC ---->  # 41 200               # 56  190
================================================================================
NOTES:
# LAST OF SEVERAL OCCURRENCES

COLUMN 17 PEAK WIND IN M.P.H.

PRELIMINARY LOCAL CLIMATOLOGICAL DATA (WS FORM: F-6) , PAGE 2

                                          STATION:  CORTEZ CO
                                          MONTH:    APRIL
                                          YEAR:     2016
                                          LATITUDE:   37 17 N
                                          LONGITUDE: 108 38 W

[TEMPERATURE DATA]      [PRECIPITATION DATA]       SYMBOLS USED IN COLUMN 16

AVERAGE MONTHLY: 46.7   TOTAL FOR MONTH:   0.77    1 = FOG OR MIST
DPTR FM NORMAL:  -0.3   DPTR FM NORMAL:   -0.37    2 = FOG REDUCING VISIBILITY
HIGHEST:    79 ON 22    GRTST 24HR  0.46 ON 15-16      TO 1/4 MILE OR LESS
LOWEST:     18 ON  2                               3 = THUNDER
                        SNOW, ICE PELLETS, HAIL    4 = ICE PELLETS
                        TOTAL MONTH:    M          5 = HAIL
                        GRTST 24HR    M  ON   M    6 = FREEZING RAIN OR DRIZZLE
                        GRTST DEPTH:  M  ON   M    7 = DUSTSTORM OR SANDSTORM:
                                                       VSBY 1/2 MILE OR LESS
                                                   8 = SMOKE OR HAZE
[NO. OF DAYS WITH]      [WEATHER - DAYS WITH]      9 = BLOWING SNOW
                                                   X = TORNADO
MAX 32 OR BELOW:   0    0.01 INCH OR MORE:   8
MAX 90 OR ABOVE:   0    0.10 INCH OR MORE:   3
MIN 32 OR BELOW:  20    0.50 INCH OR MORE:   0
MIN  0 OR BELOW:   0    1.00 INCH OR MORE:   0

[HDD (BASE 65) ]
TOTAL THIS MO.   544    CLEAR  (SCALE 0-3)  18
DPTR FM NORMAL     4    PTCLDY (SCALE 4-7)  11
TOTAL FM JUL 1  5843    CLOUDY (SCALE 8-10)  1
DPTR FM NORMAL  -227

[CDD (BASE 65) ]
TOTAL THIS MO.     0
DPTR FM NORMAL     0    [PRESSURE DATA]
TOTAL FM JAN 1     0    HIGHEST SLP 30.39 ON  6
DPTR FM NORMAL     0    LOWEST  SLP 29.46 ON 25

[REMARKS]
#FINAL-04-16#
