000
CXUS54 KMRX 261000
CF6CHA
PRELIMINARY LOCAL CLIMATOLOGICAL DATA (WS FORM: F-6)

                                          STATION:   CHATTANOOGA  ASOS
                                          MONTH:     MAY
                                          YEAR:      2016
                                          LATITUDE:   35  1 N
                                          LONGITUDE:  85 12 W

  TEMPERATURE IN F:       :PCPN:    SNOW:  WIND      :SUNSHINE: SKY     :PK WND
================================================================================
1   2   3   4   5  6A  6B    7    8   9   10  11  12  13   14  15   16   17  18
                                     12Z  AVG MX 2MIN
DY MAX MIN AVG DEP HDD CDD  WTR  SNW DPTH SPD SPD DIR MIN PSBL S-S WX    SPD DR
================================================================================

 1  82  63  73   8   0   8 0.00  0.0    0  5.6 15 210   M    M   6 13     19 200
 2  80  61  71   6   0   6 0.26  0.0    0  3.9 14 360   M    M   6 13     24 150
 3  76  60  68   3   0   3 0.14  0.0    0  6.9 16 320   M    M   7 1      20 310
 4  72  52  62  -3   3   0 0.20  0.0    0  5.3 29 340   M    M   5 1      34 320
 5  62  48  55 -11  10   0    T  0.0    0  8.9 26 340   M    M   5        33 340
 6  73  44  59  -7   6   0 0.00  0.0    0  7.3 23  10   M    M   4        29  10
 7  83  46  65  -1   0   0 0.00  0.0    0  6.9 18 250   M    M   2        23 260
 8  87  63  75   9   0  10 0.00  0.0    0  5.8 17 210   M    M   4        23 270
 9  79  62  71   4   0   6    T  0.0    0  4.7 18 200   M    M   7 8      22 200
10  84  63  74   7   0   9    T  0.0    0  7.8 18 200   M    M   4        29 190
11  88  65  77  10   0  12 0.00  0.0    0  5.4 14  30   M    M   5 3      18 110
12  86  67  77   9   0  12 0.53  0.0    0  4.0 28 200   M    M   6 13     32 210
13  79  58  69   1   0   4 0.01  0.0    0  6.6 16 360   M    M   4 1      24 360
14  78  52  65  -3   0   0 0.00  0.0    0  8.2 23 260   M    M   3        29 290
15  70  44  57 -11   8   0 0.00  0.0    0  7.0 18  10   M    M   3        23  30
16  76  49  63  -6   2   0 0.00  0.0    0  4.2 13  20   M    M   6        15  30
17  82  60  71   2   0   6 0.03  0.0    0  3.8 13 160   M    M   5 1      20 150
18  82  62  72   3   0   7 0.00  0.0    0  6.8 17  10   M    M   7        20  10
19  80  59  70   1   0   5 0.00  0.0    0  7.3 15  10   M    M   7        20  10
20  67  64  66  -4   0   1 0.24  0.0    0  4.6 12 160   M    M   8 18     16 140
21  79  61  70   0   0   5 0.00  0.0    0  7.6 21 340   M    M   8 18     26 330
22  80  56  68  -2   0   3 0.00  0.0    0  8.6 21  20   M    M   3        30  10
23  85  54  70   0   0   5 0.00  0.0    0  3.7 13  30   M    M   3        17  10
24  87  54  71   0   0   6 0.00  0.0    0  2.5 10 210   M    M   4        14 310
25  88  60  74   3   0   9 0.00  0.0    0  3.5 14 200   M    M   6        24 140
================================================================================
SM 1985 1427        29 117  1.41     0.0 146.9          M      128
================================================================================
AV 79.4 57.1                               5.9 FASTST   M    M   5    MAX(MPH)
                                 MISC ---->  # 29 340               # 34  320
================================================================================
NOTES:
# LAST OF SEVERAL OCCURRENCES

COLUMN 17 PEAK WIND IN M.P.H.

PRELIMINARY LOCAL CLIMATOLOGICAL DATA (WS FORM: F-6) , PAGE 2

                                          STATION:  CHATTANOOGA  ASOS
                                          MONTH:    MAY
                                          YEAR:     2016
                                          LATITUDE:   35  1 N
                                          LONGITUDE:  85 12 W

[TEMPERATURE DATA]      [PRECIPITATION DATA]       SYMBOLS USED IN COLUMN 16

AVERAGE MONTHLY: 68.2   TOTAL FOR MONTH:   1.41    1 = FOG OR MIST
DPTR FM NORMAL:   0.4   DPTR FM NORMAL:   -1.93    2 = FOG REDUCING VISIBILITY
HIGHEST:    88 ON 25,11 GRTST 24HR  0.54 ON 12-13      TO 1/4 MILE OR LESS
LOWEST:     44 ON 15, 6                            3 = THUNDER
                        SNOW, ICE PELLETS, HAIL    4 = ICE PELLETS
                        TOTAL MONTH:   0.0 INCH    5 = HAIL
                        GRTST 24HR     0.0         6 = FREEZING RAIN OR DRIZZLE
                        GRTST DEPTH:   0           7 = DUSTSTORM OR SANDSTORM:
                                                       VSBY 1/2 MILE OR LESS
                                                   8 = SMOKE OR HAZE
[NO. OF DAYS WITH]      [WEATHER - DAYS WITH]      9 = BLOWING SNOW
                                                   X = TORNADO
MAX 32 OR BELOW:   0    0.01 INCH OR MORE:   7
MAX 90 OR ABOVE:   0    0.10 INCH OR MORE:   5
MIN 32 OR BELOW:   0    0.50 INCH OR MORE:   1
MIN  0 OR BELOW:   0    1.00 INCH OR MORE:   0

[HDD (BASE 65) ]
TOTAL THIS MO.    29    CLEAR  (SCALE 0-3)   4
DPTR FM NORMAL    -9    PTCLDY (SCALE 4-7)  21
TOTAL FM JUL 1  2484    CLOUDY (SCALE 8-10)  0
DPTR FM NORMAL  -754

[CDD (BASE 65) ]
TOTAL THIS MO.   117
DPTR FM NORMAL    12    [PRESSURE DATA]
TOTAL FM JAN 1   196    HIGHEST SLP M ON M
DPTR FM NORMAL    45    LOWEST  SLP 29.66 ON  4

[REMARKS]
