000
CXUS54 KMRX 011000
CF6CHA
PRELIMINARY LOCAL CLIMATOLOGICAL DATA (WS FORM: F-6)

                                          STATION:   CHATTANOOGA  ASOS
                                          MONTH:     APRIL
                                          YEAR:      2016
                                          LATITUDE:   35  1 N
                                          LONGITUDE:  85 12 W

  TEMPERATURE IN F:       :PCPN:    SNOW:  WIND      :SUNSHINE: SKY     :PK WND
================================================================================
1   2   3   4   5  6A  6B    7    8   9   10  11  12  13   14  15   16   17  18
                                     12Z  AVG MX 2MIN
DY MAX MIN AVG DEP HDD CDD  WTR  SNW DPTH SPD SPD DIR MIN PSBL S-S WX    SPD DR
================================================================================

 1  74  59  67  10   0   2 0.04  0.0    0  5.5 16 260   M    M   8 13     21 270
 2  63  49  56  -1   9   0 0.00  0.0    0  9.9 22 260   M    M   3        30 270
 3  68  43  56  -1   9   0 0.00  0.0    0  6.5 24 340   M    M   0        31 340
 4  79  41  60   3   5   0 0.00  0.0    0  6.9 26 330   M    M   2        31 330
 5  64  44  54  -4  11   0 0.00  0.0    0  9.6 22 350   M    M   0        28 330
 6  68  40  54  -4  11   0 0.64  0.0    0 10.1 22 150   M    M   6 13     31 280
 7  69  45  57  -1   8   0 0.01  0.0    0  8.6 25 310   M    M   5 1      31 270
 8  63  47  55  -3  10   0 0.00  0.0    0  9.4 20 260   M    M   6        27 310
 9  58  38  48 -11  17   0 0.00  0.0    0  8.2 20 340   M    M   2        27 320
10  63  36  50  -9  15   0    T  0.0    0  5.0 16 160   M    M   5        21 170
11  69  41  55  -4  10   0 0.17  0.0    0  6.4 18 190   M    M   6        25 200
12  69  47  58  -2   7   0 0.04  0.0    0  6.3 18 360   M    M   5 1      23  30
13  70  45  58  -2   7   0 0.02  0.0    0  5.8 13  20   M    M   7 1      18  20
14  73  55  64   4   1   0 0.16  0.0    0  2.9 10  60   M    M   8 1      13  60
15  75  50  63   3   2   0 0.00  0.0    0  3.8 14 190   M    M   5        19 130
16  78  57  68   7   0   3 0.00  0.0    0  3.6 12 100   M    M   5        15 110
17  80  45  63   2   2   0 0.00  0.0    0  1.2 13  20   M    M   1        16  20
18  85  48  67   6   0   2 0.00  0.0    0  1.9  9 220   M    M   5        12 220
19  83  52  68   7   0   3 0.00  0.0    0  0.9  8 310   M    M   7        11 340
20  85  56  71   9   0   6 0.00  0.0    0  3.8 18 200   M    M   5        21 200
21  79  59  69   7   0   4    T  0.0    0  5.6 21 200   M    M   6        32 200
22  76  60  68   6   0   3 0.25  0.0    0  4.0 16 320   M    M   6 1      20 300
23  76  52  64   2   1   0 0.00  0.0    0  6.0 20 350   M    M   2        24  10
24  81  51  66   3   0   1 0.00  0.0    0  3.8 12 200   M    M   1 1      16 200
25  83  57  70   7   0   5 0.00  0.0    0  5.1 17 200   M    M   4 8      25 180
26  84  55  70   7   0   5 0.00  0.0    0  3.8 15 210   M    M   4        18 210
27  86  60  73   9   0   8 0.09  0.0    0  4.8 17 190   M    M   6 13     23 200
28  86  63  75  11   0  10 0.00  0.0    0  5.2 17 240   M    M   4 1      25 240
29  85  57  71   7   0   6 0.00  0.0    0  3.3 10 350   M    M   5 8      14 340
30  84  63  74  10   0   9 0.01  0.0    0  2.9 13  10   M    M   6 3      16  10
================================================================================
SM 2256 1515       125  67  1.43     0.0 160.8          M      135
================================================================================
AV 75.2 50.5                               5.4 FASTST   M    M   5    MAX(MPH)
                                 MISC ---->  # 26 330               # 32  200
================================================================================
NOTES:
# LAST OF SEVERAL OCCURRENCES

COLUMN 17 PEAK WIND IN M.P.H.

PRELIMINARY LOCAL CLIMATOLOGICAL DATA (WS FORM: F-6) , PAGE 2

                                          STATION:  CHATTANOOGA  ASOS
                                          MONTH:    APRIL
                                          YEAR:     2016
                                          LATITUDE:   35  1 N
                                          LONGITUDE:  85 12 W

[TEMPERATURE DATA]      [PRECIPITATION DATA]       SYMBOLS USED IN COLUMN 16

AVERAGE MONTHLY: 62.8   TOTAL FOR MONTH:   1.43    1 = FOG OR MIST
DPTR FM NORMAL:   2.3   DPTR FM NORMAL:   -2.56    2 = FOG REDUCING VISIBILITY
HIGHEST:    86 ON 28,27 GRTST 24HR  1.16 ON 31- 1      TO 1/4 MILE OR LESS
LOWEST:     36 ON 10                               3 = THUNDER
                        SNOW, ICE PELLETS, HAIL    4 = ICE PELLETS
                        TOTAL MONTH:   0.0 INCH    5 = HAIL
                        GRTST 24HR     0.0         6 = FREEZING RAIN OR DRIZZLE
                        GRTST DEPTH:   0           7 = DUSTSTORM OR SANDSTORM:
                                                       VSBY 1/2 MILE OR LESS
                                                   8 = SMOKE OR HAZE
[NO. OF DAYS WITH]      [WEATHER - DAYS WITH]      9 = BLOWING SNOW
                                                   X = TORNADO
MAX 32 OR BELOW:   0    0.01 INCH OR MORE:  10
MAX 90 OR ABOVE:   0    0.10 INCH OR MORE:   4
MIN 32 OR BELOW:   0    0.50 INCH OR MORE:   1
MIN  0 OR BELOW:   0    1.00 INCH OR MORE:   0

[HDD (BASE 65) ]
TOTAL THIS MO.   125    CLEAR  (SCALE 0-3)   8
DPTR FM NORMAL   -49    PTCLDY (SCALE 4-7)  22
TOTAL FM JUL 1  2455    CLOUDY (SCALE 8-10)  0
DPTR FM NORMAL  -745

[CDD (BASE 65) ]
TOTAL THIS MO.    67
DPTR FM NORMAL    28    [PRESSURE DATA]
TOTAL FM JAN 1    79    HIGHEST SLP 30.41 ON 17
DPTR FM NORMAL    33    LOWEST  SLP 29.67 ON  1

[REMARKS]
#FINAL-04-16#
