000
CXUS54 KMRX 011000
CF6CHA
PRELIMINARY LOCAL CLIMATOLOGICAL DATA (WS FORM: F-6)

                                          STATION:   CHATTANOOGA  ASOS
                                          MONTH:     SEPTEMBER
                                          YEAR:      2016
                                          LATITUDE:   35  1 N
                                          LONGITUDE:  85 12 W

  TEMPERATURE IN F:       :PCPN:    SNOW:  WIND      :SUNSHINE: SKY     :PK WND
================================================================================
1   2   3   4   5  6A  6B    7    8   9   10  11  12  13   14  15   16   17  18
                                     12Z  AVG MX 2MIN
DY MAX MIN AVG DEP HDD CDD  WTR  SNW DPTH SPD SPD DIR MIN PSBL S-S WX    SPD DR
================================================================================

 1  94  72  83   6   0  18    T  0.0    0  6.7 20  20   M    M   3 3      24  20
 2  89  72  81   4   0  16 0.00  0.0    0 12.7 20 360   M    M   4        27  40
 3  90  68  79   2   0  14 0.00  0.0    0  4.0 10  10   M    M   4        13  20
 4  92  69  81   5   0  16 0.00  0.0    0  3.0 14 180   M    M   4        19 200
 5  93  66  80   4   0  15 0.00  0.0    0  1.4 10 350   M    M   3        13 360
 6  96  66  81   5   0  16 0.00  0.0    0  1.3 12 360   M    M   3        16 350
 7  96  70  83   7   0  18 0.00  0.0    0  1.2  9 180   M    M   6        14 320
 8  95  68  82   7   0  17 0.00  0.0    0  2.8 13 210   M    M   4 8      16 230
 9  97  68  83   8   0  18 0.00  0.0    0  2.6 13 210   M    M   4        17 230
10  95  67  81   6   0  16 0.21  0.0    0  5.2 21 360   M    M   4 13     25 340
11  88  67  78   4   0  13 0.04  0.0    0  5.0 14  60   M    M   6 1      18  10
12  94  64  79   5   0  14 0.00  0.0    0  2.9 14 160   M    M   3 3      18 140
13  94  71  83   9   0  18 0.00  0.0    0  2.9 12 130   M    M   4        15 130
14  96  69  83  10   0  18 0.00  0.0    0  3.6 16  10   M    M   4        20  40
15  97  71  84  11   0  19 0.00  0.0    0  4.0 12  90   M    M   4        16  90
16  93  68  81   9   0  16 0.00  0.0    0  5.1 16 200   M    M   5        23 200
17  88  71  80   8   0  15 0.00  0.0    0  6.1 15 130   M    M   7        20 120
18  81  67  74   2   0   9 0.95  0.0    0  4.8 23 230   M    M   9 1      32 230
19  89  70  80   9   0  15 0.00  0.0    0  6.0 15  30   M    M   6 18     19  20
20  90  65  78   7   0  13 0.00  0.0    0  5.7 17  10   M    M   4        23  10
21  92  68  80   9   0  15 0.00  0.0    0  3.8 13  10   M    M   3        15 350
22  93  67  80  10   0  15 0.00  0.0    0  2.5 12 360   M    M   2        17 360
23  92  66  79   9   0  14 0.00  0.0    0  2.0 13  20   M    M   3        16  20
24  94  66  80  11   0  15 0.00  0.0    0  2.5 12  20   M    M   2        14  20
25  97  66  82  13   0  17 0.00  0.0    0  2.2 10  50   M    M   2        15  50
26  89  69  79  10   0  14 0.43  0.0    0  3.6 36 210   M    M   6 13     42 230
27  84  65  75   7   0  10 0.00  0.0    0  4.8 13  10   M    M   7 1      15  10
28  85  54  70   2   0   5 0.00  0.0    0  3.0 15 330   M    M   2        20 340
29  74  56  65  -3   0   0 0.00  0.0    0  8.1 15 340   M    M   5        20 320
30  74  51  63  -4   2   0 0.00  0.0    0  3.2 14 260   M    M   4        17 270
================================================================================
SM 2721 1997         2 419  1.63     0.0 122.7          M      127
================================================================================
AV 90.7 66.6                               4.1 FASTST   M    M   4    MAX(MPH)
                                 MISC ---->  # 36 210               # 42  230
================================================================================
NOTES:
# LAST OF SEVERAL OCCURRENCES

COLUMN 17 PEAK WIND IN M.P.H.

PRELIMINARY LOCAL CLIMATOLOGICAL DATA (WS FORM: F-6) , PAGE 2

                                          STATION:  CHATTANOOGA  ASOS
                                          MONTH:    SEPTEMBER
                                          YEAR:     2016
                                          LATITUDE:   35  1 N
                                          LONGITUDE:  85 12 W

[TEMPERATURE DATA]      [PRECIPITATION DATA]       SYMBOLS USED IN COLUMN 16

AVERAGE MONTHLY: 78.6   TOTAL FOR MONTH:   1.63    1 = FOG OR MIST
DPTR FM NORMAL:   6.1   DPTR FM NORMAL:   -2.41    2 = FOG REDUCING VISIBILITY
HIGHEST:    97 ON 25,15 GRTST 24HR  0.95 ON 18-18      TO 1/4 MILE OR LESS
LOWEST:     51 ON 30                               3 = THUNDER
                        SNOW, ICE PELLETS, HAIL    4 = ICE PELLETS
                        TOTAL MONTH:   0.0 INCH    5 = HAIL
                        GRTST 24HR     0.0         6 = FREEZING RAIN OR DRIZZLE
                        GRTST DEPTH:   0           7 = DUSTSTORM OR SANDSTORM:
                                                       VSBY 1/2 MILE OR LESS
                                                   8 = SMOKE OR HAZE
[NO. OF DAYS WITH]      [WEATHER - DAYS WITH]      9 = BLOWING SNOW
                                                   X = TORNADO
MAX 32 OR BELOW:   0    0.01 INCH OR MORE:   4
MAX 90 OR ABOVE:  20    0.10 INCH OR MORE:   3
MIN 32 OR BELOW:   0    0.50 INCH OR MORE:   1
MIN  0 OR BELOW:   0    1.00 INCH OR MORE:   0

[HDD (BASE 65) ]
TOTAL THIS MO.     2    CLEAR  (SCALE 0-3)   8
DPTR FM NORMAL   -13    PTCLDY (SCALE 4-7)  21
TOTAL FM JUL 1     2    CLOUDY (SCALE 8-10)  1
DPTR FM NORMAL   -13

[CDD (BASE 65) ]
TOTAL THIS MO.   419
DPTR FM NORMAL   180    [PRESSURE DATA]
TOTAL FM JAN 1  2328    HIGHEST SLP 30.26 ON  5
DPTR FM NORMAL   639    LOWEST  SLP 29.82 ON  1

[REMARKS]
#FINAL-09-16#
