000
CXUS52 KCHS 170715
CF6CHS
PRELIMINARY LOCAL CLIMATOLOGICAL DATA (WS FORM: F-6)

                                          STATION:   NORTH CHARLESTON SC
                                          MONTH:     JANUARY
                                          YEAR:      2017
                                          LATITUDE:   32 54 N
                                          LONGITUDE:  80  2 W

  TEMPERATURE IN F:       :PCPN:    SNOW:  WIND      :SUNSHINE: SKY     :PK WND
================================================================================
1   2   3   4   5  6A  6B    7    8   9   10  11  12  13   14  15   16   17  18
                                     12Z  AVG MX 2MIN
DY MAX MIN AVG DEP HDD CDD  WTR  SNW DPTH SPD SPD DIR MIN PSBL S-S WX    SPD DR
================================================================================

 1  68  49  59  11   6   0 0.05  0.0    0  4.3  8 120   M    M   9 1      12 200
 2  81  59  70  22   0   5    T  0.0    0  5.3 18 220   M    M   7 1      31 210
 3  74  63  69  21   0   4 0.46  0.0    0 10.2 28 230   M    M   8 13     37 220
 4  67  54  61  13   4   0 0.00  0.0    0  8.8 17 300   M    M   7        22 310
 5  65  43  54   6  11   0 0.00  0.0    0  6.5 17 110   M    M   5        20 120
 6  63  44  54   6  11   0    T  0.0    0  6.1 17 350   M    M   8        20 350
 7  46  29  38 -10  27   0 0.39    T    0 15.2 30 340   M    M   7 1      40 340
 8  41  22  32 -16  33   0 0.00  0.0    0 10.3 18 330   M    M   1        24  10
 9  47  25  36 -12  29   0 0.00  0.0    0  7.4 14  20   M    M   4        19  20
10  61  28  45  -3  20   0 0.00  0.0    0  4.6 14 170   M    M   5 1      16 140
11  74  45  60  12   5   0 0.00  0.0    0  5.7 16 170   M    M   4 1      20 160
12  77  50  64  16   1   0 0.00  0.0    0  5.7 18 190   M    M   3 1      22 180
13  80  48  64  16   1   0 0.00  0.0    0  3.2 10 290   M    M   0 1      13 290
14  73  49  61  13   4   0 0.00  0.0    0  3.6 13  80   M    M   2 12     20  80
15  79  46  63  15   2   0 0.00  0.0    0  4.0 12 270   M    M   7 12     14 270
16  64  53  59  11   6   0    T  0.0    0  5.1 10  40   M    M  10 128    12  30
================================================================================
SM 1060  707       160   9  0.90    T    106.0          M       87
================================================================================
AV 66.3 44.2                               6.6 FASTST   M    M   5    MAX(MPH)
                                 MISC ---->  # 30 340               # 40  340
================================================================================
NOTES:
# LAST OF SEVERAL OCCURRENCES

COLUMN 17 PEAK WIND IN M.P.H.

PRELIMINARY LOCAL CLIMATOLOGICAL DATA (WS FORM: F-6) , PAGE 2

                                          STATION:  NORTH CHARLESTON SC
                                          MONTH:    JANUARY
                                          YEAR:     2017
                                          LATITUDE:   32 54 N
                                          LONGITUDE:  80  2 W

[TEMPERATURE DATA]      [PRECIPITATION DATA]       SYMBOLS USED IN COLUMN 16

AVERAGE MONTHLY: 55.2   TOTAL FOR MONTH:   0.90    1 = FOG OR MIST
DPTR FM NORMAL:   7.2   DPTR FM NORMAL:   -1.00    2 = FOG REDUCING VISIBILITY
HIGHEST:    81 ON  2    GRTST 24HR  0.46 ON  3- 3      TO 1/4 MILE OR LESS
LOWEST:     22 ON  8                               3 = THUNDER
                        SNOW, ICE PELLETS, HAIL    4 = ICE PELLETS
                        TOTAL MONTH:    T          5 = HAIL
                        GRTST 24HR    T  ON  7- 7  6 = FREEZING RAIN OR DRIZZLE
                        GRTST DEPTH:   0           7 = DUSTSTORM OR SANDSTORM:
                                                       VSBY 1/2 MILE OR LESS
                                                   8 = SMOKE OR HAZE
[NO. OF DAYS WITH]      [WEATHER - DAYS WITH]      9 = BLOWING SNOW
                                                   X = TORNADO
MAX 32 OR BELOW:   0    0.01 INCH OR MORE:   3
MAX 90 OR ABOVE:   0    0.10 INCH OR MORE:   2
MIN 32 OR BELOW:   4    0.50 INCH OR MORE:   0
MIN  0 OR BELOW:   0    1.00 INCH OR MORE:   0

[HDD (BASE 65) ]
TOTAL THIS MO.   160    CLEAR  (SCALE 0-3)   4
DPTR FM NORMAL  -112    PTCLDY (SCALE 4-7)   9
TOTAL FM JUL 1   693    CLOUDY (SCALE 8-10)  3
DPTR FM NORMAL  -317

[CDD (BASE 65) ]
TOTAL THIS MO.     9
DPTR FM NORMAL     9    [PRESSURE DATA]
TOTAL FM JAN 1     9    HIGHEST SLP M ON M
DPTR FM NORMAL     9    LOWEST  SLP 29.74 ON  4

[REMARKS]
