000
CXUS52 KCHS 250715
CF6CHS
PRELIMINARY LOCAL CLIMATOLOGICAL DATA (WS FORM: F-6)

                                          STATION:   NORTH CHARLESTON SC
                                          MONTH:     MARCH
                                          YEAR:      2017
                                          LATITUDE:   32 54 N
                                          LONGITUDE:  80  2 W

  TEMPERATURE IN F:       :PCPN:    SNOW:  WIND      :SUNSHINE: SKY     :PK WND
================================================================================
1   2   3   4   5  6A  6B    7    8   9   10  11  12  13   14  15   16   17  18
                                     12Z  AVG MX 2MIN
DY MAX MIN AVG DEP HDD CDD  WTR  SNW DPTH SPD SPD DIR MIN PSBL S-S WX    SPD DR
================================================================================

 1  83  65  74  19   0   9 0.00  0.0    0 14.1 23 210   M    M   7 1      29 210
 2  70  45  58   3   7   0 0.10  0.0    0  9.9 28 340   M    M   8 1      31 340
 3  68  38  53  -2  12   0 0.00  0.0    0  8.8 20 300   M    M   2        26 290
 4  61  38  50  -5  15   0 0.00  0.0    0  6.6 17  60   M    M   0        22  50
 5  66  36  51  -5  14   0 0.00  0.0    0  5.1 16 150   M    M   2        23 140
 6  69  48  59   3   6   0 0.00  0.0    0  6.4 16 140   M    M   8 18     20 140
 7  76  50  63   7   2   0    T  0.0    0  9.9 23 190   M    M   5        28 180
 8  79  56  68  12   0   3    T  0.0    0  7.7 16 310   M    M   7        22 310
 9  77  44  61   4   4   0 0.00  0.0    0  5.0 16 150   M    M   1        21 150
10  81  52  67  10   0   2 0.00  0.0    0 13.3 24 360   M    M   4        31 360
11  62  43  53  -4  12   0    T  0.0    0  7.9 21  10   M    M   3 8      25  10
12  53  39  46 -11  19   0    T  0.0    0 12.3 24  40   M    M   9        30  40
13  56  38  47 -11  18   0 0.29  0.0    0  9.8 15 360   M    M  10 1      20  30
14  58  42  50  -8  15   0 0.12  0.0    0 12.5 23 310   M    M   8 18     30 310
15  50  29  40 -18  25   0 0.00  0.0    0 12.0 23 330   M    M   1        31 320
16  54  24  39 -19  26   0 0.00  0.0    0  5.1 14 300   M    M   0        19 320
17  65  28  47 -11  18   0 0.00  0.0    0  6.3 18 180   M    M   0 18     29 140
18  76  43  60   1   5   0 0.00  0.0    0 10.8 23 260   M    M   5        30 250
19  64  44  54  -5  11   0 0.00  0.0    0 12.3 25 360   M    M   0        32  10
20  71  35  53  -6  12   0 0.00  0.0    0  6.0 17 200   M    M   1        21 200
21  90  49  70  11   0   5 0.06  0.0    0  9.9 21 340   M    M   4 3      34 290
22  77  55  66   6   0   1 0.27  0.0    0 11.2 24 330   M    M   4 13     31 330
23  65  46  56  -4   9   0 0.00  0.0    0 12.7 20 100   M    M   1        26  90
24  75  47  61   1   4   0 0.00  0.0    0  9.0 17 140   M    M   3        23 180
================================================================================
SM 1646 1034       234  20  0.84     0.0 224.6          M       93
================================================================================
AV 68.6 43.1                               9.4 FASTST   M    M   4    MAX(MPH)
                                 MISC ---->  # 28 340               # 34  290
================================================================================
NOTES:
# LAST OF SEVERAL OCCURRENCES

COLUMN 17 PEAK WIND IN M.P.H.

PRELIMINARY LOCAL CLIMATOLOGICAL DATA (WS FORM: F-6) , PAGE 2

                                          STATION:  NORTH CHARLESTON SC
                                          MONTH:    MARCH
                                          YEAR:     2017
                                          LATITUDE:   32 54 N
                                          LONGITUDE:  80  2 W

[TEMPERATURE DATA]      [PRECIPITATION DATA]       SYMBOLS USED IN COLUMN 16

AVERAGE MONTHLY: 55.8   TOTAL FOR MONTH:   0.84    1 = FOG OR MIST
DPTR FM NORMAL:  -1.6   DPTR FM NORMAL:   -2.01    2 = FOG REDUCING VISIBILITY
HIGHEST:    90 ON 21    GRTST 24HR  0.29 ON 13-13      TO 1/4 MILE OR LESS
LOWEST:     24 ON 16                               3 = THUNDER
                        SNOW, ICE PELLETS, HAIL    4 = ICE PELLETS
                        TOTAL MONTH:   0.0 INCH    5 = HAIL
                        GRTST 24HR     0.0         6 = FREEZING RAIN OR DRIZZLE
                        GRTST DEPTH:   0           7 = DUSTSTORM OR SANDSTORM:
                                                       VSBY 1/2 MILE OR LESS
                                                   8 = SMOKE OR HAZE
[NO. OF DAYS WITH]      [WEATHER - DAYS WITH]      9 = BLOWING SNOW
                                                   X = TORNADO
MAX 32 OR BELOW:   0    0.01 INCH OR MORE:   5
MAX 90 OR ABOVE:   1    0.10 INCH OR MORE:   4
MIN 32 OR BELOW:   3    0.50 INCH OR MORE:   0
MIN  0 OR BELOW:   0    1.00 INCH OR MORE:   0

[HDD (BASE 65) ]
TOTAL THIS MO.   234    CLEAR  (SCALE 0-3)  11
DPTR FM NORMAL    32    PTCLDY (SCALE 4-7)  10
TOTAL FM JUL 1  1202    CLOUDY (SCALE 8-10)  3
DPTR FM NORMAL  -636

[CDD (BASE 65) ]
TOTAL THIS MO.    20
DPTR FM NORMAL    -2    [PRESSURE DATA]
TOTAL FM JAN 1    55    HIGHEST SLP M ON M
DPTR FM NORMAL    26    LOWEST  SLP 29.70 ON 14

[REMARKS]
