000
CXUS55 KDVN 181016
CF6CID
PRELIMINARY LOCAL CLIMATOLOGICAL DATA (WS FORM: F-6)

                                          STATION:   CEDAR RAPIDS IA
                                          MONTH:     NOVEMBER
                                          YEAR:      2017
                                          LATITUDE:   41 52 N
                                          LONGITUDE:  91 42 W

  TEMPERATURE IN F:       :PCPN:    SNOW:  WIND      :SUNSHINE: SKY     :PK WND
================================================================================
1   2   3   4   5  6A  6B    7    8   9   10  11  12  13   14  15   16   17  18
                                     12Z  AVG MX 2MIN
DY MAX MIN AVG DEP HDD CDD  WTR  SNW DPTH SPD SPD DIR MIN PSBL S-S WX    SPD DR
================================================================================

 1  44  33  39  -6  26   0    T    M    M 10.2 22 140   M    M  10 18     29 140
 2  53  36  45   1  20   0 0.00    M    M  7.4 20 350   M    M   6 128    24 350
 3  49  33  41  -3  24   0 0.01    M    M 11.0 21 100   M    M   4 1      27 110
 4  47  40  44   1  21   0 0.03    M    M  6.7 17 100   M    M   9 12     21 100
 5  50  31  41  -2  24   0 0.00    M    M 10.2 24 330   M    M  10 128    30 350
 6  41  23  32 -10  33   0 0.00    M    M  9.1 15  30   M    M   5        24  70
 7  42  25  34  -8  31   0 0.00    M    M  9.0 15  10   M    M   5        19  20
 8  47  18  33  -8  32   0 0.00    M    M  6.3 16 240   M    M   0 18     19 240
 9  40  18  29 -12  36   0 0.00    M    M 14.3 26 320   M    M   3        33 330
10  32  16  24 -16  41   0 0.00    M    M 12.6 22 140   M    M   3        28 150
11  47  31  39  -1  26   0    T    M    M 10.3 20 150   M    M  10        26 150
12  41  27  34  -5  31   0 0.36    M    M  4.6 12 320   M    M   7 128    13 320
13  39  24  32  -7  33   0 0.00    M    M  5.5 13 150   M    M   8 12     18 150
14  47  34  41   3  24   0    T    M    M  9.9 16 170   M    M  10 18     23 170
15  51  26  39   1  26   0 0.02    M    M 18.4 32 310   M    M   7 1      38 310
16  37  21  29  -8  36   0 0.00    M    M  9.2 22 140   M    M   4 18     26 140
17  44  31  38   2  27   0 0.04    M    M 12.3 22 150   M    M  10 1      28 160
================================================================================
SM  751  467       491   0  0.46    M    167.0          M      111
================================================================================
AV 44.2 27.5                               9.8 FASTST   M    M   7    MAX(MPH)
                                 MISC ---->  # 32 310               # 38  310
================================================================================
NOTES:
# LAST OF SEVERAL OCCURRENCES

COLUMN 17 PEAK WIND IN M.P.H.

PRELIMINARY LOCAL CLIMATOLOGICAL DATA (WS FORM: F-6) , PAGE 2

                                          STATION:  CEDAR RAPIDS IA
                                          MONTH:    NOVEMBER
                                          YEAR:     2017
                                          LATITUDE:   41 52 N
                                          LONGITUDE:  91 42 W

[TEMPERATURE DATA]      [PRECIPITATION DATA]       SYMBOLS USED IN COLUMN 16

AVERAGE MONTHLY: 35.8   TOTAL FOR MONTH:   0.46    1 = FOG OR MIST
DPTR FM NORMAL:  -4.9   DPTR FM NORMAL:   -0.77    2 = FOG REDUCING VISIBILITY
HIGHEST:    53 ON  2    GRTST 24HR  0.36 ON 12-12      TO 1/4 MILE OR LESS
LOWEST:     16 ON 10                               3 = THUNDER
                        SNOW, ICE PELLETS, HAIL    4 = ICE PELLETS
                        TOTAL MONTH:    M          5 = HAIL
                        GRTST 24HR    M  ON   M    6 = FREEZING RAIN OR DRIZZLE
                        GRTST DEPTH:  M  ON   M    7 = DUSTSTORM OR SANDSTORM:
                                                       VSBY 1/2 MILE OR LESS
                                                   8 = SMOKE OR HAZE
[NO. OF DAYS WITH]      [WEATHER - DAYS WITH]      9 = BLOWING SNOW
                                                   X = TORNADO
MAX 32 OR BELOW:   1    0.01 INCH OR MORE:   5
MAX 90 OR ABOVE:   0    0.10 INCH OR MORE:   1
MIN 32 OR BELOW:  12    0.50 INCH OR MORE:   0
MIN  0 OR BELOW:   0    1.00 INCH OR MORE:   0

[HDD (BASE 65) ]
TOTAL THIS MO.   491    CLEAR  (SCALE 0-3)   3
DPTR FM NORMAL    78    PTCLDY (SCALE 4-7)   8
TOTAL FM JUL 1   911    CLOUDY (SCALE 8-10)  6
DPTR FM NORMAL  -112

[CDD (BASE 65) ]
TOTAL THIS MO.     0
DPTR FM NORMAL     0    [PRESSURE DATA]
TOTAL FM JAN 1   747    HIGHEST SLP M ON M
DPTR FM NORMAL    -1    LOWEST  SLP 29.53 ON 17

[REMARKS]
