000
CXUS55 KDVN 291100
CF6CID
PRELIMINARY LOCAL CLIMATOLOGICAL DATA (WS FORM: F-6)

                                          STATION:   CEDAR RAPIDS IA
                                          MONTH:     JULY
                                          YEAR:      2014
                                          LATITUDE:   41 52 N
                                          LONGITUDE:  91 42 W

  TEMPERATURE IN F:       :PCPN:    SNOW:  WIND      :SUNSHINE: SKY     :PK WND
================================================================================
1   2   3   4   5  6A  6B    7    8   9   10  11  12  13   14  15   16   17  18
                                     12Z  AVG MX 2MIN
DY MAX MIN AVG DEP HDD CDD  WTR  SNW DPTH SPD SPD DIR MIN PSBL S-S WX    SPD DR
================================================================================

 1  77  60  69  -4   0   4 0.06    M    M 13.9 25 290   M    M   5 12     30 270
 2  65  53  59 -14   6   0 0.02    M    M 10.0 17 300   M    M   8 18     22 330
 3  75  50  63 -10   2   0 0.00    M    M  6.3 13 360   M    M   2        18 320
 4  76  51  64  -9   1   0 0.00    M    M  4.6 14 190   M    M   0 8      17 200
 5  66  61  64  -9   1   0 0.59    M    M  9.1 20 180   M    M   6 13     24 170
 6  85  65  75   2   0  10 0.09    M    M 10.1 22 230   M    M   6 138    27 240
 7  85  63  74   1   0   9    T    M    M  7.1 14 270   M    M   0        17 260
 8  79  61  70  -3   0   5 0.00    M    M 13.8 25 290   M    M   1        31 280
 9  78  55  67  -6   0   2 0.00    M    M  6.4 14 320   M    M   1 8      19 320
10  81  58  70  -3   0   5 0.00    M    M  6.4 14 170   M    M   0 1      18 180
11  77  63  70  -3   0   5    T    M    M  8.2 17 160   M    M   3 18     26 140
12  85  65  75   2   0  10 2.29    M    M  6.7 38 300   M    M   7 123    48 270
13  84  66  75   2   0  10    T    M    M  6.9 23 330   M    M   6 1      33 320
14  75  53  64  -9   1   0    T    M    M 11.9 26 310   M    M   3        33 310
15  69  51  60 -13   5   0 0.00    M    M 10.3 21 340   M    M   6        26 330
16  74  49  62 -11   3   0 0.00    M    M  5.7 10 280   M    M   2        15 300
17  77  52  65  -8   0   0 0.00    M    M  3.1 12 210   M    M   1 8      14 200
18  78  56  67  -6   0   2 0.00    M    M  5.9 14 200   M    M   2 1      18 180
19  79  58  69  -4   0   4 0.00    M    M  6.4 14 180   M    M   3 8      19 190
20  81  62  72  -1   0   7 0.00    M    M  8.6 17 170   M    M   0        23 180
21  86  67  77   4   0  12 0.00    M    M 10.8 18 180   M    M   1 8      25 150
22  89  70  80   7   0  15 0.00    M    M 11.0 18 190   M    M   1 8      24 210
23  81  60  71  -2   0   6 0.00    M    M  7.9 15  70   M    M   1        21  50
24  78  57  68  -5   0   3    T    M    M  6.4 12 160   M    M   1 18     15 160
25  77  61  69  -4   0   4 0.52    M    M 10.4 29 180   M    M   7 13     37 180
26  83  65  74   1   0   9 0.00    M    M  5.1 15  40   M    M   3 18     17  40
27  76  63  70  -3   0   5    T    M    M 14.5 30 310   M    M   2 1      39 320
28  75  57  66  -7   0   1 0.00    M    M  9.2 16 340   M    M   3        22 340
================================================================================
SM 2191 1652        19 128  3.57    M    236.7          M       81
================================================================================
AV 78.2 59.0                               8.5 FASTST   M    M   3    MAX(MPH)
                                 MISC ---->  # 38 300               # 48  270
================================================================================
NOTES:
# LAST OF SEVERAL OCCURRENCES

COLUMN 17 PEAK WIND IN M.P.H.

PRELIMINARY LOCAL CLIMATOLOGICAL DATA (WS FORM: F-6) , PAGE 2

                                          STATION:  CEDAR RAPIDS IA
                                          MONTH:    JULY
                                          YEAR:     2014
                                          LATITUDE:   41 52 N
                                          LONGITUDE:  91 42 W

[TEMPERATURE DATA]      [PRECIPITATION DATA]       SYMBOLS USED IN COLUMN 16

AVERAGE MONTHLY: 68.6   TOTAL FOR MONTH:   3.57    1 = FOG OR MIST
DPTR FM NORMAL:  -4.4   DPTR FM NORMAL:   -0.50    2 = FOG REDUCING VISIBILITY
HIGHEST:    89 ON 22    GRTST 24HR  2.29 ON 12-12      TO 1/4 MILE OR LESS
LOWEST:     49 ON 16                               3 = THUNDER
                        SNOW, ICE PELLETS, HAIL    4 = ICE PELLETS
                        TOTAL MONTH:    M          5 = HAIL
                        GRTST 24HR    M  ON   M    6 = FREEZING RAIN OR DRIZZLE
                        GRTST DEPTH:  M  ON   M    7 = DUSTSTORM OR SANDSTORM:
                                                       VSBY 1/2 MILE OR LESS
                                                   8 = SMOKE OR HAZE
[NO. OF DAYS WITH]      [WEATHER - DAYS WITH]      9 = BLOWING SNOW
                                                   X = TORNADO
MAX 32 OR BELOW:   0    0.01 INCH OR MORE:   6
MAX 90 OR ABOVE:   0    0.10 INCH OR MORE:   3
MIN 32 OR BELOW:   0    0.50 INCH OR MORE:   3
MIN  0 OR BELOW:   0    1.00 INCH OR MORE:   1

[HDD (BASE 65) ]
TOTAL THIS MO.    19    CLEAR  (SCALE 0-3)  20
DPTR FM NORMAL    19    PTCLDY (SCALE 4-7)   8
TOTAL FM JUL 1    19    CLOUDY (SCALE 8-10)  0
DPTR FM NORMAL    19

[CDD (BASE 65) ]
TOTAL THIS MO.   128
DPTR FM NORMAL   -96    [PRESSURE DATA]
TOTAL FM JAN 1   391    HIGHEST SLP M ON M
DPTR FM NORMAL   -48    LOWEST  SLP 29.62 ON  7

[REMARKS]
