000
CXUS55 KOHX 241010
CF6CKV
PRELIMINARY LOCAL CLIMATOLOGICAL DATA (WS FORM: F-6)

                                          STATION:   CLARKSVILLE
                                          MONTH:     MARCH
                                          YEAR:      2017
                                          LATITUDE:   36 37 N
                                          LONGITUDE:  87 25 W

  TEMPERATURE IN F:       :PCPN:    SNOW:  WIND      :SUNSHINE: SKY     :PK WND
================================================================================
1   2   3   4   5  6A  6B    7    8   9   10  11  12  13   14  15   16   17  18
                                     12Z  AVG MX 2MIN
DY MAX MIN AVG DEP HDD CDD  WTR  SNW DPTH SPD SPD DIR MIN PSBL S-S WX    SPD DR
================================================================================

 1  73  39  56  12   9   0 0.47    M    M 16.1 47 280   M    M   5 13     62 290
 2  53  33  43  -1  22   0 0.00    M    M  7.7 17 300   M    M   1        26 320
 3  47  30  39  -6  26   0 0.00    M    M  6.2 17 320   M    M   1        21 310
 4  67  26  47   2  18   0 0.00    M    M  6.5 17 260   M    M   0        26 210
 5  66  37  52   7  13   0 0.00    M    M  8.5 24 200   M    M   4        32 200
 6  68  50  59  13   6   0 0.09    M    M 12.8 31 190   M    M   9        38 190
 7  67  39  53   7  12   0 1.49    M    M 10.1 30 180   M    M   7 13     43 190
 8  67  39  53   7  12   0 0.00    M    M  5.7 18 250   M    M   0        23 270
 9  75  34  55   8  10   0 1.19    M    M  7.0 25 340   M    M   1 13     28 340
10  56  34  45  -2  20   0 0.00    M    M 14.2 28 330   M    M   2        35 330
11  42  29  36 -11  29   0 0.02    M    M  8.1 18  50   M    M   8 1      29 330
12  48  25  37 -11  28   0 0.00    M    M  6.9 15  80   M    M   0        23 360
13  41  28  35 -13  30   0 0.08    M    M  5.8 16 340   M    M   6 1      19 350
14  39  24  32 -16  33   0    T    M    M 14.7 22 350   M    M   9 18     27 340
15  38  18  28 -21  37   0 0.00    M    M  7.0 16 300   M    M   0        22 330
16  49  18  34 -15  31   0 0.00  0.0    0  3.6  9 200   M    M   5        14 250
17  61  44  53   4  12   0 0.27    M    0  9.3 20 220   M    M  10 138    29 210
18  60  36  48  -2  17   0 0.00  0.0    0 10.7 20 340   M    M   2 12     25 340
19  58  31  45  -5  20   0 0.00    M    M  4.2 12  80   M    M   0        16  70
20  83  43  63  13   2   0 0.18    M    0  8.2 38 340   M    M   3 13     47 340
21  73  50  62  12   3   0 0.18  0.0    0  8.1 25 310   M    M   2 1238   32 310
22  56  40  48  -3  17   0 0.00  0.0    0 11.9 20  40   M    M   1        34 360
23  63  34  49  -2  16   0 0.02    M    0  6.9 13 170   M    M   4        20 190
================================================================================
SM 1350  781       423   0  3.99     0.0 200.2          M       80
================================================================================
AV 58.7 34.0                               8.7 FASTST   M    M   3    MAX(MPH)
                                 MISC ---->  # 47 280               # 62  290
================================================================================
NOTES:
# LAST OF SEVERAL OCCURRENCES

COLUMN 17 PEAK WIND IN M.P.H.

PRELIMINARY LOCAL CLIMATOLOGICAL DATA (WS FORM: F-6) , PAGE 2

                                          STATION:  CLARKSVILLE
                                          MONTH:    MARCH
                                          YEAR:     2017
                                          LATITUDE:   36 37 N
                                          LONGITUDE:  87 25 W

[TEMPERATURE DATA]      [PRECIPITATION DATA]       SYMBOLS USED IN COLUMN 16

AVERAGE MONTHLY: 46.3   TOTAL FOR MONTH:   3.99    1 = FOG OR MIST
DPTR FM NORMAL:  -1.3   DPTR FM NORMAL:    1.14    2 = FOG REDUCING VISIBILITY
HIGHEST:    83 ON 20    GRTST 24HR  1.49 ON  7- 7      TO 1/4 MILE OR LESS
LOWEST:     18 ON 16,15                            3 = THUNDER
                        SNOW, ICE PELLETS, HAIL    4 = ICE PELLETS
                        TOTAL MONTH:   0.0 INCH    5 = HAIL
                        GRTST 24HR     0.0         6 = FREEZING RAIN OR DRIZZLE
                        GRTST DEPTH:   0           7 = DUSTSTORM OR SANDSTORM:
                                                       VSBY 1/2 MILE OR LESS
                                                   8 = SMOKE OR HAZE
[NO. OF DAYS WITH]      [WEATHER - DAYS WITH]      9 = BLOWING SNOW
                                                   X = TORNADO
MAX 32 OR BELOW:   0    0.01 INCH OR MORE:  10
MAX 90 OR ABOVE:   0    0.10 INCH OR MORE:   6
MIN 32 OR BELOW:   9    0.50 INCH OR MORE:   2
MIN  0 OR BELOW:   0    1.00 INCH OR MORE:   2

[HDD (BASE 65) ]
TOTAL THIS MO.   423    CLEAR  (SCALE 0-3)  13
DPTR FM NORMAL    20    PTCLDY (SCALE 4-7)   6
TOTAL FM JUL 1  2814    CLOUDY (SCALE 8-10)  4
DPTR FM NORMAL  -774

[CDD (BASE 65) ]
TOTAL THIS MO.     0
DPTR FM NORMAL     0    [PRESSURE DATA]
TOTAL FM JAN 1     3    HIGHEST SLP M ON M
DPTR FM NORMAL     1    LOWEST  SLP 29.79 ON  1

[REMARKS]
