000
CXUS55 KOHX 291010
CF6CKV
PRELIMINARY LOCAL CLIMATOLOGICAL DATA (WS FORM: F-6)

                                          STATION:   CLARKSVILLE
                                          MONTH:     SEPTEMBER
                                          YEAR:      2014
                                          LATITUDE:   36 37 N
                                          LONGITUDE:  87 25 W

  TEMPERATURE IN F:       :PCPN:    SNOW:  WIND      :SUNSHINE: SKY     :PK WND
================================================================================
1   2   3   4   5  6A  6B    7    8   9   10  11  12  13   14  15   16   17  18
                                     12Z  AVG MX 2MIN
DY MAX MIN AVG DEP HDD CDD  WTR  SNW DPTH SPD SPD DIR MIN PSBL S-S WX    SPD DR
================================================================================

 1  87  73  80   5   0  15 0.15    M    M  7.8 22 220   M    M   3        30 230
 2  88  72  80   5   0  15 0.08    M    M  6.3 20 340   M    M   1 13     25 320
 3  89  71  80   6   0  15 0.00    M    M  2.3  9 110   M    M   6 128    13 130
 4  89  68  79   5   0  14 0.00    M    M  3.1  9 220   M    M   3 12     12 230
 5  93  69  81   7   0  16 0.00    M    M  2.0 10 200   M    M   1 12     13 200
 6  86  69  78   4   0  13 0.00    M    M  7.1 16 330   M    M   3 1      22 360
 7  80  64  72  -1   0   7    T    M    M  5.8 12  20   M    M   5        15  30
 8  84  57  71  -2   0   6 0.00    M    M  3.1  8  30   M    M   0 1      11  30
 9  86  60  73   0   0   8 0.00    M    M  2.4 10 190   M    M   3 12     13 210
10  86  73  80   8   0  15 0.00    M    M 11.6 22 210   M    M   3        29 200
11  79  63  71  -1   0   6 0.18    M    M  7.4 16  10   M    M   8 1      19  10
12  68  60  64  -8   1   0 0.00    M    M  8.9 16  20   M    M  10 1      21  20
13  65  51  58 -13   7   0    T    M    M  8.4 17 360   M    M   7 1      23 360
14  77  48  63  -8   2   0 0.00    M    M  4.2 12 100   M    M   0        14 100
15  74  52  63  -7   2   0 0.00    M    M  2.3  9 200   M    M   2 18     11 190
16  71  53  62  -8   3   0 0.01    M    M  6.3 15 350   M    M   6 1      18 350
17  73  47  60 -10   5   0 0.00    M    M  2.8 10 330   M    M   4 128    12 320
18  77  56  67  -2   0   2 0.00  0.0    0  3.5 10 110   M    M   5 18     13  30
19  84  55  70   1   0   5 0.00  0.0    0  2.7  9 130   M    M   2 128    13 150
20  85  61  73   5   0   8 0.00  0.0    0  5.5 15 200   M    M   1 12     20 200
21  85  58  72   4   0   7 0.00  0.0    0  9.7 22 300   M    M   2        26 310
22  74  50  62  -6   3   0 0.00    M    M  7.5 17  10   M    M   0        22 360
23  79  44  62  -5   3   0 0.00    M    M  5.5 14  60   M    M   0        19  70
24  83  46  65  -2   0   0 0.00    M    M  1.0  8 140   M    M   0        12 140
25  85  49  67   1   0   2 0.00  0.0    0  2.7 13  10   M    M   0 12     16 360
26  86  54  70   4   0   5 0.00  0.0    0  3.6 12  40   M    M   2        18  20
27  84  56  70   4   0   5 0.00  0.0    0  2.1 10 140   M    M   2 1      13 190
28  82  60  71   6   0   6 0.00  0.0    0  1.9 12 180   M    M   2 1      14 190
================================================================================
SM 2279 1639        26 170  0.42     0.0 137.5          M       81
================================================================================
AV 81.4 58.5                               4.9 FASTST   M    M   3    MAX(MPH)
                                 MISC ---->  # 22 220               # 30  230
================================================================================
NOTES:
# LAST OF SEVERAL OCCURRENCES

COLUMN 17 PEAK WIND IN M.P.H.

PRELIMINARY LOCAL CLIMATOLOGICAL DATA (WS FORM: F-6) , PAGE 2

                                          STATION:  CLARKSVILLE
                                          MONTH:    SEPTEMBER
                                          YEAR:     2014
                                          LATITUDE:   36 37 N
                                          LONGITUDE:  87 25 W

[TEMPERATURE DATA]      [PRECIPITATION DATA]       SYMBOLS USED IN COLUMN 16

AVERAGE MONTHLY: 70.0   TOTAL FOR MONTH:   0.42    1 = FOG OR MIST
DPTR FM NORMAL:  -0.5   DPTR FM NORMAL:   -2.82    2 = FOG REDUCING VISIBILITY
HIGHEST:    93 ON  5    GRTST 24HR  1.00 ON 31- 1      TO 1/4 MILE OR LESS
LOWEST:     44 ON 23                               3 = THUNDER
                        SNOW, ICE PELLETS, HAIL    4 = ICE PELLETS
                        TOTAL MONTH:   0.0 INCH    5 = HAIL
                        GRTST 24HR     0.0         6 = FREEZING RAIN OR DRIZZLE
                        GRTST DEPTH:   0           7 = DUSTSTORM OR SANDSTORM:
                                                       VSBY 1/2 MILE OR LESS
                                                   8 = SMOKE OR HAZE
[NO. OF DAYS WITH]      [WEATHER - DAYS WITH]      9 = BLOWING SNOW
                                                   X = TORNADO
MAX 32 OR BELOW:   0    0.01 INCH OR MORE:   4
MAX 90 OR ABOVE:   1    0.10 INCH OR MORE:   2
MIN 32 OR BELOW:   0    0.50 INCH OR MORE:   0
MIN  0 OR BELOW:   0    1.00 INCH OR MORE:   0

[HDD (BASE 65) ]
TOTAL THIS MO.    26    CLEAR  (SCALE 0-3)  20
DPTR FM NORMAL     5    PTCLDY (SCALE 4-7)   7
TOTAL FM JUL 1    26    CLOUDY (SCALE 8-10)  1
DPTR FM NORMAL     4

[CDD (BASE 65) ]
TOTAL THIS MO.   170
DPTR FM NORMAL    -4    [PRESSURE DATA]
TOTAL FM JAN 1  1430    HIGHEST SLP M ON M
DPTR FM NORMAL    36    LOWEST  SLP 29.90 ON 21

[REMARKS]
