000
CXUS51 KCLE 191004
CF6CLE
PRELIMINARY LOCAL CLIMATOLOGICAL DATA (WS FORM: F-6)

                                          STATION:   CLEVELAND OH
                                          MONTH:     DECEMBER
                                          YEAR:      2014
                                          LATITUDE:   41 24 N
                                          LONGITUDE:  81 51 W

  TEMPERATURE IN F:       :PCPN:    SNOW:  WIND      :SUNSHINE: SKY     :PK WND
================================================================================
1   2   3   4   5  6A  6B    7    8   9   10  11  12  13   14  15   16   17  18
                                     12Z  AVG MX 2MIN
DY MAX MIN AVG DEP HDD CDD  WTR  SNW DPTH SPD SPD DIR MIN PSBL S-S WX    SPD DR
================================================================================

 1  51  28  40   2  25   0 0.02  0.0    0 12.7 20 310   M    M  10 18     26  10
 2  34  25  30  -7  35   0 0.03    T    0  8.1 17  70   M    M   9 168    21  70
 3  39  26  33  -4  32   0    T    T    0 12.9 26 250   M    M   6 18     34 250
 4  37  25  31  -5  34   0 0.00  0.0    0  4.6  9  20   M    M   7         M  M
 5  41  31  36   0  29   0 0.17    T    0  4.5 10 160   M    M  10 14     13 160
 6  40  34  37   1  28   0 0.65  0.0    0 15.5 28  10   M    M  10 18     35 360
 7  39  30  35   0  30   0 0.00  0.0    0 10.4 18  30   M    M   6        23  40
 8  46  31  39   4  26   0 0.02  0.0    0 13.3 22 160   M    M  10        30 200
 9  40  36  38   4  27   0 0.05  0.0    0 10.3 23 350   M    M  10 1      29 350
10  37  28  33  -1  32   0 0.02    T    0 17.0 23 310   M    M   8 1      31 350
11  35  24  30  -4  35   0    T    T    0 14.5 25 280   M    M   9        32 270
12  32  26  29  -4  36   0 0.00  0.0    0  8.9 15 260   M    M   9 18     19 280
13  43  28  36   3  29   0 0.00  0.0    0 10.4 18 240   M    M  10 1      22 270
14  49  42  46  14  19   0 0.00  0.0    0  7.2 16 290   M    M  10 18     21 300
15  54  42  48  16  17   0 0.00  0.0    0  7.2 21 150   M    M  10 18     26 160
16  49  43  46  14  19   0 0.41  0.0    0 12.5 23 250   M    M  10 1      30 240
17  43  29  36   4  29   0 0.02    T    0 17.1 24 270   M    M   8 1      32 290
18  30  29  30  -1  35   0    T    T    0 10.6 22 290   M    M  10 16     29 300
================================================================================
SM  739  557       517   0  1.39    T    197.7          M      162
================================================================================
AV 41.1 30.9                              11.0 FASTST   M    M   9    MAX(MPH)
                                 MISC ---->  # 28  10               # 35  360
================================================================================
NOTES:
# LAST OF SEVERAL OCCURRENCES

COLUMN 17 PEAK WIND IN M.P.H.

PRELIMINARY LOCAL CLIMATOLOGICAL DATA (WS FORM: F-6) , PAGE 2

                                          STATION:  CLEVELAND OH
                                          MONTH:    DECEMBER
                                          YEAR:     2014
                                          LATITUDE:   41 24 N
                                          LONGITUDE:  81 51 W

[TEMPERATURE DATA]      [PRECIPITATION DATA]       SYMBOLS USED IN COLUMN 16

AVERAGE MONTHLY: 36.0   TOTAL FOR MONTH:   1.39    1 = FOG OR MIST
DPTR FM NORMAL:   1.7   DPTR FM NORMAL:   -0.43    2 = FOG REDUCING VISIBILITY
HIGHEST:    54 ON 15    GRTST 24HR  0.82 ON  5- 6      TO 1/4 MILE OR LESS
LOWEST:     24 ON 11                               3 = THUNDER
                        SNOW, ICE PELLETS, HAIL    4 = ICE PELLETS
                        TOTAL MONTH:    T          5 = HAIL
                        GRTST 24HR    T  ON 18-18  6 = FREEZING RAIN OR DRIZZLE
                        GRTST DEPTH:   0           7 = DUSTSTORM OR SANDSTORM:
                                                       VSBY 1/2 MILE OR LESS
                                                   8 = SMOKE OR HAZE
[NO. OF DAYS WITH]      [WEATHER - DAYS WITH]      9 = BLOWING SNOW
                                                   X = TORNADO
MAX 32 OR BELOW:   2    0.01 INCH OR MORE:   9
MAX 90 OR ABOVE:   0    0.10 INCH OR MORE:   3
MIN 32 OR BELOW:  13    0.50 INCH OR MORE:   1
MIN  0 OR BELOW:   0    1.00 INCH OR MORE:   0

[HDD (BASE 65) ]
TOTAL THIS MO.   517    CLEAR  (SCALE 0-3)   0
DPTR FM NORMAL   -36    PTCLDY (SCALE 4-7)   3
TOTAL FM JUL 1  1851    CLOUDY (SCALE 8-10) 15
DPTR FM NORMAL   203

[CDD (BASE 65) ]
TOTAL THIS MO.     0
DPTR FM NORMAL     0    [PRESSURE DATA]
TOTAL FM JAN 1   657    HIGHEST SLP M ON M
DPTR FM NORMAL  -160    LOWEST  SLP 29.72 ON 16

[REMARKS]
