000
CXUS52 KGSP 290817
CF6CLT
PRELIMINARY LOCAL CLIMATOLOGICAL DATA (WS FORM: F-6)

                                          STATION:   CHARLOTTE NC
                                          MONTH:     AUGUST
                                          YEAR:      2015
                                          LATITUDE:   35 12 N
                                          LONGITUDE:  80 57 W

  TEMPERATURE IN F:       :PCPN:    SNOW:  WIND      :SUNSHINE: SKY     :PK WND
================================================================================
1   2   3   4   5  6A  6B    7    8   9   10  11  12  13   14  15   16   17  18
                                     12Z  AVG MX 2MIN
DY MAX MIN AVG DEP HDD CDD  WTR  SNW DPTH SPD SPD DIR MIN PSBL S-S WX    SPD DR
================================================================================

 1  94  67  81   3   0  16 0.00  0.0    0  5.0 12 360   M    M   2        20 310
 2  93  67  80   2   0  15 0.00  0.0    0  6.0 14 150   M    M   5        20  40
 3  95  68  82   4   0  17 0.00  0.0    0  5.5 14 160   M    M   3        23 190
 4  99  71  85   7   0  20 0.00  0.0    0  3.5 10 240   M    M   3        14 310
 5  99  69  84   6   0  19 0.08  0.0    0  4.5 17 250   M    M   6        21 260
 6  92  70  81   3   0  16 0.07  0.0    0  5.6 20 290   M    M   7 13     30 290
 7  87  71  79   1   0  14    T  0.0    0  6.8 14  10   M    M   8 1      26  30
 8  90  70  80   2   0  15 0.00  0.0    0  7.8 14  10   M    M   8        22  60
 9  90  72  81   3   0  16 0.00  0.0    0  6.9 13 190   M    M   7        16 150
10  91  73  82   4   0  17 0.14  0.0    0  8.8 20 300   M    M   9 13     28 300
11  90  68  79   1   0  14 0.19  0.0    0  6.7 26 350   M    M   8 13     36 350
12  90  65  78   0   0  13 0.00  0.0    0  7.0 14  40   M    M   2 1      23  40
13  90  63  77  -1   0  12 0.00  0.0    0  4.8 10 120   M    M   3        23  80
14  92  69  81   3   0  16 0.01  0.0    0  3.8 22  30   M    M   7        26  30
15  92  65  79   1   0  14 0.74  0.0    0  2.9 24 200   M    M   6 3      30 210
16  93  67  80   2   0  15 0.00  0.0    0  2.2  9 170   M    M   9 1      15  80
17  92  72  82   4   0  17    T  0.0    0  5.5 15 180   M    M   9        26 240
18  89  72  81   4   0  16 0.12  0.0    0  6.7 17 230   M    M   9 13     22 230
19  92  74  83   6   0  18 0.54  0.0    0  6.7 17 320   M    M   7 13     22 350
20  92  73  83   6   0  18 0.65  0.0    0  5.3 26 300   M    M   8 13     33 300
21  89  71  80   3   0  15 0.00  0.0    0  4.9 14  20   M    M   5        22  70
22  88  70  79   2   0  14 0.00  0.0    0  5.6 10  30   M    M   8        17  70
23  85  71  78   1   0  13 1.19  0.0    0  4.4 17 170   M    M   9 13     22 160
24  92  69  81   4   0  16 0.00  0.0    0  3.2 10 150   M    M   5 1      14 130
25  89  69  79   3   0  14 0.00  0.0    0  6.3 15  10   M    M   4        23  20
26  85  67  76   0   0  11 0.00  0.0    0  9.0 16  30   M    M   5        24  50
27  86  66  76   0   0  11 0.00  0.0    0  8.8 15  40   M    M   5        24  60
28  87  63  75  -1   0  10 0.00  0.0    0  5.2 10 150   M    M   4        20 100
================================================================================
SM 2543 1932         0 422  3.73     0.0 159.4          M      171
================================================================================
AV 90.8 69.0                               5.7 FASTST   M    M   6    MAX(MPH)
                                 MISC ---->  # 26 350               # 36  350
================================================================================
NOTES:
# LAST OF SEVERAL OCCURRENCES

COLUMN 17 PEAK WIND IN M.P.H.

PRELIMINARY LOCAL CLIMATOLOGICAL DATA (WS FORM: F-6) , PAGE 2

                                          STATION:  CHARLOTTE NC
                                          MONTH:    AUGUST
                                          YEAR:     2015
                                          LATITUDE:   35 12 N
                                          LONGITUDE:  80 57 W

[TEMPERATURE DATA]      [PRECIPITATION DATA]       SYMBOLS USED IN COLUMN 16

AVERAGE MONTHLY: 79.9   TOTAL FOR MONTH:   3.73    1 = FOG OR MIST
DPTR FM NORMAL:   2.4   DPTR FM NORMAL:   -0.12    2 = FOG REDUCING VISIBILITY
HIGHEST:    99 ON  5, 4 GRTST 24HR  1.19 ON 23-23      TO 1/4 MILE OR LESS
LOWEST:     63 ON 28,13                            3 = THUNDER
                        SNOW, ICE PELLETS, HAIL    4 = ICE PELLETS
                        TOTAL MONTH:   0.0 INCH    5 = HAIL
                        GRTST 24HR     0.0         6 = FREEZING RAIN OR DRIZZLE
                        GRTST DEPTH:   0           7 = DUSTSTORM OR SANDSTORM:
                                                       VSBY 1/2 MILE OR LESS
                                                   8 = SMOKE OR HAZE
[NO. OF DAYS WITH]      [WEATHER - DAYS WITH]      9 = BLOWING SNOW
                                                   X = TORNADO
MAX 32 OR BELOW:   0    0.01 INCH OR MORE:  10
MAX 90 OR ABOVE:  19    0.10 INCH OR MORE:   7
MIN 32 OR BELOW:   0    0.50 INCH OR MORE:   4
MIN  0 OR BELOW:   0    1.00 INCH OR MORE:   1

[HDD (BASE 65) ]
TOTAL THIS MO.     0    CLEAR  (SCALE 0-3)   4
DPTR FM NORMAL     0    PTCLDY (SCALE 4-7)  18
TOTAL FM JUL 1     0    CLOUDY (SCALE 8-10)  6
DPTR FM NORMAL     0

[CDD (BASE 65) ]
TOTAL THIS MO.   422
DPTR FM NORMAL    72    [PRESSURE DATA]
TOTAL FM JAN 1  1710    HIGHEST SLP M ON M
DPTR FM NORMAL   466    LOWEST  SLP 29.74 ON  7

[REMARKS]
