000
CXUS52 KGSP 290817
CF6CLT
PRELIMINARY LOCAL CLIMATOLOGICAL DATA (WS FORM: F-6)

                                          STATION:   CHARLOTTE NC
                                          MONTH:     APRIL
                                          YEAR:      2017
                                          LATITUDE:   35 12 N
                                          LONGITUDE:  80 57 W

  TEMPERATURE IN F:       :PCPN:    SNOW:  WIND      :SUNSHINE: SKY     :PK WND
================================================================================
1   2   3   4   5  6A  6B    7    8   9   10  11  12  13   14  15   16   17  18
                                     12Z  AVG MX 2MIN
DY MAX MIN AVG DEP HDD CDD  WTR  SNW DPTH SPD SPD DIR MIN PSBL S-S WX    SPD DR
================================================================================

 1  76  50  63   7   2   0 0.00  0.0    0  8.5 16 290   M    M   0        20 330
 2  73  49  61   5   4   0 0.00  0.0    0  7.9 15  60   M    M   2        21  60
 3  71  58  65   9   0   0 0.65  0.0    0 11.0 25 150   M    M   9 13     31 170
 4  81  60  71  15   0   6 0.00  0.0    0 10.6 20 220   M    M   5        26 210
 5  67  54  61   4   4   0 1.03  0.0    0  7.1 20 140   M    M   8 13     24 310
 6  64  48  56  -1   9   0 0.17  0.0    0 16.5 29 250   M    M   8 13     40 220
 7  61  42  52  -5  13   0 0.00  0.0    0 11.6 23 310   M    M   4        31 310
 8  69  34  52  -6  13   0 0.00  0.0    0  2.5 10 290   M    M   3        14 290
 9  75  34  55  -3  10   0 0.00  0.0    0  5.2 14 200   M    M   4        19 180
10  76  47  62   4   3   0 0.00  0.0    0  8.0 16 180   M    M   5        20 190
11  79  53  66   8   0   1 0.00  0.0    0  8.8 16 190   M    M   2        22 180
12  81  56  69  11   0   4 0.00  0.0    0  3.1 14 180   M    M   7        18 180
13  83  51  67   8   0   2 0.00  0.0    0  6.0 14  20   M    M   4        16  20
14  83  60  72  13   0   7 0.00  0.0    0  6.9 13 170   M    M   5        17 190
15  82  59  71  12   0   6 0.00  0.0    0  8.8 18 190   M    M   6        24 180
16  81  58  70  10   0   5 0.00  0.0    0  9.5 20 220   M    M   6        25 230
17  85  60  73  13   0   8    T  0.0    0  6.3 17 310   M    M   5        28 250
18  71  63  67   7   0   2 0.00  0.0    0  9.6 16  70   M    M  10        26 110
19  65  55  60   0   5   0 0.32  0.0    0  5.0 12  50   M    M  10 1      20  50
20  82  57  70   9   0   5 0.00  0.0    0  4.6 15 200   M    M   7 12     20 210
21  87  62  75  14   0  10 0.00  0.0    0  6.8 16 200   M    M   3        21 200
22  85  61  73  12   0   8 0.01  0.0    0  9.9 24  20   M    M   6        31  10
23  61  51  56  -5   9   0 2.12  0.0    0 11.7 18  30   M    M  10 13     25  40
24  56  51  54  -8  11   0 1.22  0.0    0 11.5 26  50   M    M  10 1      34  40
25  71  54  63   1   2   0 0.02  0.0    0  6.9 14 350   M    M   9 18     18 360
26  81  54  68   6   0   3 0.00  0.0    0  5.6 14 220   M    M   2        20 190
27  75  59  67   5   0   2    T  0.0    0  9.2 18 200   M    M   7        23 180
28  85  68  77  14   0  12 0.00  0.0    0  6.6 17 220   M    M   7        25 200
================================================================================
SM 2106 1508        85  81  5.54     0.0 225.7          M      164
================================================================================
AV 75.2 53.9                               8.1 FASTST   M    M   6    MAX(MPH)
                                 MISC ---->  # 29 250               # 40  220
================================================================================
NOTES:
# LAST OF SEVERAL OCCURRENCES

COLUMN 17 PEAK WIND IN M.P.H.

PRELIMINARY LOCAL CLIMATOLOGICAL DATA (WS FORM: F-6) , PAGE 2

                                          STATION:  CHARLOTTE NC
                                          MONTH:    APRIL
                                          YEAR:     2017
                                          LATITUDE:   35 12 N
                                          LONGITUDE:  80 57 W

[TEMPERATURE DATA]      [PRECIPITATION DATA]       SYMBOLS USED IN COLUMN 16

AVERAGE MONTHLY: 64.5   TOTAL FOR MONTH:   5.54    1 = FOG OR MIST
DPTR FM NORMAL:   5.4   DPTR FM NORMAL:    2.68    2 = FOG REDUCING VISIBILITY
HIGHEST:    87 ON 21    GRTST 24HR  2.66 ON 23-24      TO 1/4 MILE OR LESS
LOWEST:     34 ON  9, 8                            3 = THUNDER
                        SNOW, ICE PELLETS, HAIL    4 = ICE PELLETS
                        TOTAL MONTH:   0.0 INCH    5 = HAIL
                        GRTST 24HR     0.0         6 = FREEZING RAIN OR DRIZZLE
                        GRTST DEPTH:   0           7 = DUSTSTORM OR SANDSTORM:
                                                       VSBY 1/2 MILE OR LESS
                                                   8 = SMOKE OR HAZE
[NO. OF DAYS WITH]      [WEATHER - DAYS WITH]      9 = BLOWING SNOW
                                                   X = TORNADO
MAX 32 OR BELOW:   0    0.01 INCH OR MORE:   8
MAX 90 OR ABOVE:   0    0.10 INCH OR MORE:   6
MIN 32 OR BELOW:   0    0.50 INCH OR MORE:   4
MIN  0 OR BELOW:   0    1.00 INCH OR MORE:   3

[HDD (BASE 65) ]
TOTAL THIS MO.    85    CLEAR  (SCALE 0-3)   5
DPTR FM NORMAL  -106    PTCLDY (SCALE 4-7)  17
TOTAL FM JUL 1  2366    CLOUDY (SCALE 8-10)  6
DPTR FM NORMAL  -957

[CDD (BASE 65) ]
TOTAL THIS MO.    81
DPTR FM NORMAL    49    [PRESSURE DATA]
TOTAL FM JAN 1   104    HIGHEST SLP M ON M
DPTR FM NORMAL    67    LOWEST  SLP 29.54 ON  6

[REMARKS]
