000
CXUS52 KGSP 220817
CF6CLT
PRELIMINARY LOCAL CLIMATOLOGICAL DATA (WS FORM: F-6)

                                          STATION:   CHARLOTTE NC
                                          MONTH:     NOVEMBER
                                          YEAR:      2014
                                          LATITUDE:   35 12 N
                                          LONGITUDE:  80 57 W

  TEMPERATURE IN F:       :PCPN:    SNOW:  WIND      :SUNSHINE: SKY     :PK WND
================================================================================
1   2   3   4   5  6A  6B    7    8   9   10  11  12  13   14  15   16   17  18
                                     12Z  AVG MX 2MIN
DY MAX MIN AVG DEP HDD CDD  WTR  SNW DPTH SPD SPD DIR MIN PSBL S-S WX    SPD DR
================================================================================

 1  53  40  47  -8  18   0 0.28  0.0    0 13.1 28 350   M    M   8 1      39 360
 2  57  30  44 -11  21   0 0.00  0.0    0  6.8 20 350   M    M   1        26 350
 3  65  24  45 -10  20   0 0.00  0.0    0  3.5  9 200   M    M   0        13 250
 4  67  39  53  -1  12   0 0.00  0.0    0  5.6 16 200   M    M   6        18 220
 5  70  49  60   6   5   0 0.00  0.0    0  5.7 14 230   M    M   9        18 220
 6  71  48  60   6   5   0 0.04  0.0    0 10.5 23 330   M    M   7 1      33 330
 7  61  39  50  -4  15   0 0.00  0.0    0  5.9 21 340   M    M   1        29 310
 8  58  31  45  -8  20   0 0.00  0.0    0  3.4 12 230   M    M   6        14 230
 9  63  38  51  -2  14   0 0.00  0.0    0  3.5  9  30   M    M   6        16  40
10  69  32  51  -2  14   0 0.00  0.0    0  2.7 13 120   M    M   2        16 130
11  74  39  57   5   8   0 0.00  0.0    0  3.5 12 360   M    M   2        14  40
12  77  41  59   7   6   0 0.00  0.0    0  3.4 13  50   M    M   3 1      21  80
13  60  46  53   1  12   0    T  0.0    0  7.7 16  20   M    M   9        22  20
14  46  28  37 -14  28   0 0.01  0.0    0 10.2 18  30   M    M   6 18     24  20
15  45  25  35 -16  30   0 0.00  0.0    0  4.8 13  10   M    M   1        18  40
16  53  29  41 -10  24   0 0.00  0.0    0  3.2 10 140   M    M   9        14 150
17  57  36  47  -3  18   0 0.63  0.0    0  7.4 21 290   M    M   9 123    28 280
18  39  20  30 -20  35   0 0.00  0.0    0  7.1 14 280   M    M   2        20 320
19  44  14  29 -21  36   0 0.00  0.0    0  6.2 14 210   M    M   2        23 180
20  59  34  47  -2  18   0 0.00  0.0    0  8.7 17 220   M    M   1        24 230
21  58  30  44  -5  21   0 0.00  0.0    0  6.2 13  10   M    M   1        18  80
================================================================================
SM 1246  712       380   0  0.96     0.0 129.1          M       91
================================================================================
AV 59.3 33.9                               6.1 FASTST   M    M   4    MAX(MPH)
                                 MISC ---->  # 28 350               # 39  360
================================================================================
NOTES:
# LAST OF SEVERAL OCCURRENCES

COLUMN 17 PEAK WIND IN M.P.H.

PRELIMINARY LOCAL CLIMATOLOGICAL DATA (WS FORM: F-6) , PAGE 2

                                          STATION:  CHARLOTTE NC
                                          MONTH:    NOVEMBER
                                          YEAR:     2014
                                          LATITUDE:   35 12 N
                                          LONGITUDE:  80 57 W

[TEMPERATURE DATA]      [PRECIPITATION DATA]       SYMBOLS USED IN COLUMN 16

AVERAGE MONTHLY: 46.6   TOTAL FOR MONTH:   0.96    1 = FOG OR MIST
DPTR FM NORMAL:  -5.6   DPTR FM NORMAL:   -1.19    2 = FOG REDUCING VISIBILITY
HIGHEST:    77 ON 12    GRTST 24HR  0.77 ON 31- 1      TO 1/4 MILE OR LESS
LOWEST:     14 ON 19                               3 = THUNDER
                        SNOW, ICE PELLETS, HAIL    4 = ICE PELLETS
                        TOTAL MONTH:   0.0 INCH    5 = HAIL
                        GRTST 24HR     0.0         6 = FREEZING RAIN OR DRIZZLE
                        GRTST DEPTH:   0           7 = DUSTSTORM OR SANDSTORM:
                                                       VSBY 1/2 MILE OR LESS
                                                   8 = SMOKE OR HAZE
[NO. OF DAYS WITH]      [WEATHER - DAYS WITH]      9 = BLOWING SNOW
                                                   X = TORNADO
MAX 32 OR BELOW:   0    0.01 INCH OR MORE:   4
MAX 90 OR ABOVE:   0    0.10 INCH OR MORE:   2
MIN 32 OR BELOW:  10    0.50 INCH OR MORE:   1
MIN  0 OR BELOW:   0    1.00 INCH OR MORE:   0

[HDD (BASE 65) ]
TOTAL THIS MO.   380    CLEAR  (SCALE 0-3)  11
DPTR FM NORMAL   108    PTCLDY (SCALE 4-7)   6
TOTAL FM JUL 1   512    CLOUDY (SCALE 8-10)  4
DPTR FM NORMAL    34

[CDD (BASE 65) ]
TOTAL THIS MO.     0
DPTR FM NORMAL     0    [PRESSURE DATA]
TOTAL FM JAN 1  1653    HIGHEST SLP M ON M
DPTR FM NORMAL   140    LOWEST  SLP 29.64 ON 17

[REMARKS]
