000
CXUS55 KLOX 211155
CF6CMA
PRELIMINARY LOCAL CLIMATOLOGICAL DATA (WS FORM: F-6)

                                          STATION:   CAMARILLO AIRPORT CA
                                          MONTH:     JULY
                                          YEAR:      2017
                                          LATITUDE:   34 12 N
                                          LONGITUDE: 119  6 W

  TEMPERATURE IN F:       :PCPN:    SNOW:  WIND      :SUNSHINE: SKY     :PK WND
================================================================================
1   2   3   4   5  6A  6B    7    8   9   10  11  12  13   14  15   16   17  18
                                     12Z  AVG MX 2MIN
DY MAX MIN AVG DEP HDD CDD  WTR  SNW DPTH SPD SPD DIR MIN PSBL S-S WX    SPD DR
================================================================================

 1  71  56  64  -2   1   0 0.00  0.0    0  4.2 13 240   M    M   8 1      17 240
 2  75  59  67   1   0   2 0.00  0.0    0  5.8 16 240   M    M   4        21 220
 3  76  59  68   2   0   3 0.00  0.0    0  4.7 13 240   M    M   4 1      17 260
 4  75  56  66   0   0   1 0.00  0.0    0  4.7 14 260   M    M   2 18     18 260
 5  79  60  70   4   0   5 0.00  0.0    0  5.4 17 230   M    M   1 18     22 230
 6  80  61  71   5   0   6 0.00  0.0    0  4.6 13 260   M    M   0        17 270
 7  87  63  75   8   0  10 0.00  0.0    0  3.8 13 230   M    M   0 18     16 240
 8  90  63  77  10   0  12    T  0.0    0  4.3 12 290   M    M   0        16 220
 9  86  68  77  10   0  12 0.00  0.0    0  5.9 13 260   M    M   0 18     16 270
10  83  66  75   8   0  10    T  0.0    0  5.5 14 210   M    M   0        22 230
11  77  64  71   4   0   6 0.00  0.0    0  5.7 14 210   M    M   3 18     19 220
12  77  63  70   3   0   5 0.00  0.0    0  5.1 14 240   M    M   6 1      19 230
13  78  62  70   3   0   5 0.00  0.0    0  5.8 13 280   M    M   6 1      18 260
14  75  62  69   2   0   4 0.00  0.0    0  4.9 13 250   M    M   3 1       M  M
15  81  59  70   3   0   5 0.00  0.0    0  4.7 13 240   M    M   0 18     17 250
16  80  64  72   5   0   7 0.00  0.0    0  6.9 20 230   M    M   0 1      23 220
17  79  67  73   6   0   8 0.00  0.0    0  5.8 15 220   M    M   5 18     20 250
18  79  64  72   5   0   7 0.00  0.0    0  5.9 15 280   M    M   4 18     20 270
19  81  64  73   6   0   8 0.00  0.0    0  5.8 15 270   M    M   3 18     19 260
20  81  61  71   4   0   6 0.00  0.0    0  5.6 14 260   M    M   2 18     18 260
================================================================================
SM 1590 1241         1 122    T      0.0 105.1          M       51
================================================================================
AV 79.5 62.1                               5.3 FASTST   M    M   3    MAX(MPH)
                                 MISC ---->  # 20 230               # 23  220
================================================================================
NOTES:
# LAST OF SEVERAL OCCURRENCES

COLUMN 17 PEAK WIND IN M.P.H.

PRELIMINARY LOCAL CLIMATOLOGICAL DATA (WS FORM: F-6) , PAGE 2

                                          STATION:  CAMARILLO AIRPORT CA
                                          MONTH:    JULY
                                          YEAR:     2017
                                          LATITUDE:   34 12 N
                                          LONGITUDE: 119  6 W

[TEMPERATURE DATA]      [PRECIPITATION DATA]       SYMBOLS USED IN COLUMN 16

AVERAGE MONTHLY: 70.8   TOTAL FOR MONTH:      T    1 = FOG OR MIST
DPTR FM NORMAL:   4.1   DPTR FM NORMAL:   -0.01    2 = FOG REDUCING VISIBILITY
HIGHEST:    90 ON  8    GRTST 24HR    T  ON 10-10      TO 1/4 MILE OR LESS
LOWEST:     56 ON  4, 1                            3 = THUNDER
                        SNOW, ICE PELLETS, HAIL    4 = ICE PELLETS
                        TOTAL MONTH:   0.0 INCH    5 = HAIL
                        GRTST 24HR     0.0         6 = FREEZING RAIN OR DRIZZLE
                        GRTST DEPTH:   0           7 = DUSTSTORM OR SANDSTORM:
                                                       VSBY 1/2 MILE OR LESS
                                                   8 = SMOKE OR HAZE
[NO. OF DAYS WITH]      [WEATHER - DAYS WITH]      9 = BLOWING SNOW
                                                   X = TORNADO
MAX 32 OR BELOW:   0    0.01 INCH OR MORE:   0
MAX 90 OR ABOVE:   1    0.10 INCH OR MORE:   0
MIN 32 OR BELOW:   0    0.50 INCH OR MORE:   0
MIN  0 OR BELOW:   0    1.00 INCH OR MORE:   0

[HDD (BASE 65) ]
TOTAL THIS MO.     1    CLEAR  (SCALE 0-3)  11
DPTR FM NORMAL     0    PTCLDY (SCALE 4-7)   9
TOTAL FM JUL 1     1    CLOUDY (SCALE 8-10)  0
DPTR FM NORMAL     0

[CDD (BASE 65) ]
TOTAL THIS MO.   122
DPTR FM NORMAL    79    [PRESSURE DATA]
TOTAL FM JAN 1   221    HIGHEST SLP M ON M
DPTR FM NORMAL   124    LOWEST  SLP 29.75 ON  8

[REMARKS]
