000
CXUS53 KILX 252300
CF6CMI
PRELIMINARY LOCAL CLIMATOLOGICAL DATA (WS FORM: F-6)

                                          STATION:   CHAMPAIGN IL AIRPORT
                                          MONTH:     MAY
                                          YEAR:      2016
                                          LATITUDE:   40  1 N
                                          LONGITUDE:  88 17 W

  TEMPERATURE IN F:       :PCPN:    SNOW:  WIND      :SUNSHINE: SKY     :PK WND
================================================================================
1   2   3   4   5  6A  6B    7    8   9   10  11  12  13   14  15   16   17  18
                                     12Z  AVG MX 2MIN
DY MAX MIN AVG DEP HDD CDD  WTR  SNW DPTH SPD SPD DIR MIN PSBL S-S WX    SPD DR
================================================================================

 1  68  49  59   1   6   0    T    M    M  7.7 24 300   M    M  10 12     32 310
 2  58  44  51  -7  14   0 0.00    M    M  9.2 21 360   M    M   8 1      26  10
 3  66  42  54  -4  11   0 0.00    M    M  8.8 16 270   M    M   6 1      26 330
 4  60  43  52  -7  13   0 0.17    M    M 14.4 30 330   M    M   8 1      35 340
 5  67  40  54  -5  11   0 0.00    M    M 11.6 23 350   M    M   3 8      28 350
 6  80  41  61   1   4   0 0.00    M    M  8.1 18 280   M    M   1        23 290
 7  79  54  67   7   0   2 0.01    M    M 11.2 31 270   M    M   4 3      38 270
 8  65  49  57  -3   8   0 0.49    M    M  6.5 18  90   M    M   7 18     22  90
 9  72  53  63   2   2   0 0.37    M    M 13.7 24 190   M    M  10 1      31 190
10  73  60  67   6   0   2 0.07    M    M 11.6 24 210   M    M   6 1      30 210
11  80  54  67   6   0   2 0.13    M    M 10.7 33 290   M    M   6 123    40 290
12  71  50  61  -1   4   0 0.00    M    M 12.7 24 290   M    M   4 18     29 290
13  72  46  59  -3   6   0 0.31    M    M 12.7 33 320   M    M   2 1      38 320
14  54  40  47 -15  18   0    T    M    M 16.5 32 310   M    M   8        40 310
15  58  38  48 -15  17   0 0.00    M    M 10.6 24 310   M    M   1        29 330
16  67  42  55  -8  10   0 0.03    M    M 10.6 20 210   M    M   4        25 210
17  59  49  54 -10  11   0 0.05    M    M  7.5 16 110   M    M  10        20  80
18  69  41  55  -9  10   0 0.00    M    M  7.3 14  10   M    M   4        20  90
19  74  48  61  -3   4   0 0.00    M    M  7.3 13  80   M    M   0        19  90
20  69  52  61  -3   4   0 0.15    M    M  9.2 21  80   M    M   5 1      28  70
21  78  53  66   1   0   1 0.00    M    M  9.9 22  10   M    M   4        27  10
22  86  48  67   2   0   2 0.00    M    M  8.2 18 360   M    M   0        24  10
23  85  51  68   2   0   3 0.00    M    M  9.2 16 160   M    M   0        21 160
24  88  54  71   5   0   6 0.00    M    M 12.6 26 200   M    M   1        44 210
================================================================================
SM 1698 1141       153  18  1.78    M    247.8          M      112
================================================================================
AV 70.8 47.5                              10.3 FASTST   M    M   5    MAX(MPH)
                                 MISC ---->  # 33 290               # 44  210
================================================================================
NOTES:
# LAST OF SEVERAL OCCURRENCES

COLUMN 17 PEAK WIND IN M.P.H.

PRELIMINARY LOCAL CLIMATOLOGICAL DATA (WS FORM: F-6) , PAGE 2

                                          STATION:  CHAMPAIGN IL AIRPORT
                                          MONTH:    MAY
                                          YEAR:     2016
                                          LATITUDE:   40  1 N
                                          LONGITUDE:  88 17 W

[TEMPERATURE DATA]      [PRECIPITATION DATA]       SYMBOLS USED IN COLUMN 16

AVERAGE MONTHLY: 59.1   TOTAL FOR MONTH:   1.78    1 = FOG OR MIST
DPTR FM NORMAL:  -2.7   DPTR FM NORMAL:   -1.81    2 = FOG REDUCING VISIBILITY
HIGHEST:    88 ON 24    GRTST 24HR  0.70 ON 30- 1      TO 1/4 MILE OR LESS
LOWEST:     38 ON 15                               3 = THUNDER
                        SNOW, ICE PELLETS, HAIL    4 = ICE PELLETS
                        TOTAL MONTH:    M          5 = HAIL
                        GRTST 24HR    M  ON   M    6 = FREEZING RAIN OR DRIZZLE
                        GRTST DEPTH:  M  ON   M    7 = DUSTSTORM OR SANDSTORM:
                                                       VSBY 1/2 MILE OR LESS
                                                   8 = SMOKE OR HAZE
[NO. OF DAYS WITH]      [WEATHER - DAYS WITH]      9 = BLOWING SNOW
                                                   X = TORNADO
MAX 32 OR BELOW:   0    0.01 INCH OR MORE:  10
MAX 90 OR ABOVE:   0    0.10 INCH OR MORE:   6
MIN 32 OR BELOW:   0    0.50 INCH OR MORE:   0
MIN  0 OR BELOW:   0    1.00 INCH OR MORE:   0

[HDD (BASE 65) ]
TOTAL THIS MO.   153    CLEAR  (SCALE 0-3)   7
DPTR FM NORMAL    27    PTCLDY (SCALE 4-7)  13
TOTAL FM JUL 1  4759    CLOUDY (SCALE 8-10)  4
DPTR FM NORMAL -1031

[CDD (BASE 65) ]
TOTAL THIS MO.    18
DPTR FM NORMAL   -34    [PRESSURE DATA]
TOTAL FM JAN 1    32    HIGHEST SLP M ON M
DPTR FM NORMAL   -31    LOWEST  SLP 29.67 ON  4

[REMARKS]
