000
CXUS53 KILX 190900
CF6CMI
PRELIMINARY LOCAL CLIMATOLOGICAL DATA (WS FORM: F-6)

                                          STATION:   CHAMPAIGN IL AIRPORT
                                          MONTH:     NOVEMBER
                                          YEAR:      2017
                                          LATITUDE:   40  1 N
                                          LONGITUDE:  88 17 W

  TEMPERATURE IN F:       :PCPN:    SNOW:  WIND      :SUNSHINE: SKY     :PK WND
================================================================================
1   2   3   4   5  6A  6B    7    8   9   10  11  12  13   14  15   16   17  18
                                     12Z  AVG MX 2MIN
DY MAX MIN AVG DEP HDD CDD  WTR  SNW DPTH SPD SPD DIR MIN PSBL S-S WX    SPD DR
================================================================================

 1  55  37  46  -2  19   0 0.13    M    M 11.6 20 160   M    M  10 18     24 130
 2  66  50  58  10   7   0 0.01    M    M 11.5 21 350   M    M  10 1      25 340
 3  56  43  50   3  15   0 0.00    M    M 12.3 20  30   M    M   3 18     26  40
 4  61  43  52   5  13   0 0.01    M    M 11.4 20 110   M    M  10 128    24 110
 5  71  50  61  14   4   0 0.76    M    M 12.7 31 260   M    M   9 1238   37 260
 6  50  39  45  -1  20   0 0.00    M    M 12.0 21 360   M    M   8        27 360
 7  50  40  45  -1  20   0    T    M    M 13.9 22  50   M    M   7        30  50
 8  50  32  41  -4  24   0 0.00    M    M  5.9 13  40   M    M   1        16  10
 9  53  27  40  -5  25   0 0.00    M    M 12.0 26 270   M    M   1 18     31 270
10  37  21  29 -15  36   0 0.00    M    M 11.1 17  70   M    M   0        22  60
11  46  24  35  -9  30   0 0.00    M    M  8.5 16 150   M    M   4        19 140
12  42  37  40  -4  25   0 0.03    M    M  6.5 13 320   M    M  10 18     15 320
13  46  32  39  -4  26   0 0.00    M    M  4.9 12 320   M    M   6 18     13 320
14  52  29  41  -1  24   0 0.00    M    M 11.4 20 150   M    M   4 18     26 160
15  57  33  45   3  20   0 0.50    M    M 15.1 23 300   M    M   6 1      30 280
16  36  30  33  -9  32   0 0.00    M    M  8.5 22 310   M    M   7        28 310
17  53  29  41   0  24   0    T    M    M 15.2 24 160   M    M   6 18     29 160
18  64  35  50  10  15   0 0.86    M    M 19.6 36 350   M    M  10 13     44 340
================================================================================
SM  945  631       379   0  2.30    M    204.1          M      112
================================================================================
AV 52.5 35.1                              11.3 FASTST   M    M   6    MAX(MPH)
                                 MISC ---->  # 36 350               # 44  340
================================================================================
NOTES:
# LAST OF SEVERAL OCCURRENCES

COLUMN 17 PEAK WIND IN M.P.H.

PRELIMINARY LOCAL CLIMATOLOGICAL DATA (WS FORM: F-6) , PAGE 2

                                          STATION:  CHAMPAIGN IL AIRPORT
                                          MONTH:    NOVEMBER
                                          YEAR:     2017
                                          LATITUDE:   40  1 N
                                          LONGITUDE:  88 17 W

[TEMPERATURE DATA]      [PRECIPITATION DATA]       SYMBOLS USED IN COLUMN 16

AVERAGE MONTHLY: 43.8   TOTAL FOR MONTH:   2.30    1 = FOG OR MIST
DPTR FM NORMAL:  -0.7   DPTR FM NORMAL:    0.20    2 = FOG REDUCING VISIBILITY
HIGHEST:    71 ON  5    GRTST 24HR  0.86 ON 18-18      TO 1/4 MILE OR LESS
LOWEST:     21 ON 10                               3 = THUNDER
                        SNOW, ICE PELLETS, HAIL    4 = ICE PELLETS
                        TOTAL MONTH:    M          5 = HAIL
                        GRTST 24HR    M  ON   M    6 = FREEZING RAIN OR DRIZZLE
                        GRTST DEPTH:  M  ON   M    7 = DUSTSTORM OR SANDSTORM:
                                                       VSBY 1/2 MILE OR LESS
                                                   8 = SMOKE OR HAZE
[NO. OF DAYS WITH]      [WEATHER - DAYS WITH]      9 = BLOWING SNOW
                                                   X = TORNADO
MAX 32 OR BELOW:   0    0.01 INCH OR MORE:   7
MAX 90 OR ABOVE:   0    0.10 INCH OR MORE:   4
MIN 32 OR BELOW:   8    0.50 INCH OR MORE:   3
MIN  0 OR BELOW:   0    1.00 INCH OR MORE:   0

[HDD (BASE 65) ]
TOTAL THIS MO.   379    CLEAR  (SCALE 0-3)   4
DPTR FM NORMAL    11    PTCLDY (SCALE 4-7)   7
TOTAL FM JUL 1   671    CLOUDY (SCALE 8-10)  7
DPTR FM NORMAL  -158

[CDD (BASE 65) ]
TOTAL THIS MO.     0
DPTR FM NORMAL     0    [PRESSURE DATA]
TOTAL FM JAN 1  1126    HIGHEST SLP M ON M
DPTR FM NORMAL   182    LOWEST  SLP 29.35 ON 18

[REMARKS]
