000
CXUS53 KTOP 220800
CF6CNK
PRELIMINARY LOCAL CLIMATOLOGICAL DATA (WS FORM: F-6)

                                          STATION:   Concordia KS
                                          MONTH:     FEBRUARY
                                          YEAR:      2017
                                          LATITUDE:   39 32 N
                                          LONGITUDE:  97 39 W

  TEMPERATURE IN F:       :PCPN:    SNOW:  WIND      :SUNSHINE: SKY     :PK WND
================================================================================
1   2   3   4   5  6A  6B    7    8   9   10  11  12  13   14  15   16   17  18
                                     12Z  AVG MX 2MIN
DY MAX MIN AVG DEP HDD CDD  WTR  SNW DPTH SPD SPD DIR MIN PSBL S-S WX    SPD DR
================================================================================

 1  37  21  29  -1  36   0 0.00  0.0    0 13.0 21  10   M    M   1        24  10
 2  29  17  23  -7  42   0 0.00  0.0    0  6.8 16  20   M    M   1        19  20
 3  33  20  27  -3  38   0    T    T    0  6.9 14 170   M    M   5        18 170
 4  58  24  41  11  24   0 0.00  0.0    0 16.2 29 190   M    M   0        36 200
 5  47  24  36   6  29   0 0.00  0.0    0  5.5 13  20   M    M   0        16  10
 6  48  26  37   7  28   0 0.02  0.0    0  4.4 13 310   M    M   8 12     16 330
 7  42  24  33   3  32   0 0.00  0.0    0 11.8 20 350   M    M   5 12     24  10
 8  29  13  21 -10  44   0    T    T    0 11.5 24  10   M    M   2        29  10
 9  40  12  26  -5  39   0 0.00  0.0    0 10.5 23 180   M    M   0        27 170
10  72  34  53  22  12   0 0.00  0.0    0 10.4 21 200   M    M   0        24 210
11  67  38  53  21  12   0 0.00  0.0    0  8.7 22  10   M    M   0        27  20
12  51  33  42  10  23   0 0.00  0.0    0 10.4 22 350   M    M   1        30 350
13  45  32  39   7  26   0    T  0.0    0  8.4 21 200   M    M   5        25 210
14  55  27  41   9  24   0 0.00  0.0    0 10.5 21 360   M    M   0        28 360
15  59  25  42   9  23   0 0.00  0.0    0 10.2 18 220   M    M   0        24 220
16  75  39  57  24   8   0 0.00  0.0    0 13.3 22 200   M    M   0        26 200
17  71  40  56  23   9   0 0.00  0.0    0 11.8 22 200   M    M   0        26 200
18  71  35  53  19  12   0 0.00  0.0    0  7.5 20 200   M    M   0        24 200
19  63  45  54  20  11   0 0.00  0.0    0 14.9 23 180   M    M   1 1      28 170
20  68  41  55  21  10   0    T  0.0    0 12.0 25 170   M    M   5 1      32 170
21  75  34  55  21  10   0 0.00  0.0    0 11.4 23 190   M    M   0        29 190
================================================================================
SM 1135  604       492   0  0.02    T    216.1          M       34
================================================================================
AV 54.1 28.8                              10.3 FASTST   M    M   2    MAX(MPH)
                                 MISC ---->  # 29 190               # 36  200
================================================================================
NOTES:
# LAST OF SEVERAL OCCURRENCES

COLUMN 17 PEAK WIND IN M.P.H.

PRELIMINARY LOCAL CLIMATOLOGICAL DATA (WS FORM: F-6) , PAGE 2

                                          STATION:  Concordia KS
                                          MONTH:    FEBRUARY
                                          YEAR:     2017
                                          LATITUDE:   39 32 N
                                          LONGITUDE:  97 39 W

[TEMPERATURE DATA]      [PRECIPITATION DATA]       SYMBOLS USED IN COLUMN 16

AVERAGE MONTHLY: 41.4   TOTAL FOR MONTH:   0.02    1 = FOG OR MIST
DPTR FM NORMAL:   9.7   DPTR FM NORMAL:   -0.54    2 = FOG REDUCING VISIBILITY
HIGHEST:    75 ON 21,16 GRTST 24HR  0.02 ON  6- 6      TO 1/4 MILE OR LESS
LOWEST:     12 ON  9                               3 = THUNDER
                        SNOW, ICE PELLETS, HAIL    4 = ICE PELLETS
                        TOTAL MONTH:    T          5 = HAIL
                        GRTST 24HR    T  ON  8- 8  6 = FREEZING RAIN OR DRIZZLE
                        GRTST DEPTH:   0           7 = DUSTSTORM OR SANDSTORM:
                                                       VSBY 1/2 MILE OR LESS
                                                   8 = SMOKE OR HAZE
[NO. OF DAYS WITH]      [WEATHER - DAYS WITH]      9 = BLOWING SNOW
                                                   X = TORNADO
MAX 32 OR BELOW:   2    0.01 INCH OR MORE:   1
MAX 90 OR ABOVE:   0    0.10 INCH OR MORE:   0
MIN 32 OR BELOW:  12    0.50 INCH OR MORE:   0
MIN  0 OR BELOW:   0    1.00 INCH OR MORE:   0

[HDD (BASE 65) ]
TOTAL THIS MO.   492    CLEAR  (SCALE 0-3)  16
DPTR FM NORMAL  -206    PTCLDY (SCALE 4-7)   4
TOTAL FM JUL 1  3335    CLOUDY (SCALE 8-10)  1
DPTR FM NORMAL  -667

[CDD (BASE 65) ]
TOTAL THIS MO.     0
DPTR FM NORMAL     0    [PRESSURE DATA]
TOTAL FM JAN 1     0    HIGHEST SLP M ON M
DPTR FM NORMAL     0    LOWEST  SLP 29.47 ON  6

[REMARKS]
