000
CXUS54 KMAF 181100
CF6CNM
PRELIMINARY LOCAL CLIMATOLOGICAL DATA (WS FORM: F-6)

                                          STATION:   Carlsbad
                                          MONTH:     JANUARY
                                          YEAR:      2018
                                          LATITUDE:   32 20 N
                                          LONGITUDE: 104 15 W

  TEMPERATURE IN F:       :PCPN:    SNOW:  WIND      :SUNSHINE: SKY     :PK WND
================================================================================
1   2   3   4   5  6A  6B    7    8   9   10  11  12  13   14  15   16   17  18
                                     12Z  AVG MX 2MIN
DY MAX MIN AVG DEP HDD CDD  WTR  SNW DPTH SPD SPD DIR MIN PSBL S-S WX    SPD DR
================================================================================

 1  25  13  19 -23  46   0 0.00  0.0    0  8.7 15 140   M    M   7        19 180
 2  30   8  19 -23  46   0    T    M    0  6.7 13 350   M    M   2 18     17 340
 3  53   9  31 -11  34   0 0.00  0.0    0  6.8 13 170   M    M   0        15 150
 4  45  22  34  -8  31   0 0.00  0.0    0  4.4  9 280   M    M   3        17 330
 5  63  20  42   0  23   0 0.00  0.0    0  4.8 12 140   M    M   0        15 140
 6  65  24  45   3  20   0 0.00  0.0    0  4.1 14 160   M    M   0        17 170
 7  73  36  55  13  10   0 0.00  0.0    0 13.8 36 350   M    M   0        60 330
 8  65  28  47   5  18   0 0.00  0.0    0  7.4 20 140   M    M   0        24 150
 9  74  30  52  10  13   0 0.00  0.0    0  4.7 13 250   M    M   0        14 250
10  71  34  53  11  12   0 0.01  0.0    0 19.7 48 260   M    M   0 1      58 260
11  53  28  41  -2  24   0 0.06  0.0    0 13.6 37 260   M    M   5 1      46 260
12  61  22  42  -1  23   0 0.00  0.0    0  5.8 20 320   M    M   0        24 330
13  50  21  36  -7  29   0 0.00  0.0    0  7.8 23 350   M    M   0        31 350
14  61  23  42  -1  23   0 0.00  0.0    0  6.6 17 340   M    M   0        21 350
15  57  23  40  -3  25   0    T    M    0 11.7 32 350   M    M   3        38 350
16  33  16  25 -18  40   0 0.00  0.0    0  8.1 17  40   M    M   5        20  40
17  39  15  27 -16  38   0 0.00  0.0    0  9.2 17 150   M    M   3        22 150
================================================================================
SM  918  372       455   0  0.07     0.0 143.9          M       28
================================================================================
AV 54.0 21.9                               8.5 FASTST   M    M   2    MAX(MPH)
                                 MISC ---->  # 48 260               # 60  330
================================================================================
NOTES:
# LAST OF SEVERAL OCCURRENCES

COLUMN 17 PEAK WIND IN M.P.H.

PRELIMINARY LOCAL CLIMATOLOGICAL DATA (WS FORM: F-6) , PAGE 2

                                          STATION:  Carlsbad
                                          MONTH:    JANUARY
                                          YEAR:     2018
                                          LATITUDE:   32 20 N
                                          LONGITUDE: 104 15 W

[TEMPERATURE DATA]      [PRECIPITATION DATA]       SYMBOLS USED IN COLUMN 16

AVERAGE MONTHLY: 37.9   TOTAL FOR MONTH:   0.07    1 = FOG OR MIST
DPTR FM NORMAL:  -4.5   DPTR FM NORMAL:   -0.14    2 = FOG REDUCING VISIBILITY
HIGHEST:    74 ON  9    GRTST 24HR  0.06 ON 11-11      TO 1/4 MILE OR LESS
LOWEST:      8 ON  2                               3 = THUNDER
                        SNOW, ICE PELLETS, HAIL    4 = ICE PELLETS
                        TOTAL MONTH:   0.0 INCH    5 = HAIL
                        GRTST 24HR     0.0         6 = FREEZING RAIN OR DRIZZLE
                        GRTST DEPTH:   0           7 = DUSTSTORM OR SANDSTORM:
                                                       VSBY 1/2 MILE OR LESS
                                                   8 = SMOKE OR HAZE
[NO. OF DAYS WITH]      [WEATHER - DAYS WITH]      9 = BLOWING SNOW
                                                   X = TORNADO
MAX 32 OR BELOW:   2    0.01 INCH OR MORE:   2
MAX 90 OR ABOVE:   0    0.10 INCH OR MORE:   0
MIN 32 OR BELOW:  15    0.50 INCH OR MORE:   0
MIN  0 OR BELOW:   0    1.00 INCH OR MORE:   0

[HDD (BASE 65) ]
TOTAL THIS MO.   455    CLEAR  (SCALE 0-3)  12
DPTR FM NORMAL    72    PTCLDY (SCALE 4-7)   5
TOTAL FM JUL 1  1519    CLOUDY (SCALE 8-10)  0
DPTR FM NORMAL   -73

[CDD (BASE 65) ]
TOTAL THIS MO.     0
DPTR FM NORMAL     0    [PRESSURE DATA]
TOTAL FM JAN 1     0    HIGHEST SLP M ON M
DPTR FM NORMAL     0    LOWEST  SLP 29.52 ON 10

[REMARKS]
