000
CXUS56 KSGX 011445
CF6CNO
PRELIMINARY LOCAL CLIMATOLOGICAL DATA (WS FORM: F-6)

                                          STATION:   CHINO AIRPORT CA
                                          MONTH:     JUNE
                                          YEAR:      2015
                                          LATITUDE:   33 58 N
                                          LONGITUDE: 117 38 W

  TEMPERATURE IN F:       :PCPN:    SNOW:  WIND      :SUNSHINE: SKY     :PK WND
================================================================================
1   2   3   4   5  6A  6B    7    8   9   10  11  12  13   14  15   16   17  18
                                     12Z  AVG MX 2MIN
DY MAX MIN AVG DEP HDD CDD  WTR  SNW DPTH SPD SPD DIR MIN PSBL S-S WX    SPD DR
================================================================================

 1  86  56  71   3   0   6 0.00  0.0    0  7.0 21 240   M    M   5 18     24 240
 2  85  55  70   2   0   5 0.00  0.0    0  7.1 20 250   M    M   0 18     25 250
 3  80  57  69   1   0   4 0.00  0.0    0  7.4 18 250   M    M   6 8      23 220
 4  75  59  67  -1   0   2 0.00  0.0    0  8.2 20 240   M    M   8        23 250
 5  79  57  68   0   0   3 0.00  0.0    0  8.8 22 240   M    M   6        27 250
 6  81  56  69   0   0   4 0.00  0.0    0  6.8 17 230   M    M   4        20 220
 7  97  56  77   8   0  12 0.00  0.0    0  6.2 18 240   M    M   1 18     23 250
 8 107  58  83  14   0  18 0.00  0.0    0  5.3 22 250   M    M   1 18     27 250
 9  88  68  78   9   0  13    T  0.0    0  6.8 17 290   M    M   6 8      21 250
10  82  65  74   5   0   9 0.00  0.0    0  9.2 21 250   M    M   5 8      25 260
11  81  63  72   2   0   7 0.00  0.0    0  7.3 16 230   M    M   6 18     20 240
12  80  64  72   2   0   7 0.00  0.0    0  7.5 16 270   M    M   7 18     22 250
13  82  62  72   2   0   7 0.00  0.0    0  7.6 18 250   M    M   6 18     24 260
14  91  62  77   7   0  12 0.00  0.0    0  6.6 18 240   M    M   5 18     22 240
15  96  62  79   9   0  14 0.00  0.0    0  6.7 18 260   M    M   3 18     24 280
16  94  57  76   5   0  11 0.00  0.0    0  8.1 17 260   M    M   1 18      M  M
17  93  60  77   6   0  12 0.00  0.0    0  7.4 21 250   M    M   3 128    25 280
18 100  57  79   8   0  14 0.00  0.0    0  5.0 17 270   M    M   1 128    27 250
19  99  60  80   9   0  15 0.00  0.0    0  4.7 17 280   M    M   1 18     22 280
20  98  61  80   8   0  15 0.00  0.0    0  6.1 17 260   M    M   1 18     23 280
21  91  61  76   4   0  11 0.00  0.0    0  5.8 17 240   M    M   0 18     27 260
22  94  60  77   5   0  12 0.00  0.0    0  6.6 20 280   M    M   1 18     23 280
23  97  60  79   7   0  14 0.00  0.0    0  5.3 18 240   M    M   1 8      24 250
24  95  61  78   6   0  13 0.00  0.0    0  6.4 18 280   M    M   0 18     22 270
25  96  60  78   5   0  13 0.00  0.0    0  6.5 18 250   M    M   1 18     21 240
26  97  63  80   7   0  15 0.00  0.0    0  7.7 21 260   M    M   2 18     23 250
27  91  62  77   4   0  12 0.00  0.0    0  5.5 21 250   M    M   4 18     25 240
28 104  69  87  14   0  22 0.00  0.0    0  4.5 18 240   M    M   4 8      22 250
29  99  66  83   9   0  18 0.00  0.0    0  5.3 18 240   M    M   4 8      22 240
30 101  66  84  10   0  19    T  0.0    0  6.3 24 220   M    M   4 38     32 230
================================================================================
SM 2739 1823         0 339    T      0.0 199.7          M       97
================================================================================
AV 91.3 60.8                               6.7 FASTST   M    M   3    MAX(MPH)
                                 MISC ---->  # 24 220               # 32  230
================================================================================
NOTES:
# LAST OF SEVERAL OCCURRENCES

COLUMN 17 PEAK WIND IN M.P.H.

PRELIMINARY LOCAL CLIMATOLOGICAL DATA (WS FORM: F-6) , PAGE 2

                                          STATION:  CHINO AIRPORT CA
                                          MONTH:    JUNE
                                          YEAR:     2015
                                          LATITUDE:   33 58 N
                                          LONGITUDE: 117 38 W

[TEMPERATURE DATA]      [PRECIPITATION DATA]       SYMBOLS USED IN COLUMN 16

AVERAGE MONTHLY: 76.0   TOTAL FOR MONTH:      T    1 = FOG OR MIST
DPTR FM NORMAL:   5.3   DPTR FM NORMAL:   -0.11    2 = FOG REDUCING VISIBILITY
HIGHEST:   107 ON  8    GRTST 24HR    T  ON 30-30      TO 1/4 MILE OR LESS
LOWEST:     55 ON  2                               3 = THUNDER
                        SNOW, ICE PELLETS, HAIL    4 = ICE PELLETS
                        TOTAL MONTH:   0.0 INCH    5 = HAIL
                        GRTST 24HR     0.0         6 = FREEZING RAIN OR DRIZZLE
                        GRTST DEPTH:   0           7 = DUSTSTORM OR SANDSTORM:
                                                       VSBY 1/2 MILE OR LESS
                                                   8 = SMOKE OR HAZE
[NO. OF DAYS WITH]      [WEATHER - DAYS WITH]      9 = BLOWING SNOW
                                                   X = TORNADO
MAX 32 OR BELOW:   0    0.01 INCH OR MORE:   0
MAX 90 OR ABOVE:  19    0.10 INCH OR MORE:   0
MIN 32 OR BELOW:   0    0.50 INCH OR MORE:   0
MIN  0 OR BELOW:   0    1.00 INCH OR MORE:   0

[HDD (BASE 65) ]
TOTAL THIS MO.     0    CLEAR  (SCALE 0-3)  14
DPTR FM NORMAL    -6    PTCLDY (SCALE 4-7)  16
TOTAL FM JUL 1   920    CLOUDY (SCALE 8-10)  0
DPTR FM NORMAL  -910

[CDD (BASE 65) ]
TOTAL THIS MO.   339
DPTR FM NORMAL   164    [PRESSURE DATA]
TOTAL FM JAN 1   571    HIGHEST SLP 30.02 ON 27
DPTR FM NORMAL   299    LOWEST  SLP 29.76 ON 14

[REMARKS]
#FINAL-06-15#
