000
CXUS56 KSGX 271545
CF6CNO
PRELIMINARY LOCAL CLIMATOLOGICAL DATA (WS FORM: F-6)

                                          STATION:   CHINO AIRPORT CA
                                          MONTH:     MAY
                                          YEAR:      2016
                                          LATITUDE:   33 58 N
                                          LONGITUDE: 117 38 W

  TEMPERATURE IN F:       :PCPN:    SNOW:  WIND      :SUNSHINE: SKY     :PK WND
================================================================================
1   2   3   4   5  6A  6B    7    8   9   10  11  12  13   14  15   16   17  18
                                     12Z  AVG MX 2MIN
DY MAX MIN AVG DEP HDD CDD  WTR  SNW DPTH SPD SPD DIR MIN PSBL S-S WX    SPD DR
================================================================================

 1  78  50  64   1   1   0 0.00  0.0    0  5.8 20 250   M    M   2 18     23 240
 2  90  52  71   8   0   6 0.00  0.0    0  5.0 20 240   M    M   2 18     24 220
 3  93  53  73   9   0   8 0.00  0.0    0  5.7 21 250   M    M   3 18     24 230
 4  82  53  68   4   0   3 0.00  0.0    0  9.3 25 240   M    M   3 18     30 260
 5  70  56  63  -1   2   0 0.02  0.0    0  8.4 18 240   M    M   9 18     23 210
 6  69  54  62  -2   3   0 0.10  0.0    0  6.7 18 220   M    M   9 138    22 220
 7  72  52  62  -2   3   0    T  0.0    0  5.6 17 220   M    M   6 1      22 240
 8  73  49  61  -3   4   0 0.00  0.0    0  5.8 16 290   M    M   7 8      20 260
 9  75  55  65   0   0   0 0.00  0.0    0  7.6 17 300   M    M   6 8      22 290
10  78  53  66   1   0   1 0.00  0.0    0  5.3 17 240   M    M   5 18     21 240
11  87  58  73   8   0   8 0.00  0.0    0  6.4 18 240   M    M   6 8      23 230
12  93  54  74   9   0   9 0.00  0.0    0  6.3 18 270   M    M   0 18     23 250
13  92  54  73   8   0   8 0.00  0.0    0  8.5 20 240   M    M   2 18     26 250
14  80  61  71   6   0   6 0.00  0.0    0  9.9 21 230   M    M   7 8      27 250
15  71  60  66   0   0   1    T  0.0    0  8.4 16 240   M    M  10 8      19 250
16  76  58  67   1   0   2 0.00  0.0    0  9.1 21 230   M    M   8 8      24 220
17  81  58  70   4   0   5 0.00  0.0    0  9.7 22 250   M    M   6 8      30 250
18  85  58  72   6   0   7 0.00  0.0    0  8.3 21 260   M    M   5 18     29 240
19  82  58  70   4   0   5 0.00  0.0    0  7.7 21 270   M    M   6 18     26 250
20  76  58  67   1   0   2 0.00  0.0    0 10.5 22 260   M    M   8        28 280
21  75  52  64  -2   1   0 0.00  0.0    0  8.3 22 220   M    M   5 8      27 240
22  79  50  65  -1   0   0 0.00  0.0    0  6.8 21 240   M    M   3 8      24 240
23  77  50  64  -3   1   0 0.00  0.0    0  7.6 22 230   M    M   3 8      28 230
24  76  55  66  -1   0   1 0.00  0.0    0  8.3 22 240   M    M   7 8      26 250
25  74  53  64  -3   1   0 0.00  0.0    0  8.8 20 240   M    M   5        25 250
26  79  49  64  -3   1   0 0.00  0.0    0  7.5 20 240   M    M   2 18     26 250
================================================================================
SM 2063 1413        17  72  0.12     0.0 197.3          M      135
================================================================================
AV 79.3 54.3                               7.6 FASTST   M    M   5    MAX(MPH)
                                 MISC ---->  # 25 240               # 30  260
================================================================================
NOTES:
# LAST OF SEVERAL OCCURRENCES

COLUMN 17 PEAK WIND IN M.P.H.

PRELIMINARY LOCAL CLIMATOLOGICAL DATA (WS FORM: F-6) , PAGE 2

                                          STATION:  CHINO AIRPORT CA
                                          MONTH:    MAY
                                          YEAR:     2016
                                          LATITUDE:   33 58 N
                                          LONGITUDE: 117 38 W

[TEMPERATURE DATA]      [PRECIPITATION DATA]       SYMBOLS USED IN COLUMN 16

AVERAGE MONTHLY: 66.8   TOTAL FOR MONTH:   0.12    1 = FOG OR MIST
DPTR FM NORMAL:   1.6   DPTR FM NORMAL:   -0.13    2 = FOG REDUCING VISIBILITY
HIGHEST:    93 ON 12, 3 GRTST 24HR  0.12 ON  5- 6      TO 1/4 MILE OR LESS
LOWEST:     49 ON 26, 8                            3 = THUNDER
                        SNOW, ICE PELLETS, HAIL    4 = ICE PELLETS
                        TOTAL MONTH:   0.0 INCH    5 = HAIL
                        GRTST 24HR     0.0         6 = FREEZING RAIN OR DRIZZLE
                        GRTST DEPTH:   0           7 = DUSTSTORM OR SANDSTORM:
                                                       VSBY 1/2 MILE OR LESS
                                                   8 = SMOKE OR HAZE
[NO. OF DAYS WITH]      [WEATHER - DAYS WITH]      9 = BLOWING SNOW
                                                   X = TORNADO
MAX 32 OR BELOW:   0    0.01 INCH OR MORE:   2
MAX 90 OR ABOVE:   4    0.10 INCH OR MORE:   1
MIN 32 OR BELOW:   0    0.50 INCH OR MORE:   0
MIN  0 OR BELOW:   0    1.00 INCH OR MORE:   0

[HDD (BASE 65) ]
TOTAL THIS MO.    17    CLEAR  (SCALE 0-3)   8
DPTR FM NORMAL   -30    PTCLDY (SCALE 4-7)  15
TOTAL FM JUL 1  1128    CLOUDY (SCALE 8-10)  3
DPTR FM NORMAL  -691

[CDD (BASE 65) ]
TOTAL THIS MO.    72
DPTR FM NORMAL    15    [PRESSURE DATA]
TOTAL FM JAN 1   190    HIGHEST SLP M ON M
DPTR FM NORMAL   107    LOWEST  SLP 29.73 ON 20

[REMARKS]
