000
CXUS53 KICT 240800
CF6CNU
PRELIMINARY LOCAL CLIMATOLOGICAL DATA (WS FORM: F-6)

                                          STATION:   CHANUTE KS
                                          MONTH:     JULY
                                          YEAR:      2016
                                          LATITUDE:   37 40 N
                                          LONGITUDE:  95 29 W

  TEMPERATURE IN F:       :PCPN:    SNOW:  WIND      :SUNSHINE: SKY     :PK WND
================================================================================
1   2   3   4   5  6A  6B    7    8   9   10  11  12  13   14  15   16   17  18
                                     12Z  AVG MX 2MIN
DY MAX MIN AVG DEP HDD CDD  WTR  SNW DPTH SPD SPD DIR MIN PSBL S-S WX    SPD DR
================================================================================

 1  85  70  78   0   0  13 0.00    M    M  7.2 15  70   M    M   4        19  80
 2  89  72  81   3   0  16    T    M    M  6.6 28 310   M    M   6 13     34 300
 3  78  71  75  -4   0  10    M    M    M  5.7 29 290   M    M   7 13     34 300
 4  87  70  79   0   0  14    M    M    M  4.4 10 230   M    M   8 18     19 250
 5  93  74  84   5   0  19 0.00    M    M 10.2 20 180   M    M   0 18     24 190
 6  92  69  81   2   0  16    M    M    M 10.2 35 260   M    M   2 138    44 250
 7  90  68  79   0   0  14 0.02    M    M 11.7 33 260   M    M   5 13     43 250
 8  91  69  80   1   0  15 0.01    M    M  6.6 17 190   M    M   0 13     19 190
 9  90  73  82   3   0  17 0.00    M    M  7.6 14 200   M    M   1        18 160
10  91  70  81   2   0  16 0.00  0.0    M  9.9 18 160   M    M   0        28 190
11  91  73  82   3   0  17    T  0.0    M 16.1 28 160   M    M   0        34 170
12  83  68  76  -4   0  11    T  0.0    M 10.6 28 120   M    M   6 13     34 110
13  90  77  84   4   0  19 0.06  0.0    M 10.2 25 190   M    M   4 13     30 180
14  82  68  75  -5   0  10 1.47    M    M  5.8 24 310   M    M   3 13     32 320
15  88  66  77  -3   0  12 0.00    M    M  3.2  9 180   M    M   1        13  70
16  89  69  79  -1   0  14 0.00    M    M  7.1 14 170   M    M   1        19 170
17  93  76  85   5   0  20 0.00    M    M 12.7 24 180   M    M   0        31 180
18  93  73  83   3   0  18 0.00    M    M  7.9 15 180   M    M   0        20 190
19  92  74  83   3   0  18 0.00    M    M  6.9 13 210   M    M   1        18 190
20  94  76  85   5   0  20 0.00    M    M  8.4 16 210   M    M   0        21 170
21  96  75  86   6   0  21 0.00    M    M 10.2 20 180   M    M   0        24 180
22  96  74  85   5   0  20 0.00    M    M  8.4 15 180   M    M   0        20 200
23  96  75  86   6   0  21 0.00    M    M  8.6 16 180   M    M   0        22 170
================================================================================
SM 2069 1650         0 371  1.56     0.0 196.2          M       49
================================================================================
AV 90.0 71.7                               8.5 FASTST   M    M   2    MAX(MPH)
                                 MISC ---->  # 35 260               # 44  250
================================================================================
NOTES:
# LAST OF SEVERAL OCCURRENCES

COLUMN 17 PEAK WIND IN M.P.H.

PRELIMINARY LOCAL CLIMATOLOGICAL DATA (WS FORM: F-6) , PAGE 2

                                          STATION:  CHANUTE KS
                                          MONTH:    JULY
                                          YEAR:     2016
                                          LATITUDE:   37 40 N
                                          LONGITUDE:  95 29 W

[TEMPERATURE DATA]      [PRECIPITATION DATA]       SYMBOLS USED IN COLUMN 16

AVERAGE MONTHLY: 80.8   TOTAL FOR MONTH:   1.56    1 = FOG OR MIST
DPTR FM NORMAL:   1.4   DPTR FM NORMAL:   -1.85    2 = FOG REDUCING VISIBILITY
HIGHEST:    96 ON 23,22 GRTST 24HR  1.47 ON 13-14      TO 1/4 MILE OR LESS
LOWEST:     66 ON 15                               3 = THUNDER
                        SNOW, ICE PELLETS, HAIL    4 = ICE PELLETS
                        TOTAL MONTH:   0.0 INCH    5 = HAIL
                        GRTST 24HR     0.0         6 = FREEZING RAIN OR DRIZZLE
                        GRTST DEPTH:  M  ON   M    7 = DUSTSTORM OR SANDSTORM:
                                                       VSBY 1/2 MILE OR LESS
                                                   8 = SMOKE OR HAZE
[NO. OF DAYS WITH]      [WEATHER - DAYS WITH]      9 = BLOWING SNOW
                                                   X = TORNADO
MAX 32 OR BELOW:   0    0.01 INCH OR MORE:   4
MAX 90 OR ABOVE:  15    0.10 INCH OR MORE:   1
MIN 32 OR BELOW:   0    0.50 INCH OR MORE:   1
MIN  0 OR BELOW:   0    1.00 INCH OR MORE:   1

[HDD (BASE 65) ]
TOTAL THIS MO.     0    CLEAR  (SCALE 0-3)  16
DPTR FM NORMAL     0    PTCLDY (SCALE 4-7)   7
TOTAL FM JUL 1     0    CLOUDY (SCALE 8-10)  0
DPTR FM NORMAL     0

[CDD (BASE 65) ]
TOTAL THIS MO.   371
DPTR FM NORMAL    39    [PRESSURE DATA]
TOTAL FM JAN 1   912    HIGHEST SLP  0.00 ON  7
DPTR FM NORMAL   155    LOWEST  SLP 29.59 ON 11

[REMARKS]
