000
CXUS55 KGJT 211000
CF6CNY
PRELIMINARY LOCAL CLIMATOLOGICAL DATA (WS FORM: F-6)

                                          STATION:   CANYONLANDS AIRPORT UT
                                          MONTH:     OCTOBER
                                          YEAR:      2014
                                          LATITUDE:   38 46 N
                                          LONGITUDE: 109 45 W

  TEMPERATURE IN F:       :PCPN:    SNOW:  WIND      :SUNSHINE: SKY     :PK WND
================================================================================
1   2   3   4   5  6A  6B    7    8   9   10  11  12  13   14  15   16   17  18
                                     12Z  AVG MX 2MIN
DY MAX MIN AVG DEP HDD CDD  WTR  SNW DPTH SPD SPD DIR MIN PSBL S-S WX    SPD DR
================================================================================

 1  62  42  52  -8  13   0 0.09    M    M  8.1 22 330   M    M   5 13     27 330
 2  64  35  50 -10  15   0 0.00    M    M  3.0 13 270   M    M   0        16 260
 3  70  43  57  -3   8   0 0.00    M    M  2.3  9 100   M    M   0        12 160
 4  73  41  57  -2   8   0 0.00    M    M  2.3  9 150   M    M   0        11 140
 5  76  43  60   1   5   0 0.00    M    M  2.1  8 290   M    M   0        11 300
 6  78  41  60   2   5   0 0.00    M    M  2.3 10 270   M    M   0        15 270
 7  75  46  61   3   4   0 0.00    M    M  2.4 10 100   M    M   0        12 100
 8  72  50  61   4   4   0 0.00    M    M  2.3  9  20   M    M   1        12 120
 9  71  58  65   8   0   0    T    M    M  6.4 16  70   M    M   8        20  60
10  74  47  61   5   4   0 0.00    M    M  2.4 10 140   M    M   1        12 170
11  77  49  63   7   2   0 0.00    M    M  3.5 12 270   M    M   0        18 290
12  67  44  56   1   9   0 0.00    M    M 15.1 43 310   M    M   2 8      49 310
13  64  36  50  -5  15   0 0.00    M    M  2.4  9  80   M    M   0        12  80
14  71  40  56   2   9   0 0.00    M    M  3.9 12 140   M    M   0        15 140
15  76  41  59   5   6   0 0.00    M    M  4.6 16 200   M    M   0        23 200
16  77  42  60   6   5   0 0.00    M    M  2.6 13 330   M    M   0        15 330
17  75  42  59   6   6   0 0.00    M    M  2.9 12 140   M    M   0        13 140
18  71  48  60   7   5   0 0.00    M    M  2.8 12 130   M    M   1        12 130
19  76  42  59   7   6   0 0.00    M    M  2.1  8 310   M    M   0        14  20
20  77  48  63  11   2   0 0.00    M    M  3.9 13 110   M    M   3        14 120
================================================================================
SM 1446  878       131   0  0.09    M     77.4          M       21
================================================================================
AV 72.3 43.9                               3.9 FASTST   M    M   1    MAX(MPH)
                                 MISC ---->  # 43 310               # 49  310
================================================================================
NOTES:
# LAST OF SEVERAL OCCURRENCES

COLUMN 17 PEAK WIND IN M.P.H.

PRELIMINARY LOCAL CLIMATOLOGICAL DATA (WS FORM: F-6) , PAGE 2

                                          STATION:  CANYONLANDS AIRPORT UT
                                          MONTH:    OCTOBER
                                          YEAR:     2014
                                          LATITUDE:   38 46 N
                                          LONGITUDE: 109 45 W

[TEMPERATURE DATA]      [PRECIPITATION DATA]       SYMBOLS USED IN COLUMN 16

AVERAGE MONTHLY: 58.1   TOTAL FOR MONTH:   0.09    1 = FOG OR MIST
DPTR FM NORMAL:   2.0   DPTR FM NORMAL:   -0.73    2 = FOG REDUCING VISIBILITY
HIGHEST:    78 ON  6    GRTST 24HR  0.09 ON  1- 1      TO 1/4 MILE OR LESS
LOWEST:     35 ON  2                               3 = THUNDER
                        SNOW, ICE PELLETS, HAIL    4 = ICE PELLETS
                        TOTAL MONTH:    M          5 = HAIL
                        GRTST 24HR    M  ON   M    6 = FREEZING RAIN OR DRIZZLE
                        GRTST DEPTH:  M  ON   M    7 = DUSTSTORM OR SANDSTORM:
                                                       VSBY 1/2 MILE OR LESS
                                                   8 = SMOKE OR HAZE
[NO. OF DAYS WITH]      [WEATHER - DAYS WITH]      9 = BLOWING SNOW
                                                   X = TORNADO
MAX 32 OR BELOW:   0    0.01 INCH OR MORE:   1
MAX 90 OR ABOVE:   0    0.10 INCH OR MORE:   0
MIN 32 OR BELOW:   0    0.50 INCH OR MORE:   0
MIN  0 OR BELOW:   0    1.00 INCH OR MORE:   0

[HDD (BASE 65) ]
TOTAL THIS MO.   131    CLEAR  (SCALE 0-3)  18
DPTR FM NORMAL   -51    PTCLDY (SCALE 4-7)   2
TOTAL FM JUL 1   150    CLOUDY (SCALE 8-10)  0
DPTR FM NORMAL   -90

[CDD (BASE 65) ]
TOTAL THIS MO.     0
DPTR FM NORMAL    -4    [PRESSURE DATA]
TOTAL FM JAN 1  1446    HIGHEST SLP M ON M
DPTR FM NORMAL   158    LOWEST  SLP 29.57 ON 12

[REMARKS]
