000
CXUS55 KRIW 300945
CF6COD
PRELIMINARY LOCAL CLIMATOLOGICAL DATA (WS FORM: F-6)

                                          STATION:   CODY WY
                                          MONTH:     JUNE
                                          YEAR:      2015
                                          LATITUDE:   44 31 N
                                          LONGITUDE: 109  1 W

  TEMPERATURE IN F:       :PCPN:    SNOW:  WIND      :SUNSHINE: SKY     :PK WND
================================================================================
1   2   3   4   5  6A  6B    7    8   9   10  11  12  13   14  15   16   17  18
                                     12Z  AVG MX 2MIN
DY MAX MIN AVG DEP HDD CDD  WTR  SNW DPTH SPD SPD DIR MIN PSBL S-S WX    SPD DR
================================================================================

 1  75  55  65   7   0   0 0.03  0.0    0  8.2 23 250   M    M   2        37 250
 2  75  48  62   4   3   0    M    M    M  6.0 12 280   M    M   3        23 280
 3  70  48  59   0   6   0    M    M    M  5.0 18 220   M    M   1 3       M  M
 4  70  46  58  -1   7   0    M    M    M  5.8 16 350   M    M   3        20 350
 5  73  48  61   2   4   0    M    M    M  5.2 14  10   M    M   3 3      17  10
 6  72  54  63   4   2   0    M    M    M  6.1 14 360   M    M   5        20 360
 7  75  52  64   4   1   0 0.00  0.0    0  5.2  9  20   M    M   3         M  M
 8  84  55  70  10   0   5 0.00  0.0    0  6.0 13 150   M    M   2        18 270
 9  88  70  79  19   0  14 0.00  0.0    0  7.9 16 220   M    M   1        21 170
10  75  57  66   6   0   1 0.17  0.0    0  8.8 20  10   M    M   4 3      28  10
11  75  52  64   3   1   0 0.00  0.0    0  4.4 10  20   M    M   1        16  20
12  88  52  70   9   0   5    M    M    M  6.8 14 360   M    M   1        24 180
13  72  52  62   1   3   0    M    M    M  8.2 14  40   M    M   0        20 310
14  63  48  56  -6   9   0    M    M    M 12.8 22 360   M    M   4        30 360
15  68  52  60  -2   5   0    M    M    M  8.3 17  10   M    M   7        17  20
16  66  52  59  -3   6   0    M    M    M  7.1 14 350   M    M   6 3       M  M
17  82  52  67   4   0   2    M    M    M  5.9 16  10   M    M   2        24 280
18  82  52  67   4   0   2    M    M    M  6.0 13 360   M    M   0        18 120
19  81  54  68   5   0   3    M    M    M  7.6 22 350   M    M   0        29 350
20  77  52  65   1   0   0    M    M    M  5.2 20 360   M    M   0        24 360
21  84  54  69   5   0   4    M    M    M  7.0 22  30   M    M   0        35  30
22  73  48  61  -3   4   0    M    M    M  7.2 15  10   M    M   1        21  20
23  81  54  68   3   0   3    M    M    M  6.0 14 360   M    M   0        20 360
24  75  54  65   0   0   0 0.00  0.0    0  9.4 16 350   M    M   0        24 340
25  75  57  66   1   0   1 0.00  0.0    0  6.9 18 360   M    M   1        22 360
26  84  57  71   5   0   6 0.00  0.0    0  5.1 12  20   M    M   0         M  M
27  91  57  74   8   0   9 0.00  0.0    0  5.2 13 360   M    M   0        17 200
28  90  63  77  11   0  12 0.00  0.0    0  5.2 14 340   M    M   1        23  10
29  93  66  80  14   0  15    M    M    M  6.6 15  60   M    M   0 3      23  60
================================================================================
SM 2257 1561        51  82  0.20     0.0 195.1          M       51
================================================================================
AV 77.8 53.8                               6.7 FASTST   M    M   2    MAX(MPH)
                                 MISC ---->  # 23 250                 37    M
================================================================================
NOTES:
# LAST OF SEVERAL OCCURRENCES

COLUMN 17 PEAK WIND IN M.P.H.

PRELIMINARY LOCAL CLIMATOLOGICAL DATA (WS FORM: F-6) , PAGE 2

                                          STATION:  CODY WY
                                          MONTH:    JUNE
                                          YEAR:     2015
                                          LATITUDE:   44 31 N
                                          LONGITUDE: 109  1 W

[TEMPERATURE DATA]      [PRECIPITATION DATA]       SYMBOLS USED IN COLUMN 16

AVERAGE MONTHLY: 65.8   TOTAL FOR MONTH:   0.20    1 = FOG OR MIST
DPTR FM NORMAL:   3.7   DPTR FM NORMAL:   -1.45    2 = FOG REDUCING VISIBILITY
HIGHEST:    93 ON 29    GRTST 24HR  0.17 ON 10-10      TO 1/4 MILE OR LESS
LOWEST:     46 ON  4                               3 = THUNDER
                        SNOW, ICE PELLETS, HAIL    4 = ICE PELLETS
                        TOTAL MONTH:   0.0 INCH    5 = HAIL
                        GRTST 24HR     0.0         6 = FREEZING RAIN OR DRIZZLE
                        GRTST DEPTH:   0           7 = DUSTSTORM OR SANDSTORM:
                                                       VSBY 1/2 MILE OR LESS
                                                   8 = SMOKE OR HAZE
[NO. OF DAYS WITH]      [WEATHER - DAYS WITH]      9 = BLOWING SNOW
                                                   X = TORNADO
MAX 32 OR BELOW:   0    0.01 INCH OR MORE:   2
MAX 90 OR ABOVE:   3    0.10 INCH OR MORE:   1
MIN 32 OR BELOW:   0    0.50 INCH OR MORE:   0
MIN  0 OR BELOW:   0    1.00 INCH OR MORE:   0

[HDD (BASE 65) ]
TOTAL THIS MO.    51    CLEAR  (SCALE 0-3)  24
DPTR FM NORMAL     M    PTCLDY (SCALE 4-7)   5
TOTAL FM JUL 1  6495    CLOUDY (SCALE 8-10)  0
DPTR FM NORMAL     M

[CDD (BASE 65) ]
TOTAL THIS MO.    82
DPTR FM NORMAL    82    [PRESSURE DATA]
TOTAL FM JAN 1    83    HIGHEST SLP M ON M
DPTR FM NORMAL    83    LOWEST  SLP M ON M

[REMARKS]
