000
CXUS55 KRIW 270901
CF6COD
PRELIMINARY LOCAL CLIMATOLOGICAL DATA (WS FORM: F-6)

                                          STATION:   CODY WY
                                          MONTH:     MARCH
                                          YEAR:      2015
                                          LATITUDE:   44 31 N
                                          LONGITUDE: 109  1 W

  TEMPERATURE IN F:       :PCPN:    SNOW:  WIND      :SUNSHINE: SKY     :PK WND
================================================================================
1   2   3   4   5  6A  6B    7    8   9   10  11  12  13   14  15   16   17  18
                                     12Z  AVG MX 2MIN
DY MAX MIN AVG DEP HDD CDD  WTR  SNW DPTH SPD SPD DIR MIN PSBL S-S WX    SPD DR
================================================================================

 1  27   7  17 -16  48   0 0.00  0.0    M  6.3 14 140   M    M   1        16 130
 2  39   9  24  -9  41   0    M    M    0  9.1 23 340   M    M   3        31 350
 3  16   1   9 -25  56   0    M    M    M 10.2 22 360   M    M   5        25 330
 4  30   0  15 -19  50   0    M    M    M  5.3 18 270   M    M   0        31 270
 5  46  10  28  -6  37   0    M    M    M 10.4 22 240   M    M   2        30 240
 6  55  36  46  11  19   0    M    M    M 11.7 18 250   M    M   0        30 260
 7  57  28  43   8  22   0    M    M    M 10.7 18 250   M    M   1        25 250
 8  52  25  39   4  26   0    M    M    M  5.8 14 120   M    M   0        18 120
 9  61  32  47  11  18   0    M    M    M  7.2 17 250   M    M   0        27 260
10  63  32  48  12  17   0    M    M    M  7.0 16 260   M    M   0        23 250
11  59  43  51  15  14   0    M    M    M  8.6 18 220   M    M   1        24 210
12  61  39  50  13  15   0    M    M    M  5.9 15 260   M    M   4        30 250
13  61  30  46   9  19   0    M    M    M  6.1 14 140   M    M   0        18 130
14  64  39  52  15  13   0    M    M    M 12.0 24 220   M    M   1        33 240
15  72  54  63  26   2   0 0.00  0.0    M  9.7 17 250   M    M   3        27 250
16  63  30  47   9  18   0 0.00  0.0    M 11.8 21 350   M    M   6        28 250
17  43  28  36  -2  29   0 0.02    M    M  4.0  9  20   M    M  10         M  M
18  54  30  42   4  23   0 0.01    M    M  5.8 17  40   M    M   7        22  40
19  55  25  40   1  25   0 0.00  0.0    M  7.1 13 240   M    M   0        25 230
20  66  46  56  17   9   0    M    M    M 10.3 16 250   M    M   0        28 250
21  66  45  56  17   9   0    M    M    M  8.0 16 260   M    M   0        28 260
22  61  34  48   9  17   0    M    M    M  5.9 13 190   M    M   1        18 350
23  61  36  49   9  16   0    M    M    M 10.6 24 310   M    M   3        35 310
24  48  34  41   1  24   0    M    M    M 11.6 23 330   M    M   5        36 240
25  48  28  38  -2  27   0    M    M    M  9.7 18 260   M    M   6        29 250
26  63  43  53  13  12   0    M    M    M 14.8 22 270   M    M   4        38 250
================================================================================
SM 1391  764       606   0  0.03     0.0 225.6          M       63
================================================================================
AV 53.5 29.4                               8.7 FASTST   M    M   2    MAX(MPH)
                                 MISC ---->    24   M               # 38  250
================================================================================
NOTES:
# LAST OF SEVERAL OCCURRENCES

COLUMN 17 PEAK WIND IN M.P.H.

PRELIMINARY LOCAL CLIMATOLOGICAL DATA (WS FORM: F-6) , PAGE 2

                                          STATION:  CODY WY
                                          MONTH:    MARCH
                                          YEAR:     2015
                                          LATITUDE:   44 31 N
                                          LONGITUDE: 109  1 W

[TEMPERATURE DATA]      [PRECIPITATION DATA]       SYMBOLS USED IN COLUMN 16

AVERAGE MONTHLY: 41.4   TOTAL FOR MONTH:   0.03    1 = FOG OR MIST
DPTR FM NORMAL:   4.6   DPTR FM NORMAL:   -0.42    2 = FOG REDUCING VISIBILITY
HIGHEST:    72 ON 15    GRTST 24HR  0.02 ON 17-17      TO 1/4 MILE OR LESS
LOWEST:      0 ON  4                               3 = THUNDER
                        SNOW, ICE PELLETS, HAIL    4 = ICE PELLETS
                        TOTAL MONTH:   0.0 INCH    5 = HAIL
                        GRTST 24HR     0.0         6 = FREEZING RAIN OR DRIZZLE
                        GRTST DEPTH:   0           7 = DUSTSTORM OR SANDSTORM:
                                                       VSBY 1/2 MILE OR LESS
                                                   8 = SMOKE OR HAZE
[NO. OF DAYS WITH]      [WEATHER - DAYS WITH]      9 = BLOWING SNOW
                                                   X = TORNADO
MAX 32 OR BELOW:   3    0.01 INCH OR MORE:   2
MAX 90 OR ABOVE:   0    0.10 INCH OR MORE:   0
MIN 32 OR BELOW:  15    0.50 INCH OR MORE:   0
MIN  0 OR BELOW:   1    1.00 INCH OR MORE:   0

[HDD (BASE 65) ]
TOTAL THIS MO.   606    CLEAR  (SCALE 0-3)  15
DPTR FM NORMAL     M    PTCLDY (SCALE 4-7)  10
TOTAL FM JUL 1  5298    CLOUDY (SCALE 8-10)  1
DPTR FM NORMAL     M

[CDD (BASE 65) ]
TOTAL THIS MO.     0
DPTR FM NORMAL     0    [PRESSURE DATA]
TOTAL FM JAN 1     0    HIGHEST SLP M ON M
DPTR FM NORMAL     0    LOWEST  SLP M ON M

[REMARKS]
