000
CXUS55 KRIW 010901
CF6COD
PRELIMINARY LOCAL CLIMATOLOGICAL DATA (WS FORM: F-6)

                                          STATION:   CODY WY
                                          MONTH:     FEBRUARY
                                          YEAR:      2015
                                          LATITUDE:   44 31 N
                                          LONGITUDE: 109  1 W

  TEMPERATURE IN F:       :PCPN:    SNOW:  WIND      :SUNSHINE: SKY     :PK WND
================================================================================
1   2   3   4   5  6A  6B    7    8   9   10  11  12  13   14  15   16   17  18
                                     12Z  AVG MX 2MIN
DY MAX MIN AVG DEP HDD CDD  WTR  SNW DPTH SPD SPD DIR MIN PSBL S-S WX    SPD DR
================================================================================

 1  28  10  19  -8  46   0    M    M    M  7.1 16 120   M    M   6         M  M
 2  46  23  35   8  30   0    M    M    M 13.5 22 260   M    M   2        32 260
 3  48  18  33   6  32   0    M    M    M 12.2 24 250   M    M   5        36 250
 4  28  18  23  -5  42   0    M    M    M  6.1 15 340   M    M   5        23 340
 5  59  21  40  12  25   0    M    M    M  9.8 24 230   M    M   1        41 250
 6  64  46  55  27  10   0    M    M    M 11.0 27 250   M    M   0        40 260
 7  57  48  53  25  12   0    M    M    M 18.6 31 240   M    M   1        45 240
 8  55  43  49  21  16   0    M    M    M 14.1 22 260   M    M   2        35 260
 9  57  34  46  18  19   0 0.00  0.0    M  9.6 20 250   M    M   2        31 240
10  52  34  43  15  22   0 0.01    M    M  9.6 15  20   M    M   8        25 250
11  50  27  39  11  26   0 0.00  0.0    M  5.0 13 200   M    M   2        16 170
12  57  37  47  19  18   0 0.00  0.0    M 10.1 21 250   M    M   5        36 250
13  61  37  49  20  16   0 0.00  0.0    M  6.1 13 270   M    M   0        18 300
14  64  36  50  21  15   0 0.00  0.0    M  7.7 17 250   M    M   1        27 250
15  37  28  33   4  32   0    M    M    M  7.1 16 340   M    M  10        20 340
16  30  19  25  -4  40   0    M    M    M  8.6 16 350   M    M   8        22 360
17  30  18  24  -5  41   0    M    M    M  5.1 14  10   M    M   6         M  M
18  48  25  37   7  28   0    M    M    M  5.1 16 270   M    M   3        25 270
19  57  37  47  17  18   0    M    M    M  9.7 18 240   M    M   1        30 260
20  37  30  34   4  31   0    M    M    M  5.4 12  20   M    M   9         M  M
21  30  10  20 -10  45   0    M    M    M 12.7 21 360   M    M  10        25 350
22  16   3  10 -21  55   0    M    M    M  5.9 15 350   M    M   4        21 350
23  30   1  16 -15  49   0    M    M    M  4.8 13 190   M    M   2         M  M
24  50  18  34   3  31   0    M    M    M  6.6 20 260   M    M   4        29 260
25  41  10  26  -6  39   0    M    M    M 10.8 21 350   M    M   9        30 360
26  12   1   7 -25  58   0 0.00  0.0    M  8.2 14  40   M    M   8         M  M
27  25  -2  12 -20  53   0 0.00  0.0    M  3.5  9 170   M    M   2         M  M
28  19   7  13 -20  52   0 0.00  0.0    M  5.8 12  40   M    M   6         M  M
================================================================================
SM 1188  637       901   0  0.01     0.0 239.8          M      122
================================================================================
AV 42.4 22.8                               8.6 FASTST   M    M   4    MAX(MPH)
                                 MISC ---->    31   M                 45    M
================================================================================
NOTES:
# LAST OF SEVERAL OCCURRENCES

COLUMN 17 PEAK WIND IN M.P.H.

PRELIMINARY LOCAL CLIMATOLOGICAL DATA (WS FORM: F-6) , PAGE 2

                                          STATION:  CODY WY
                                          MONTH:    FEBRUARY
                                          YEAR:     2015
                                          LATITUDE:   44 31 N
                                          LONGITUDE: 109  1 W

[TEMPERATURE DATA]      [PRECIPITATION DATA]       SYMBOLS USED IN COLUMN 16

AVERAGE MONTHLY: 32.6   TOTAL FOR MONTH:   0.01    1 = FOG OR MIST
DPTR FM NORMAL:   3.3   DPTR FM NORMAL:       M    2 = FOG REDUCING VISIBILITY
HIGHEST:    64 ON 14, 6 GRTST 24HR  0.01 ON 10-10      TO 1/4 MILE OR LESS
LOWEST:     -2 ON 27                               3 = THUNDER
                        SNOW, ICE PELLETS, HAIL    4 = ICE PELLETS
                        TOTAL MONTH:   0.0 INCH    5 = HAIL
                        GRTST 24HR     0.0         6 = FREEZING RAIN OR DRIZZLE
                        GRTST DEPTH:  M  ON   M    7 = DUSTSTORM OR SANDSTORM:
                                                       VSBY 1/2 MILE OR LESS
                                                   8 = SMOKE OR HAZE
[NO. OF DAYS WITH]      [WEATHER - DAYS WITH]      9 = BLOWING SNOW
                                                   X = TORNADO
MAX 32 OR BELOW:  10    0.01 INCH OR MORE:   1
MAX 90 OR ABOVE:   0    0.10 INCH OR MORE:   0
MIN 32 OR BELOW:  19    0.50 INCH OR MORE:   0
MIN  0 OR BELOW:   1    1.00 INCH OR MORE:   0

[HDD (BASE 65) ]
TOTAL THIS MO.   901    CLEAR  (SCALE 0-3)  13
DPTR FM NORMAL     M    PTCLDY (SCALE 4-7)  10
TOTAL FM JUL 1  4692    CLOUDY (SCALE 8-10)  5
DPTR FM NORMAL     M

[CDD (BASE 65) ]
TOTAL THIS MO.     0
DPTR FM NORMAL     0    [PRESSURE DATA]
TOTAL FM JAN 1     0    HIGHEST SLP M ON M
DPTR FM NORMAL     0    LOWEST  SLP M ON M

[REMARKS]
#FINAL-02-15#
